NOAA Climate Reports...
Select a Month or Yearly Report Report for 2024 Mar Monthly Climatological Summary for Mar 2024 Name: www.delerius-weather.com City: Winterton State: North Lincolnshire Elevation: 42 m Lat: N 53° 39' 10" Lon: W 000° 36' 49" Temperature (°C), Rain (mm), Wind Speed (mph) Heat Cool Avg Mean Deg Deg Wind Dom Day Temp High Time Low Time Days Days Rain Speed High Time Dir ---------------------------------------------------------------------------------- 1 3.7 6.2 14:15 1.2 06:00 14.6 0.0 5.0 7.4 30.0 15:01 SSE 2 4.3 7.7 13:00 1.8 03:04 13.3 0.0 3.6 3.9 25.0 13:00 ESE 3 4.0 6.4 13:47 1.0 07:24 14.3 0.0 0.0 2.8 11.0 03:43 SSW 4 4.9 10.3 14:04 -2.2 07:12 13.4 0.0 0.0 5.7 22.0 20:08 SE 5 7.1 10.0 15:47 5.4 22:42 11.2 0.0 3.0 4.7 23.0 00:41 SE 6 6.2 8.0 15:43 4.0 23:55 12.1 0.0 0.2 3.9 11.0 12:39 NE 7 5.5 7.7 13:11 3.1 01:32 12.8 0.0 0.0 7.7 24.0 16:18 E 8 5.7 7.9 13:53 4.4 18:31 12.6 0.0 0.0 11.2 30.0 13:26 E 9 6.5 9.3 13:14 4.7 00:20 11.8 0.0 0.0 10.7 25.0 15:18 ENE 10 6.5 7.1 01:45 5.9 19:51 11.8 0.0 4.8 10.8 26.0 10:33 ENE 11 6.1 6.7 12:06 5.6 23:23 12.2 0.0 0.0 5.9 19.0 04:34 NNE 12 8.6 13.1 14:59 3.8 04:39 9.7 0.0 1.2 8.6 24.0 22:41 S 13 12.3 13.9 12:32 10.6 07:15 6.0 0.0 0.0 19.7 37.0 12:37 SSW 14 11.9 14.2 14:59 9.6 04:27 6.4 0.0 0.2 16.5 30.0 14:46 SSW 15 10.4 13.7 12:14 5.7 23:44 7.9 0.0 0.4 16.0 35.0 15:46 SW 16 7.1 11.1 13:59 2.2 06:43 11.2 0.0 1.0 6.0 22.0 23:04 S 17 11.3 15.7 15:46 8.6 00:00 7.0 0.0 6.0 10.4 23.0 05:56 S 18 10.4 14.3 15:07 6.3 06:49 7.9 0.0 0.0 11.9 26.0 13:08 SSW 19 11.8 15.0 14:48 9.3 05:40 6.5 0.0 0.0 10.7 32.0 07:53 SW 20 9.7 11.7 11:21 6.8 23:04 8.6 0.0 3.8 4.9 16.0 14:16 NNW 21 9.1 11.8 19:43 5.1 04:41 9.2 0.0 0.6 11.7 30.0 17:40 SW 22 8.8 11.2 13:47 4.7 23:51 9.5 0.0 0.0 12.6 32.0 12:51 W 23 6.5 9.3 13:54 4.0 05:59 11.8 0.0 0.0 16.9 43.0 12:02 W 24 7.3 11.9 16:00 2.8 00:00 10.9 0.0 0.0 17.3 30.0 08:11 WNW 25 7.1 10.2 16:00 1.9 02:30 11.0 0.0 1.4 11.2 19.0 16:00 SSE 26 8.5 13.0 13:30 5.8 05:30 9.6 0.0 0.0 12.7 21.0 19:00 ENE 27 7.4 11.2 12:30 4.4 23:30 10.7 0.0 4.2 18.9 32.0 13:30 SSE 28 7.8 10.6 13:00 4.7 00:00 10.3 0.0 4.6 24.0 35.0 21:30 SSE 29 8.4 13.1 13:30 4.3 06:00 9.7 0.0 3.0 23.4 34.0 17:30 SSW 30 9.2 14.6 16:00 5.2 05:30 9.1 0.0 0.0 12.7 19.0 00:00 S 31 7.4 11.1 13:30 4.4 06:30 9.8 0.0 2.6 11.6 24.0 14:00 ENE ---------------------------------------------------------------------------------- 7.8 15.7 17 -2.2 4 322.9 0.0 45.6 9.9 43.0 23 S Max >= 27.0: 0 Max <= 0.0: 0 Min <= 0.0: 1 Min <= -18.0: 0 Max Rain: 6.0 on day 17 Days of Rain: 17 (>= 0.2 mm) 10 (>= 2.0 mm) 0 (>= 20.0 mm) Heat Base: 18.3 Cool Base: 18.3 Method: Integration |
Data updates at regular intervals.