Back to Top

Language: 

NOAA Climate Reports...


Report for 2018 Apr
                   Monthly Climatological Summary for Apr 2018

Name: www.delerius-weather.com   City: Worsbrough   State: South Yorkshire
Elevation: 93 m  Lat: N 53° 32' 12"   Lon: W 001° 28' 36"

                  Temperature (°C), Rain (mm), Wind Speed (mph)

                                      Heat  Cool        Avg
    Mean                              Deg   Deg         Wind                 Dom
Day Temp  High   Time   Low    Time   Days  Days  Rain  Speed High   Time    Dir
----------------------------------------------------------------------------------
 1   3.7   5.3   13:43   2.1   06:06  14.6   0.0   0.0   4.1  15.0   00:39     N
 2   2.7   6.2   23:58   0.6   08:26  15.6   0.0  23.2   2.3  16.0   05:50     E
 3   9.7  14.3   15:48   6.2   00:00   8.6   0.0   0.0   5.9  24.0   13:21    SW
 4   7.6  12.2   15:27   3.0   23:13  10.7   0.0   4.8   5.1  26.0   20:21    SW
 5   7.0  12.8   14:36   0.9   06:25  11.3   0.0   0.2   6.7  26.0   02:12     W
 6   8.8  14.5   17:10   3.3   05:49   9.5   0.0   0.0   7.5  27.0   13:16    SE
 7  10.4  12.6   16:08   7.7   06:54   7.9   0.0   0.4   2.5  13.0   12:11   WNW
 8   9.0  12.3   16:50   5.2   06:33   9.3   0.0   0.0   1.4  11.0   00:39     N
 9   6.9  12.9   13:56   1.4   06:12  11.4   0.0   4.4   3.6  18.0   14:59   ESE
10   6.6   7.6   23:22   5.8   06:08  11.7   0.0  16.2   4.3  21.0   11:31    NE
11   6.1   7.7   00:57   5.0   23:55  12.2   0.0   1.8   4.9  20.0   07:42    NE
12   5.4   5.7   13:52   5.0   00:00  12.9   0.0   0.8   4.4  18.0   21:31   NNE
13   7.3   9.8   17:51   5.2   00:00  11.0   0.0   3.8   1.8  14.0   00:22    NW
14  10.9  15.9   15:53   7.6   06:21   7.3   0.0   0.0   2.4  13.0   12:24     S
15   9.2  13.2   16:34   4.1   04:39   9.0   0.0   0.6   3.6  16.0   11:52    SE
16  11.6  14.5   13:31   8.7   00:12   6.7   0.0   0.0   8.3  28.0   13:02    SW
17  12.4  14.2   10:47  10.2   01:52   5.9   0.0   0.0  11.1  32.0   09:26   SSW
18  17.5  22.7   16:59  13.2   03:18   1.9   1.0   0.0   9.6  32.0   10:34   SSW
19  19.5  27.3   16:33  11.1   04:05   1.9   3.1   0.0   2.6  13.0   13:55   WSW
20  14.6  20.8   15:49   8.1   23:56   4.0   0.4   0.0   4.6  18.0   10:30   WNW
21  13.9  21.3   15:38   5.7   04:05   4.9   0.6   0.8   4.1  20.0   14:19   SSE
22  15.0  19.0   10:19  10.2   21:43   3.4   0.0   0.2   8.6  26.0   10:32    SW
23  11.6  14.8   14:01   9.3   05:44   6.7   0.0   0.0  11.6  34.0   21:55   WSW
24  10.2  12.1   11:33   7.6   23:52   8.1   0.0   9.0   6.8  30.0   03:30     W
----------------------------------------------------------------------------------
     9.9  27.3    19     0.6     2   206.5   5.1  66.2   5.3  34.0    23      SW

Max >=  27.0:  1
Max <=   0.0:  0
Min <=   0.0:  0
Min <= -18.0:  0
Max Rain: 23.2 on day 2
Days of Rain: 13 (>= 0.2 mm)  6 (>= 2.0 mm)  1 (>= 20.0 mm)
Heat Base: 18.3  Cool Base: 18.3  Method: Integration

Data updates at regular intervals.