Back to Top

NOAA Climate Reports...


Report for 2020 Aug
                   Monthly Climatological Summary for Aug 2020

Name: www.delerius-weather.com   City: Winterton   State: North Lincolnshire
Elevation: 42 m  Lat: N 53° 39' 10"   Lon: W 000° 36' 49"

                  Temperature (°C), Rain (mm), Wind Speed (mph)

                                      Heat  Cool        Avg
    Mean                              Deg   Deg         Wind                 Dom
Day Temp  High   Time   Low    Time   Days  Days  Rain  Speed High   Time    Dir
----------------------------------------------------------------------------------
 1  18.0  22.4   14:56  13.6   23:34   1.1   0.9   0.0   8.1  25.0   17:26     W
 2  15.8  20.8   14:26  10.5   05:33   2.9   0.4   0.0   8.2  28.0   15:32     W
 3  15.1  18.9   14:07  11.4   02:52   3.3   0.0   0.0   5.1  19.0   14:04   WNW
 4  15.0  19.8   17:20   9.0   06:05   3.4   0.2   0.0  13.6  37.0   15:30   SSW
 5  19.8  24.7   15:22  16.2   05:09   0.5   2.0   1.6  18.8  35.0   08:32   SSW
 6  20.6  25.5   16:09  17.6   04:13   0.1   2.4   0.0   7.8  21.0   00:30   SSW
 7  23.8  30.4   16:28  16.9   05:44   0.2   5.6   0.0   5.2  22.0   16:30    SW
 8  19.1  23.1   13:43  14.9   21:30   0.8   1.6   0.0   8.0  22.0   16:56   NNE
 9  16.4  19.2   16:08  14.6   03:43   2.0   0.1   0.0   8.5  21.0   16:27    NE
10  18.9  24.2   16:32  13.7   05:10   1.3   1.9   0.0   6.6  20.0   14:19   ENE
11  21.0  29.6   15:16  15.6   03:50   0.7   3.4   0.0   6.3  19.0   15:26   ENE
12  20.5  25.9   16:02  16.8   01:52   0.4   2.6   0.0   4.7  19.0   12:48   ENE
----------------------------------------------------------------------------------
    18.7  30.4     7     9.0     4    16.7  21.1   1.6   8.4  37.0     4      SW

Max >=  27.0:  2
Max <=   0.0:  0
Min <=   0.0:  0
Min <= -18.0:  0
Max Rain: 1.6 on day 5
Days of Rain: 1 (>= 0.2 mm)  0 (>= 2.0 mm)  0 (>= 20.0 mm)
Heat Base: 18.3  Cool Base: 18.3  Method: Integration

Data updates at regular intervals.