Back to Top

Language: 

NOAA Climate Reports...


Report for 2018 Oct
                   Monthly Climatological Summary for Oct 2018

Name: www.delerius-weather.com   City: Worsbrough   State: South Yorkshire
Elevation: 93 m  Lat: N 53° 53' 14"   Lon: W 001° 47' 53"

                  Temperature (°C), Rain (mm), Wind Speed (mph)

                                      Heat  Cool        Avg
    Mean                              Deg   Deg         Wind                 Dom
Day Temp  High   Time   Low    Time   Days  Days  Rain  Speed High   Time    Dir
----------------------------------------------------------------------------------
 1   9.5  13.3   12:51   4.7   07:37   8.8   0.0   0.4   6.6  22.0   22:01   WNW
 2  13.3  16.3   15:51   9.9   00:01   5.0   0.0   0.0  13.2  34.0   14:32   WNW
 3  13.1  16.3   13:25  10.6   01:33   5.2   0.0   0.0   5.2  24.0   13:18     W
 4  15.2  18.5   16:34  13.3   01:28   3.1   0.0   0.0   5.7  23.0   15:45    SW
 5  12.2  16.8   12:58   6.9   23:55   6.1   0.0   6.2   4.2  15.0   13:10     W
 6   7.4  11.2   15:37   2.9   23:58  10.9   0.0   7.4   3.3  20.0   16:55     N
 7   7.2  13.3   14:42   0.3   07:12  11.1   0.0   0.2   3.9  21.0   13:45    SW
 8  13.8  17.2   11:52   9.9   01:33   4.5   0.0   0.0   5.7  29.0   13:08   WSW
 9  15.0  19.5   14:52  11.6   23:58   3.3   0.1   0.0   5.5  24.0   11:14   SSW
10  14.7  22.5   15:52   7.0   07:06   4.3   0.8   0.0   3.2  25.0   15:34   ESE
11  15.1  19.3   16:20  10.5   01:24   3.3   0.1   0.0   6.9  29.0   11:20   SSE
12  15.6  19.0   19:23  11.6   01:50   2.8   0.1   1.8  14.0  46.0   14:14     S
13  19.1  22.4   15:36  17.1   07:04   0.3   1.1   4.4  13.2  45.0   19:42     S
14  10.9  17.9   00:00   7.2   21:53   7.4   0.0  11.6   3.7  30.0   00:11     W
15   9.0  10.4   15:19   7.6   06:27   9.3   0.0   0.6   2.2  13.0   13:35   NNE
16  12.7  16.9   13:47   9.7   00:01   5.6   0.0   0.4   4.6  21.0   14:10   SSW
17  12.3  15.8   13:19   8.7   23:56   6.0   0.0   0.0   2.8  13.0   12:14   WNW
18   7.6  14.0   15:03   2.0   07:47  10.7   0.0   0.0   0.8  10.0   10:16     N
19   8.4  16.2   15:00   1.1   02:27   9.9   0.0   0.2   2.5  20.0   13:42     W
20  11.5  18.3   16:03   7.1   01:02   6.8   0.0   0.0   1.9  15.0   22:20     W
----------------------------------------------------------------------------------
    12.2  22.5    10     0.3     7   124.4   2.2  33.2   5.5  46.0    12      SW

Max >=  27.0:  0
Max <=   0.0:  0
Min <=   0.0:  0
Min <= -18.0:  0
Max Rain: 11.6 on day 14
Days of Rain: 10 (>= 0.2 mm)  4 (>= 2.0 mm)  0 (>= 20.0 mm)
Heat Base: 18.3  Cool Base: 18.3  Method: Integration

Data updates at regular intervals.