Back to Top

NOAA Climate Reports...


Report for 2021 Apr
                   Monthly Climatological Summary for Apr 2021

Name: www.delerius-weather.com   City: Winterton   State: North Lincolnshire
Elevation: 42 m  Lat: N 53° 39' 10"   Lon: W 000° 36' 49"

                  Temperature (°C), Rain (mm), Wind Speed (mph)

                                      Heat  Cool        Avg
    Mean                              Deg   Deg         Wind                 Dom
Day Temp  High   Time   Low    Time   Days  Days  Rain  Speed High   Time    Dir
----------------------------------------------------------------------------------
 1   6.7   8.1   15:17   5.3   21:47  11.6   0.0   0.0   8.3  24.0   02:10    NE
 2   6.4   9.9   14:26   3.9   23:45  11.9   0.0   0.0   8.2  24.0   15:28   NNE
 3   6.4   9.7   16:08   1.9   23:58  11.9   0.0   0.0   6.8  22.0   03:20   NNE
 4   7.2  14.2   14:27   1.1   06:46  11.0   0.0   0.0  11.8  36.0   23:14     W
 5   4.2   9.1   00:00   0.6   06:44  14.1   0.0   0.0  17.2  41.0   08:53    NW
 6   2.0   6.2   14:26  -0.4   06:41  16.2   0.0   0.0  13.6  33.0   14:04    NW
 7   2.9   6.4   16:15  -1.0   06:59  15.4   0.0   0.0   9.2  25.0   10:05   WNW
 8   7.6  12.5   15:10   3.7   00:13  10.7   0.0   0.0  14.8  35.0   17:30    SW
 9   6.3   9.9   13:46   2.9   23:43  12.0   0.0   1.2   6.6  29.0   00:01   WSW
10   4.1   8.6   14:17   0.2   04:20  14.2   0.0   0.0   4.9  24.0   14:08    NE
11   2.5   7.8   14:20  -1.4   06:21  15.8   0.0   0.0   8.3  29.0   14:19   NNW
12   3.5   9.6   16:19  -1.7   06:36  14.8   0.0   0.0   5.5  20.0   12:07   WNW
13   5.4  11.6   16:56  -1.1   05:24  12.9   0.0   0.0   4.1  15.0   14:18   WNW
14   5.7   9.9   12:06   1.1   23:45  12.6   0.0   0.0   3.4  18.0   12:07   ENE
15   5.5  11.1   15:53  -0.9   05:38  12.8   0.0   0.0   2.9  15.0   14:17   ENE
16   5.9  11.1   15:05   0.0   05:10  12.4   0.0   0.0   1.8  12.0   14:01     E
17   6.5  12.6   14:48  -0.1   06:14  11.8   0.0   0.0   1.9  12.0   13:45     E
----------------------------------------------------------------------------------
     5.2  14.2     4    -1.7    12   222.1   0.0   1.2   7.6  41.0     5      NW

Max >=  27.0:  0
Max <=   0.0:  0
Min <=   0.0:  8
Min <= -18.0:  0
Max Rain: 1.2 on day 9
Days of Rain: 1 (>= 0.2 mm)  0 (>= 2.0 mm)  0 (>= 20.0 mm)
Heat Base: 18.3  Cool Base: 18.3  Method: Integration

Data updates at regular intervals.