Back to Top

NOAA Climate Reports...


Report for 2021 Jan
                   Monthly Climatological Summary for Jan 2021

Name: www.delerius-weather.com   City: Winterton   State: North Lincolnshire
Elevation: 42 m  Lat: N 53° 39' 10"   Lon: W 000° 36' 49"

                  Temperature (°C), Rain (mm), Wind Speed (mph)

                                      Heat  Cool        Avg
    Mean                              Deg   Deg         Wind                 Dom
Day Temp  High   Time   Low    Time   Days  Days  Rain  Speed High   Time    Dir
----------------------------------------------------------------------------------
 1   2.1   3.9   14:37  -0.4   00:00  16.2   0.0   1.0   9.3  19.0   09:10    NW
 2   0.9   2.0   23:57  -0.1   07:31  17.4   0.0   0.0   8.8  19.0   19:50    NW
 3   2.9   4.5   13:32   1.6   02:29  15.4   0.0   2.8   7.3  25.0   15:57   NNE
 4   3.6   5.1   12:38   2.8   02:23  14.7   0.0   0.6   8.0  25.0   01:07    NE
 5   2.4   4.5   12:34   0.9   23:18  15.9   0.0   1.0   7.0  29.0   20:49   NNE
 6   1.9   4.5   13:55  -0.1   23:20  16.4   0.0   0.0   6.1  16.0   14:22   NNW
 7   0.0   1.6   14:05  -1.8   07:13  18.3   0.0   0.2   4.2  12.0   03:14     W
 8   1.5   3.1   13:49  -0.3   00:28  16.8   0.0   0.8   3.6  11.0   17:10    NW
 9   0.2   2.4   13:34  -1.9   07:47  18.1   0.0   0.2   5.9  19.0   19:15   WSW
10   2.7   5.2   14:40  -0.5   00:58  15.6   0.0   0.0   7.1  18.0   14:34    SW
11   6.6   7.8   21:46   4.5   00:00  11.7   0.0   1.4  14.9  34.0   14:02   WSW
12   2.9   7.3   00:00  -0.1   23:35  15.4   0.0   1.6   7.3  19.0   02:08   WNW
13   0.9   1.9   12:07  -0.6   02:07  17.4   0.0   3.6   2.3   7.0   01:14     W
14   1.6   2.4   12:34   1.1   22:50  16.7   0.0  10.2   4.7  16.0   10:04   ENE
15  -0.3   1.2   00:13  -1.0   12:04  18.6   0.0   0.0   0.8  10.0   02:14   WNW
16   3.7   7.0   15:56   0.1   00:00  14.6   0.0   5.0  12.5  36.0   08:08   SSW
17   4.7   6.7   13:16   2.8   08:21  13.6   0.0   0.0  10.1  27.0   02:46     W
18   4.9   7.2   23:26   2.8   07:38  13.4   0.0   0.4  13.0  32.0   21:21    SW
19   8.8  10.7   13:08   7.1   00:00   9.3   0.0   6.0  16.9  41.0   17:06    SW
20  10.3  11.2   01:48   3.9   23:58   6.6   0.0   5.6  21.6  41.0   14:11   SSW
21   3.7   6.1   12:48   0.6   00:48  14.6   0.0   1.4  18.0  47.0   04:41   WSW
22   3.5   5.9   13:10   0.7   22:58  14.8   0.0   0.0   9.5  26.0   00:04   WSW
23   0.4   1.9   14:48  -1.2   23:04  17.9   0.0   0.0   3.3  11.0   14:57     W
24  -0.9   1.0   15:10  -2.6   05:33  19.2   0.0   0.2   3.4  13.0   22:44    NW
----------------------------------------------------------------------------------
     2.9  11.2    20    -2.6    24   368.6   0.0  42.0   8.5  47.0    21     WSW

Max >=  27.0:  0
Max <=   0.0:  0
Min <=   0.0: 12
Min <= -18.0:  0
Max Rain: 10.2 on day 14
Days of Rain: 17 (>= 0.2 mm)  6 (>= 2.0 mm)  0 (>= 20.0 mm)
Heat Base: 18.3  Cool Base: 18.3  Method: Integration

Data updates at regular intervals.