Back to Top

NOAA Climate Reports...


Report for 2019 Aug
                   Monthly Climatological Summary for Aug 2019

Name: www.delerius-weather.com   City: Worsbrough   State: South Yorkshire
Elevation: 93 m  Lat: N 53° 53' 14"   Lon: W 001° 47' 53"

                  Temperature (°C), Rain (mm), Wind Speed (mph)

                                      Heat  Cool        Avg
    Mean                              Deg   Deg         Wind                 Dom
Day Temp  High   Time   Low    Time   Days  Days  Rain  Speed High   Time    Dir
----------------------------------------------------------------------------------
 1  18.7  23.4   15:08  14.2   05:21   1.1   1.5   0.0   5.0  20.0   13:25   NNW
 2  18.4  22.4   13:28  14.9   04:21   1.0   1.1   0.0   2.9  14.0   12:34     N
 3  19.2  24.6   14:36  12.2   06:12   1.4   2.3   0.0   2.4  15.0   16:22   SSE
 4  20.1  25.1   16:19  16.6   23:58   0.3   2.1   4.0   3.6  21.0   18:35   SSE
 5  18.5  22.8   13:46  15.3   04:53   1.1   1.2   0.6   6.1  24.0   12:24   WSW
 6  17.8  22.9   14:00  14.1   04:04   1.4   0.9   1.4   7.5  26.0   11:03    SW
 7  17.1  21.3   13:34  14.4   22:31   1.6   0.4   0.2   8.4  26.0   13:15     W
 8  18.8  24.7   15:51  12.5   05:05   1.6   2.1   0.0   3.3  14.0   00:34   WSW
 9  18.7  23.2   14:26  16.0   02:08   0.7   1.1  11.0   8.2  30.0   13:29   SSE
10  17.5  19.8   16:44  15.4   23:57   1.1   0.2   1.4  12.8  36.0   15:39    SW
11  16.2  20.6   15:10  11.4   23:43   2.3   0.2   0.0  10.8  30.0   04:56   WSW
12  14.2  19.2   15:32   9.8   23:43   4.2   0.0   0.0   7.1  25.0   14:53     W
13  14.3  19.7   16:04   9.6   01:13   4.1   0.1   0.4   4.9  22.0   11:32     W
14  13.9  16.2   21:37  10.7   00:00   4.4   0.0   6.4   3.9  23.0   11:39   SSE
15  16.0  19.6   15:24  11.4   23:31   2.3   0.1   0.0  11.1  39.0   12:40   WNW
16  14.7  16.5   21:29  11.4   00:00   3.6   0.0   2.8   7.4  27.0   12:33   SSW
17  16.8  21.2   14:23  13.3   23:49   2.0   0.5   0.0   9.4  29.0   14:15   WSW
18  15.8  20.1   13:04  12.0   06:03   2.8   0.3   0.0  10.1  31.0   16:25   WSW
19  15.7  20.1   12:51  12.1   23:57   2.7   0.2   0.6   8.1  28.0   13:45     W
20  14.8  19.2   16:11  11.7   02:38   3.5   0.0   0.4   6.8  26.0   13:19     W
----------------------------------------------------------------------------------
    16.9  25.1     4     9.6    13    43.2  14.3  29.2   7.0  39.0    15     WSW

Max >=  27.0:  0
Max <=   0.0:  0
Min <=   0.0:  0
Min <= -18.0:  0
Max Rain: 11.0 on day 9
Days of Rain: 11 (>= 0.2 mm)  4 (>= 2.0 mm)  0 (>= 20.0 mm)
Heat Base: 18.3  Cool Base: 18.3  Method: Integration

Data updates at regular intervals.