NOAA Climate Reports...
Select a Month or Yearly Report Report for 2022 Mar Monthly Climatological Summary for Mar 2022 Name: www.delerius-weather.com City: Winterton State: North Lincolnshire Elevation: 42 m Lat: N 53° 39' 10" Lon: W 000° 36' 49" Temperature (°C), Rain (mm), Wind Speed (mph) Heat Cool Avg Mean Deg Deg Wind Dom Day Temp High Time Low Time Days Days Rain Speed High Time Dir ---------------------------------------------------------------------------------- 1 6.1 9.4 13:38 2.4 07:01 12.2 0.0 0.2 6.4 20.0 17:45 NE 2 5.9 6.9 11:59 4.6 22:38 12.4 0.0 2.8 5.8 24.0 03:22 E 3 7.4 10.7 12:49 4.7 00:00 10.9 0.0 0.2 1.9 11.0 08:57 ESE 4 5.6 6.9 05:41 4.6 23:51 12.8 0.0 6.6 5.3 16.0 22:07 NW 5 5.2 6.9 12:17 4.0 20:22 13.1 0.0 1.2 12.9 38.0 14:55 N 6 4.9 8.8 12:09 1.3 23:36 13.4 0.0 0.0 4.5 21.0 10:02 NE 7 3.1 7.6 14:46 -0.2 06:54 15.2 0.0 0.0 2.0 15.0 14:37 ESE 8 5.1 9.7 15:09 0.6 06:51 13.1 0.0 0.0 7.7 28.0 14:05 SSE 9 8.8 13.7 13:39 4.9 05:52 9.5 0.0 0.0 12.7 36.0 11:22 S 10 11.1 15.8 13:56 6.8 06:58 7.2 0.0 0.0 10.2 34.0 11:34 SSE 11 10.5 14.1 12:24 6.7 06:24 7.8 0.0 0.6 8.8 33.0 14:55 SSE 12 9.3 13.1 13:58 7.8 04:18 9.0 0.0 0.4 13.3 39.0 11:08 S 13 9.2 12.8 12:36 6.7 05:13 9.1 0.0 0.0 9.8 33.0 11:31 SSE 14 8.3 13.2 14:12 3.5 06:38 10.0 0.0 0.0 7.2 28.0 14:18 SW 15 8.6 14.4 14:00 1.3 05:25 9.4 0.0 0.0 5.5 27.0 14:27 S 16 8.2 11.4 12:22 5.2 22:45 10.1 0.0 9.2 7.1 27.0 21:24 WNW 17 7.9 12.7 15:37 3.1 05:02 10.4 0.0 0.2 10.2 26.0 14:26 WSW 18 8.5 14.0 13:34 3.7 05:00 9.8 0.0 0.0 1.9 11.0 09:49 ESE 19 7.6 12.8 12:29 4.2 06:11 10.7 0.0 0.0 5.3 25.0 12:09 E 20 5.9 9.4 13:07 1.7 23:52 12.4 0.0 0.0 4.4 19.0 11:11 E 21 5.8 13.1 14:43 -1.2 06:58 12.5 0.0 0.0 2.7 16.0 12:50 SSW 22 10.0 16.7 13:46 5.4 05:50 8.3 0.0 0.0 3.5 13.0 12:08 E 23 9.9 17.9 13:48 3.3 06:28 8.4 0.0 0.0 1.6 12.0 14:11 E 24 11.5 18.3 13:08 5.6 06:10 6.8 0.0 0.0 0.4 7.0 15:58 SE 25 11.9 18.6 15:22 5.0 06:21 6.4 0.0 0.0 0.4 9.0 12:03 WNW 26 10.0 16.6 14:13 4.0 05:52 8.3 0.0 0.0 2.7 13.0 16:23 ENE 27 9.3 14.2 14:39 5.1 02:20 8.6 0.0 0.0 2.6 13.0 14:55 E 28 8.3 14.1 17:00 5.0 02:05 10.0 0.0 0.4 1.3 12.0 18:21 ENE 29 7.2 11.3 15:56 5.2 04:43 11.1 0.0 0.0 2.2 12.0 00:49 E 30 4.4 7.0 00:00 0.7 23:50 13.9 0.0 2.4 6.0 25.0 13:27 NNE 31 2.6 7.0 14:05 0.3 01:55 15.7 0.0 1.4 11.8 34.0 10:25 N ---------------------------------------------------------------------------------- 7.7 18.6 25 -1.2 21 328.5 0.0 25.6 5.7 39.0 12 SE Max >= 27.0: 0 Max <= 0.0: 0 Min <= 0.0: 2 Min <= -18.0: 0 Max Rain: 9.2 on day 16 Days of Rain: 12 (>= 0.2 mm) 4 (>= 2.0 mm) 0 (>= 20.0 mm) Heat Base: 18.3 Cool Base: 18.3 Method: Integration |
Data updates at regular intervals.