Back to Top

Language: 

NOAA Climate Reports...


Report for 2016 Sep
                   MONTHLY CLIMATOLOGICAL SUMMARY for SEP. 2016

NAME: Delerius   CITY:    STATE:  
ELEV:   100 m  LAT:  53 37' 05" N  LONG:   1 27' 13" W

                   TEMPERATURE (C), RAIN  (mm), WIND SPEED (mph)

                                      HEAT  COOL        AVG
    MEAN                              DEG   DEG         WIND                 DOM
DAY TEMP  HIGH   TIME   LOW    TIME   DAYS  DAYS  RAIN  SPEED HIGH   TIME    DIR
------------------------------------------------------------------------------------
 1  16.5  20.9   14:45  11.9    4:15   2.2   0.4   0.0   4.5  21.0   21:45    SW
 2  16.4  19.7   17:30  12.5   00:00   2.0   0.1   0.2   5.0  22.0    8:00     W
 3  14.8  17.8   20:30  11.9    1:30   3.6   0.0   7.6   5.1  25.0   20:30    SW
 4  15.8  19.8   14:00  12.6    6:15   2.6   0.1   1.0   5.9  24.0    8:30   WNW
 5  16.9  21.5   17:45  12.7    2:15   2.2   0.8   0.0   3.0  18.0   10:15   SSW
 6  21.2  25.5   12:45  16.9    1:45   0.1   3.0   0.0   3.6  24.0   11:45    SW
 7  20.7  24.4   16:45  17.9    7:15   0.0   2.4   0.0   2.9  13.0   13:00    SE
 8  17.8  21.8   14:30  15.1   00:00   1.1   0.6   0.0   6.4  30.0   12:15   WSW
 9  17.9  21.8   16:15  14.2    3:30   1.2   0.8   0.0  10.4  32.0   22:00   SSW
10  14.8  18.6    0:15  10.2   00:00   3.5   0.0   0.4   2.7  29.0    0:45   WNW
11  14.3  19.7   15:15   9.3    3:00   4.1   0.1   0.0   4.3  24.0   13:30   WNW
12  17.8  23.4   16:15  12.2    5:15   2.1   1.6   0.0   6.3  32.0   13:15   SSW
13  20.2  28.8   14:45  14.2    7:15   0.9   2.8   5.0   2.3  40.0   19:45   ESE
14  17.3  22.7   16:45  14.7    3:30   1.7   0.7   0.0   3.2  15.0   15:30   NNW
15  18.8  25.7   17:00  14.7    7:15   1.4   1.8   0.0   1.2  15.0   00:00   NNE
16  15.7  18.6    0:15  12.4   00:00   2.6   0.0   2.6   8.4  29.0   15:45   WNW
17  14.0  19.1   17:45   9.7   00:00   4.3   0.0   0.0   4.3  18.0   10:15    NW
18  14.7  22.2   14:30   7.2    6:30   4.5   0.8   0.0   1.9  13.0   16:15   WNW
19  14.5  17.1   17:15  10.7   23:15   3.8   0.0   0.8   1.9  13.0    8:30     N
20  14.0  17.8   14:00  10.7   00:00   4.3   0.0   0.8   1.7  11.0   15:30    NW
21  14.5  19.9   14:15   8.9    3:00   3.9   0.1   3.6   3.8  26.0   15:30   SSE
22  14.6  18.8   15:45   8.4   23:45   3.7   0.0   0.2   4.5  18.0   14:30     W
23  13.3  18.4   14:15   8.1    6:15   5.0   0.0   0.0   4.6  22.0   14:45    SW
24  15.8  19.8   14:45  10.7    4:15   2.7   0.2   0.0   8.7  32.0   14:30     S
25  14.6  17.8   15:15  10.9   23:00   3.7   0.0   4.2   6.3  28.0   15:30   WSW
26  12.1  13.9   16:15   9.7    6:45   6.2   0.0   2.6   4.5  16.0   13:45     S
27  15.0  19.4   16:00  11.9    3:00   3.4   0.1   0.0   7.0  26.0   12:30     W
28  18.1  23.7   15:45  14.0    7:15   1.5   1.3   0.0  11.7  37.0   20:45     W
29  14.9  18.5    0:15  11.2   00:00   3.4   0.0   1.0  10.8  32.0   12:30     W
30  11.9  16.7   13:45   7.5    7:15   6.3   0.0   0.0   4.8  23.0    0:15   WSW
-------------------------------------------------------------------------------------
    16.0  28.8    13     7.2    18    88.1  18.0  29.9   5.1  40.0    13       W

Max >=  32.0:  0
Max <=   0.0:  0
Min <=   0.0:  0
Min <= -18.0:  0
Max Rain: 7.59 ON 03/09/16
Days of Rain: 13 (> .2 mm) 6 (> 2 mm) 0 (> 20 mm)
Heat Base:  18.3  Cool Base:  18.3  Method: Integration

Data updates at regular intervals.