NOAA Climate Reports...
Select a Month or Yearly Report Report for 2016 Sep Monthly Climatological Summary for Sep 2016 Name: www.delerius-weather.com City: Winterton State: North Lincolnshire Elevation: 42 m Lat: N 53° 39' 10" Lon: W 000° 36' 49" Temperature (°C), Rain (mm), Wind Speed (mph) Heat Cool Avg Mean Deg Deg Wind Dom Day Temp High Time Low Time Days Days Rain Speed High Time Dir ---------------------------------------------------------------------------------- 1 16.5 20.9 14:45 11.9 04:15 2.2 0.4 0.0 4.4 21.0 21:45 WSW 2 16.4 19.7 17:30 12.5 23:59 2.0 0.1 0.2 5.1 22.0 08:00 WSW 3 14.8 17.8 20:30 11.9 01:30 3.6 0.0 7.6 5.1 25.0 20:30 WSW 4 15.8 19.8 14:00 12.6 06:15 2.6 0.1 1.0 6.0 24.0 08:30 NW 5 16.9 21.5 17:45 12.7 02:15 2.2 0.8 0.0 3.0 18.0 10:15 SSE 6 21.2 25.5 12:45 16.9 01:45 0.1 3.0 0.0 3.6 24.0 11:45 WSW 7 20.7 24.4 16:45 17.9 07:15 0.0 2.4 0.0 2.9 13.0 13:00 SE 8 17.8 21.8 14:30 15.1 23:59 1.1 0.6 0.0 6.4 30.0 12:15 SSW 9 17.9 21.8 16:15 14.2 03:30 1.2 0.8 0.0 10.3 32.0 22:00 SW 10 14.8 18.6 00:15 10.2 23:59 3.6 0.0 0.4 2.8 29.0 00:45 WNW 11 14.3 19.7 15:15 9.3 03:00 4.2 0.1 0.0 4.3 24.0 13:30 ESE 12 17.8 23.4 16:15 12.2 05:15 2.1 1.6 0.0 6.3 32.0 13:15 SSE 13 20.2 28.8 14:45 14.2 07:15 0.9 2.8 5.0 2.4 40.0 19:45 WSW 14 17.3 22.7 16:45 14.7 03:30 1.7 0.7 0.0 3.1 15.0 15:30 NW 15 18.8 25.7 17:00 14.7 07:15 1.4 1.8 0.0 1.1 15.0 23:59 NW 16 15.7 18.6 00:15 12.4 23:59 2.7 0.0 2.6 8.4 29.0 15:45 WNW 17 14.0 19.1 17:45 9.7 23:59 4.3 0.1 0.0 4.4 18.0 10:15 ESE 18 14.7 22.2 14:30 7.2 06:30 4.5 0.8 0.0 1.9 13.0 16:15 WNW 19 14.5 17.1 17:15 10.7 23:15 3.8 0.0 0.8 1.9 13.0 08:30 NNE 20 14.0 17.8 14:00 10.7 23:59 4.3 0.0 0.8 1.7 11.0 15:30 ESE 21 14.5 19.9 14:15 8.9 03:00 3.9 0.1 3.6 3.8 26.0 15:30 SSE 22 14.6 18.8 15:45 8.4 23:45 3.7 0.0 0.2 4.5 18.0 14:30 W 23 13.3 18.4 14:15 8.1 06:15 5.1 0.0 0.0 4.6 22.0 14:45 SW 24 15.8 19.8 14:45 10.7 04:15 2.8 0.2 0.0 8.8 32.0 14:30 S 25 14.6 17.8 15:15 10.9 23:00 3.7 0.0 4.2 6.3 28.0 15:30 SSE 26 12.1 13.9 16:15 9.7 06:45 6.2 0.0 2.6 4.5 16.0 13:45 E 27 15.0 19.4 16:00 11.9 03:00 3.4 0.1 0.0 6.9 26.0 12:30 WSW 28 18.1 23.7 15:45 14.0 07:15 1.5 1.3 0.0 11.6 37.0 20:45 SW 29 14.9 18.5 00:15 11.2 23:59 3.4 0.0 1.0 10.8 32.0 12:30 W 30 11.9 16.7 13:45 7.5 07:15 6.4 0.0 0.0 4.9 23.0 00:15 WNW ---------------------------------------------------------------------------------- 16.0 28.8 13 7.2 18 88.6 17.8 30.0 5.1 40.0 13 SW Max >= 27.0: 1 Max <= 0.0: 0 Min <= 0.0: 0 Min <= -18.0: 0 Max Rain: 7.6 on day 3 Days of Rain: 13 (>= 0.2 mm) 6 (>= 2.0 mm) 0 (>= 20.0 mm) Heat Base: 18.3 Cool Base: 18.3 Method: Integration |
Data updates at regular intervals.