Back to Top

Language: 

NOAA Climate Reports...


Report for 2015 Jun
                   MONTHLY CLIMATOLOGICAL SUMMARY for JUN. 2015

NAME: Delerius   CITY:    STATE:  
ELEV:   100 m  LAT:  53 37' 05" N  LONG:   1 27' 13" W

                   TEMPERATURE (C), RAIN  (mm), WIND SPEED (mph)

                                      HEAT  COOL        AVG
    MEAN                              DEG   DEG         WIND                 DOM
DAY TEMP  HIGH   TIME   LOW    TIME   DAYS  DAYS  RAIN  SPEED HIGH   TIME    DIR
------------------------------------------------------------------------------------
 1   9.4  12.8   13:15   6.3    5:30   8.9   0.0  10.8  11.7  42.0   22:00    SW
 2  12.6  17.6   13:15   8.3    2:30   5.7   0.0   2.0  13.4  47.0   15:00     W
 3  12.4  16.1   16:45   8.1   00:00   5.9   0.0   0.0   7.7  25.0    0:15   WNW
 4  14.1  20.9   18:00   5.6    2:15   4.6   0.5   0.0   4.3  22.0   14:30   SSE
 5  15.4  22.1   13:30  10.3   00:00   3.3   0.5   0.0   6.1  25.0   17:45     W
 6  12.4  16.2   15:15   8.6    5:00   5.9   0.0   0.0  13.5  39.0   14:00     W
 7  12.0  15.9   15:15   7.7    5:00   6.3   0.0   0.0   8.2  27.0   13:15   WNW
 8  10.7  14.8   12:00   5.7   00:00   7.7   0.0   0.0   4.2  16.0   13:30    NW
 9   9.6  14.8   16:45   2.6    5:30   8.7   0.0   0.0   2.8  16.0   11:45   ENE
10  11.1  17.2   15:45   4.2    1:45   7.2   0.0   0.0   2.8  15.0   13:30   ESE
11  13.1  20.2   16:15   4.4    4:15   5.6   0.3   0.0   3.6  20.0   17:15   ESE
12  13.9  21.2   16:15   6.4    3:30   4.8   0.4   0.0   2.5  13.0   15:00     E
13  13.4  15.6   17:15  11.6    7:15   4.9   0.0  13.4   2.5  12.0    8:00   NNE
14  11.1  12.9    0:15   8.9   00:00   7.2   0.0   1.6   3.4  18.0   13:45   ENE
15  12.1  17.1   17:30   6.1    6:00   6.3   0.0   0.0   2.0  11.0   11:45   SSE
16  16.1  20.9   18:00  11.1    2:15   2.8   0.6   0.0   1.8  10.0   15:15    SW
17  16.2  19.9   13:45  11.4   00:00   2.3   0.1   0.0   8.6  31.0   16:15     W
18  12.1  14.4   15:15   8.9    5:00   6.2   0.0   0.0   9.4  26.0    9:45   WNW
19  12.3  15.1   14:45  10.6    1:15   6.0   0.0   0.0   9.3  26.0   14:15   WNW
20  14.9  18.9   16:30  11.8    0:15   3.4   0.0   0.0   4.3  21.0   18:15   WNW
21  13.3  15.0   14:30  10.8   00:00   5.0   0.0   0.4   8.6  28.0    9:30   WNW
22  11.6  15.4   15:00   9.4    6:30   6.7   0.0   5.0   6.3  24.0   10:15    NW
23  13.3  17.9   19:15  10.3    5:15   5.0   0.0   0.0   3.5  21.0    1:00   NNW
24  15.2  20.7   13:00   8.3    3:15   3.6   0.5   0.0   3.1  20.0   19:00     W
25  17.2  22.6   16:30  10.9    3:15   2.2   1.1   0.0   2.4  16.0   14:45     W
26  16.9  20.3   18:00  14.1   00:00   1.7   0.3   0.6   3.6  20.0   18:45    SW
27  16.9  21.6   16:15  12.3    4:45   2.1   0.7   0.0   5.8  24.0   16:30     W
28  16.7  21.5   15:30  13.9    6:15   2.1   0.4   0.2   7.3  29.0   15:45    SW
29  17.2  21.1   18:30  13.3    5:45   1.7   0.6   0.0   4.6  18.0    0:30   WNW
30  21.6  27.9   16:45  13.6    4:00   1.0   4.3   0.0   5.1  20.0   16:15   SSE
-------------------------------------------------------------------------------------
    13.8  27.9    30     2.6     9   144.5  10.3  34.0   5.7  47.0     2     WNW

Max >=  32.0:  0
Max <=   0.0:  0
Min <=   0.0:  0
Min <= -18.0:  0
Max Rain: 13.41 ON 13/06/15
Days of Rain: 8 (> .2 mm) 4 (> 2 mm) 0 (> 20 mm)
Heat Base:  18.3  Cool Base:  18.3  Method: Integration

Data updates at regular intervals.