NOAA Climate Reports...
Select a Month or Yearly Report Report for 2015 Feb Monthly Climatological Summary for Feb 2015 Name: www.delerius-weather.com City: Winterton State: North Lincolnshire Elevation: 42 m Lat: N 53° 39' 10" Lon: W 000° 36' 49" Temperature (°C), Rain (mm), Wind Speed (mph) Heat Cool Avg Mean Deg Deg Wind Dom Day Temp High Time Low Time Days Days Rain Speed High Time Dir ---------------------------------------------------------------------------------- 1 2.3 4.2 13:30 -1.1 23:30 16.1 0.0 0.0 10.1 33.0 02:30 WNW 2 0.6 2.7 15:30 -1.1 00:45 17.7 0.0 0.0 5.7 16.0 10:00 NW 3 1.9 5.5 14:30 -0.6 08:00 16.4 0.0 0.2 3.7 15.0 12:45 NNW 4 2.4 4.8 13:00 0.2 06:30 15.9 0.0 0.0 5.0 19.0 11:45 NW 5 2.7 4.7 11:30 -0.7 23:30 15.6 0.0 0.2 2.8 13.0 10:00 NE 6 1.1 5.4 13:45 -2.5 06:30 17.3 0.0 0.2 1.1 12.0 13:45 NE 7 4.0 5.7 15:00 1.3 00:15 14.3 0.0 0.0 3.0 11.0 11:00 NW 8 4.8 9.3 13:30 2.4 08:15 13.6 0.0 0.0 5.8 23.0 23:45 WNW 9 5.3 8.6 14:00 1.9 23:00 13.1 0.0 0.0 6.7 23.0 11:00 NW 10 1.7 6.1 16:00 -1.7 07:45 16.6 0.0 0.0 0.5 8.0 23:00 SSW 11 3.3 4.3 14:15 0.8 00:15 15.1 0.0 0.0 3.5 12.0 02:45 WNW 12 3.8 5.6 13:45 1.9 23:45 14.6 0.0 0.0 2.0 13.0 23:15 SSW 13 4.7 7.4 14:15 2.0 00:15 13.6 0.0 1.4 7.3 22.0 11:45 ESE 14 5.7 7.4 15:15 4.3 03:45 12.6 0.0 1.6 3.3 14.0 05:15 ENE 15 5.6 7.1 15:30 4.8 06:00 12.7 0.0 0.0 1.9 11.0 12:00 S 16 5.5 7.6 14:00 3.2 23:45 12.8 0.0 1.2 5.4 19.0 23:15 WNW 17 5.1 8.3 15:00 2.1 05:15 13.2 0.0 0.0 6.6 28.0 11:45 SSW 18 7.8 10.8 12:30 4.9 00:45 10.5 0.0 0.0 6.5 31.0 23:59 SW 19 6.2 8.7 16:00 3.3 23:45 12.1 0.0 1.4 9.3 37.0 01:30 NNW 20 4.1 5.7 12:45 2.2 05:30 14.3 0.0 0.0 4.9 23.0 12:15 WNW 21 3.7 6.9 13:45 2.0 07:30 14.6 0.0 0.0 7.7 29.0 15:15 WNW 22 3.9 9.2 21:00 1.8 14:45 14.4 0.0 3.8 10.0 39.0 23:00 W 23 4.8 7.2 14:45 3.0 20:30 13.6 0.0 0.8 13.0 38.0 18:45 WSW 24 5.0 6.9 11:45 2.6 01:15 13.3 0.0 1.4 14.7 36.0 03:45 W 25 7.3 9.6 13:15 4.0 06:45 11.0 0.0 0.0 5.0 19.0 10:30 WSW 26 7.8 11.7 07:15 3.1 23:00 10.5 0.0 0.8 10.5 33.0 13:15 WNW 27 5.0 7.5 15:45 2.7 03:30 13.3 0.0 0.0 8.2 27.0 04:45 SW 28 8.2 11.1 13:00 4.9 02:45 10.1 0.0 0.8 10.9 38.0 23:00 W ---------------------------------------------------------------------------------- 4.4 11.7 26 -2.5 6 388.9 0.0 13.8 6.3 39.0 22 W Max >= 27.0: 0 Max <= 0.0: 0 Min <= 0.0: 6 Min <= -18.0: 0 Max Rain: 3.8 on day 22 Days of Rain: 12 (>= 0.2 mm) 1 (>= 2.0 mm) 0 (>= 20.0 mm) Heat Base: 18.3 Cool Base: 18.3 Method: Integration |
Data updates at regular intervals.