NOAA Climate Reports...
Select a Month or Yearly Report Report for 2011 Jun Monthly Climatological Summary for Jun 2011 Name: www.delerius-weather.com City: Winterton State: North Lincolnshire Elevation: 42 m Lat: N 53° 39' 10" Lon: W 000° 36' 49" Temperature (°C), Rain (mm), Wind Speed (mph) Heat Cool Avg Mean Deg Deg Wind Dom Day Temp High Time Low Time Days Days Rain Speed High Time Dir ---------------------------------------------------------------------------------- 1 11.9 20.3 21:00 5.8 02:15 14.4 0.0 0.0 6.1 24.0 11:15 SW 2 13.8 18.6 21:00 11.1 02:15 14.4 0.0 0.0 3.7 15.0 14:00 ENE 3 13.6 15.4 21:00 12.3 02:15 14.4 0.0 0.0 5.4 15.0 15:00 NE 4 13.9 16.5 21:00 10.8 02:15 14.4 0.0 0.0 9.1 28.0 15:00 NE 5 11.6 13.6 21:00 10.7 02:15 14.4 0.0 0.0 11.1 28.0 12:15 NNE 6 12.4 15.7 21:00 9.7 02:15 14.4 0.0 0.0 0.6 6.0 07:00 WSW 7 13.8 19.6 21:00 9.4 02:15 14.4 0.0 0.0 4.8 27.0 15:30 SSW 8 12.4 20.0 21:00 5.8 02:15 14.4 0.0 2.2 5.7 27.0 14:45 SSW 9 11.8 18.2 21:00 7.5 02:15 14.4 0.0 0.0 4.4 22.0 14:45 ENE 10 10.1 14.3 21:00 6.4 02:15 14.4 0.0 4.6 3.8 18.0 11:00 WSW 11 9.2 15.8 21:00 4.8 02:15 14.4 0.0 0.8 5.1 24.0 17:45 SW 12 10.4 17.2 21:00 4.5 02:15 14.4 0.0 5.2 8.3 35.0 19:30 SE 13 14.0 21.6 21:00 9.6 02:15 14.4 0.0 0.2 7.5 30.0 15:30 SW 14 12.2 19.3 21:00 8.4 02:15 14.4 0.0 0.0 7.8 24.0 19:15 SE 15 15.9 22.0 21:00 12.4 02:15 14.4 0.0 0.0 5.6 20.0 14:30 NE 16 14.6 19.3 21:00 10.2 02:15 14.4 0.0 0.0 5.9 21.0 06:45 SSW 17 12.9 17.2 21:00 6.8 02:15 14.4 0.0 2.0 7.9 26.0 15:45 SE 18 13.0 17.6 21:00 10.3 02:15 14.4 0.0 0.8 5.5 22.0 11:30 WSW 19 13.5 18.4 21:00 10.7 02:15 14.4 0.0 0.4 6.7 24.0 13:15 SSW 20 11.9 20.9 21:00 6.8 02:15 14.4 0.0 0.4 7.3 22.0 19:30 SE 21 16.3 22.6 21:00 13.1 02:15 14.4 0.0 0.8 9.7 28.0 08:45 S 22 15.6 20.4 21:00 12.6 02:15 14.4 0.0 2.6 7.7 26.0 09:00 E 23 14.4 17.3 21:00 11.2 02:15 14.4 0.0 1.0 6.4 28.0 13:30 SW 24 13.3 18.1 21:00 8.9 02:15 14.4 0.0 1.4 6.1 21.0 22:00 S 25 15.6 22.8 21:00 10.6 02:15 14.4 0.0 3.4 8.8 24.0 10:00 SSE 26 18.7 28.1 21:00 13.5 02:15 14.4 0.0 0.0 7.4 24.0 17:00 E 27 21.3 30.2 21:00 16.1 02:15 14.4 0.0 0.2 7.0 26.0 11:45 SSE 28 15.6 19.5 21:00 12.0 02:15 14.4 0.0 7.4 7.6 26.0 12:45 SSW 29 14.8 19.1 21:00 11.2 02:15 14.4 0.0 0.0 5.0 16.0 12:15 SW 30 13.7 18.6 21:00 9.2 02:15 14.4 0.0 1.6 5.4 19.0 14:00 WSW ---------------------------------------------------------------------------------- 13.7 30.2 1 4.5 1 432.0 0.0 35.0 6.4 35.0 12 SSE Max >= 27.0: 0 Max <= 0.0: 0 Min <= 0.0: 0 Min <= -18.0: 0 Max Rain: 7.4 on day 28 Days of Rain: 17 (>= 0.2 mm) 7 (>= 2.0 mm) 0 (>= 20.0 mm) Heat Base: 18.3 Cool Base: 18.3 Method: Integration |
Data updates at regular intervals.