Back to Top

Language: 

NOAA Climate Reports...


Report for 2011 Jun
                   MONTHLY CLIMATOLOGICAL SUMMARY for JUN. 2011

NAME: Delerius   CITY:    STATE:  
ELEV:   100 m  LAT:  53 37' 05" N  LONG:   1 27' 13" W

                   TEMPERATURE (C), RAIN  (mm), WIND SPEED (mph)

                                      HEAT  COOL        AVG
    MEAN                              DEG   DEG         WIND                 DOM
DAY TEMP  HIGH   TIME   LOW    TIME   DAYS  DAYS  RAIN  SPEED HIGH   TIME    DIR
------------------------------------------------------------------------------------
 1   ---  19.0   17:45   ---    7:30   ---   0.0   0.0   6.1  24.0   11:15   SSW
 2   ---  20.7   14:30   ---   22:00   ---   0.5   0.0   3.6  15.0   14:00     E
 3   ---  18.3   14:45   ---   10:00   ---   0.0   0.0   5.4  15.0   15:00   ENE
 4   ---  18.3   12:30   ---   19:00   ---   0.0   0.0   9.1  28.0   15:00    NE
 5   ---  13.8   14:45   ---    6:00   ---   0.0   0.0  11.1  28.0   12:15    NE
 6   ---   ---    6:45   ---    7:00   ---   0.0   0.0   0.0   6.0    7:00   WSW
 7   ---  18.5   13:15   ---    6:15   ---   0.0   0.0   4.8  27.0   15:30     S
 8  14.1  17.4   13:45  10.7    5:45   3.0   0.0   2.2   5.7  27.0   14:45   SSW
 9  14.5  17.3   15:45  10.7    6:15   2.6   0.0   0.0   4.4  22.0   14:45   WSW
10  11.4  14.2   10:30   7.2   00:00   5.3   0.0   4.6   3.8  18.0   11:00   WSW
11   ---  15.0   17:00   ---    9:00   ---   0.0   0.8   5.0  24.0   17:45   WSW
12   ---  14.9   13:30   ---   19:00   ---   0.0   5.2   8.3  35.0   19:30   ESE
13   ---  20.3   13:15   ---   10:15   ---   0.2   0.2   7.5  30.0   15:30    SW
14   ---  17.4   12:15   ---    7:45   ---   0.0   0.0   7.8  24.0   19:15   ESE
15   ---  21.8   14:30   ---   22:45   ---   0.8   0.0   5.5  20.0   14:30     S
16   ---  17.7   12:15   ---    7:30   ---   0.0   0.0   6.0  21.0    6:45   SSW
17   ---  16.3   10:00   ---   18:30   ---   0.0   2.0   7.8  26.0   15:45     S
18   ---  17.2   16:30   ---   11:45   ---   0.0   0.8   5.6  22.0   11:30    SW
19   ---  16.8   17:30   ---    2:15   ---   0.0   0.4   6.7  24.0   13:15    SW
20   ---  18.4   16:00   ---    8:00   ---   0.0   0.4   7.3  22.0   19:30   ESE
21   ---  20.2   18:15   ---   10:15   ---   0.4   0.8   9.6  28.0    8:45   SSW
22   ---  19.1   14:00   ---   19:15   ---   0.0   2.6   7.7  26.0    9:00     S
23   ---  17.2   12:45   ---   15:45   ---   0.0   1.0   6.4  28.0   13:30   SSW
24   ---  17.0   14:30   ---    8:30   ---   0.0   1.4   6.1  21.0   22:00   SSW
25   ---   ---   18:30   ---    0:15   ---   0.7   3.4   8.9  24.0   10:00     S
26   ---   ---    9:45   ---   19:15   ---   3.5   0.0   7.3  24.0   17:00   ESE
27   ---  16.8    2:30   ---   22:00   ---   0.0   0.2   6.9  26.0   11:45     E
28   ---   ---    3:00   ---    0:45   ---   0.0   7.4   7.6  26.0   12:45     N
29   ---   ---    8:15   ---   21:45   ---   1.5   0.0   5.0  16.0   12:15   SSW
30   ---  16.9   12:00   ---    7:45   ---   0.0   1.6   5.3  19.0   14:00    SW
-------------------------------------------------------------------------------------
    11.4  21.8    25     7.2     2          13.5  35.0   6.4  35.0    12      SW

Max >=  32.0:  0
Max <=   0.0:  0
Min <=   0.0:  0
Min <= -18.0:  0
Max Rain: 7.39 ON 28/06/11
Days of Rain: 17 (> .2 mm) 7 (> 2 mm) 0 (> 20 mm)
Heat Base:  18.3  Cool Base:  18.3  Method: Integration

Data updates at regular intervals.