NOAA Climate Reports...
Select a Month or Yearly Report Report for 2011 Jan Monthly Climatological Summary for Jan 2011 Name: www.delerius-weather.com City: Winterton State: North Lincolnshire Elevation: 42 m Lat: N 53° 39' 10" Lon: W 000° 36' 49" Temperature (°C), Rain (mm), Wind Speed (mph) Heat Cool Avg Mean Deg Deg Wind Dom Day Temp High Time Low Time Days Days Rain Speed High Time Dir ---------------------------------------------------------------------------------- 1 2.8 4.9 21:00 1.8 02:15 14.4 0.0 0.4 5.1 18.0 18:00 SW 2 1.7 2.8 21:00 0.8 02:15 14.4 0.0 0.2 6.6 19.0 05:30 SW 3 0.1 1.3 21:00 -1.8 02:15 14.4 0.0 0.0 3.9 14.0 23:59 S 4 0.4 3.3 21:00 -2.4 02:15 14.4 0.0 0.6 4.4 23.0 23:30 SE 5 2.2 5.2 21:00 1.4 02:15 14.4 0.0 0.2 12.0 30.0 06:15 SSE 6 1.8 3.6 21:00 0.2 02:15 14.4 0.0 0.2 3.4 12.0 00:15 SSW 7 3.4 7.7 21:00 0.6 02:15 14.4 0.0 3.8 2.7 19.0 11:45 ESE 8 4.6 8.3 21:00 1.1 02:15 14.4 0.0 0.6 5.9 31.0 13:00 SSE 9 3.2 5.7 21:00 -0.7 02:15 14.4 0.0 0.0 10.3 30.0 03:15 SE 10 2.7 6.0 21:00 0.7 02:15 14.4 0.0 1.8 6.3 26.0 21:30 SE 11 3.0 6.3 21:00 1.5 02:15 14.4 0.0 1.4 7.1 31.0 13:15 S 12 5.6 9.5 21:00 2.3 02:15 14.4 0.0 4.6 1.5 14.0 05:30 SE 13 9.7 13.3 21:00 7.5 02:15 14.4 0.0 3.0 2.0 21.0 14:30 SE 14 6.8 11.7 21:00 6.4 02:15 14.4 0.0 0.0 5.6 23.0 15:30 SSE 15 7.8 12.0 21:00 5.9 02:15 14.4 0.0 0.2 15.4 37.0 22:30 SSE 16 10.1 13.1 21:00 7.7 02:15 14.4 0.0 0.6 13.9 37.0 00:15 SE 17 4.3 7.1 21:00 2.9 02:15 14.4 0.0 0.2 1.0 9.0 14:45 S 18 3.2 6.3 21:00 1.6 02:15 14.4 0.0 0.2 4.5 18.0 14:15 SSE 19 3.5 7.6 21:00 0.8 02:15 14.4 0.0 0.2 5.4 15.0 12:15 SSW 20 2.6 5.1 21:00 -0.4 02:15 14.4 0.0 0.0 4.6 18.0 13:15 SSW 21 0.1 3.3 21:00 -2.8 02:15 14.4 0.0 0.0 3.2 11.0 21:30 S 22 2.9 6.3 21:00 0.6 02:15 14.4 0.0 0.0 5.7 20.0 14:45 SSW 23 3.3 7.5 21:00 3.6 02:15 14.4 0.0 0.0 7.6 31.0 11:15 SSW 24 5.2 7.1 21:00 4.1 02:15 14.4 0.0 0.0 8.9 37.0 11:15 SSW 25 6.0 8.7 21:00 4.4 02:15 14.4 0.0 0.0 7.5 33.0 11:15 SSW 26 3.2 5.6 21:00 1.9 02:15 14.4 0.0 0.0 6.9 29.0 11:15 SSW 27 1.4 2.7 21:00 0.5 02:15 14.4 0.0 0.0 6.9 16.0 23:30 ENE 28 1.6 2.2 21:00 1.2 02:15 14.4 0.0 0.0 3.7 13.0 00:15 ENE 29 2.2 4.3 21:00 0.9 02:15 14.4 0.0 0.0 1.8 12.0 14:45 NE 30 2.4 4.8 21:00 1.0 02:15 14.4 0.0 0.0 1.0 8.0 12:45 SSW 31 1.6 4.1 21:00 -2.2 02:15 14.4 0.0 0.0 3.9 18.0 12:30 SE ---------------------------------------------------------------------------------- 3.5 13.3 1 -2.8 1 446.4 0.0 18.2 5.5 37.0 15 SSE Max >= 27.0: 0 Max <= 0.0: 0 Min <= 0.0: 0 Min <= -18.0: 0 Max Rain: 4.6 on day 12 Days of Rain: 16 (>= 0.2 mm) 3 (>= 2.0 mm) 0 (>= 20.0 mm) Heat Base: 18.3 Cool Base: 18.3 Method: Integration |
Data updates at regular intervals.