Back to Top

Language: 

NOAA Climate Reports...


Report for 2011 Jan
                   MONTHLY CLIMATOLOGICAL SUMMARY for JAN. 2011

NAME: Delerius   CITY:    STATE:  
ELEV:   100 m  LAT:  53 37' 05" N  LONG:   1 27' 13" W

                   TEMPERATURE (C), RAIN  (mm), WIND SPEED (mph)

                                      HEAT  COOL        AVG
    MEAN                              DEG   DEG         WIND                 DOM
DAY TEMP  HIGH   TIME   LOW    TIME   DAYS  DAYS  RAIN  SPEED HIGH   TIME    DIR
------------------------------------------------------------------------------------
 1   ---  10.6   22:00   ---   15:15   ---   0.0   0.4   5.1  18.0   18:00    SW
 2   ---   9.1   15:15   ---   21:45   ---   0.0   0.2   6.5  19.0    5:30    SW
 3   ---   7.0    7:15   ---   18:00   ---   0.0   0.0   3.9  14.0   00:00     S
 4   ---  13.3   14:15   ---    0:30   ---   0.0   0.6   4.4  23.0   23:30    SE
 5   ---   6.2    2:00   1.4   15:45   ---   0.0   0.2  11.9  30.0    6:15    SE
 6   ---  16.8    7:15   7.8   22:45   ---   0.0   0.2   3.3  12.0    0:15    SW
 7   ---  15.1    2:00   4.2    3:45   ---   0.0   3.8   2.6  19.0   11:45   ENE
 8   4.4  15.6    3:30  -1.9   17:30   ---   0.0   0.6   6.0  31.0   13:00   SSE
 9   ---  15.4   22:00   2.7   21:15   ---   0.0   0.0  10.2  30.0    3:15     S
10   ---  15.8    1:30   3.8    1:30   ---   0.0   1.8   6.4  26.0   21:30    SE
11   ---  15.8   23:00   ---    5:30   ---   0.0   1.4   7.1  31.0   13:15   SSW
12   ---  11.2   17:15   ---    6:30   ---   0.0   4.6   1.5  14.0    5:30   ESE
13   6.9  10.4   22:45  -2.6   18:00  11.4   0.0   3.0   2.0  21.0   14:30    SE
14   4.2  10.4    5:45  -0.9   22:15  14.1   0.0   0.0   5.6  23.0   15:30   SSE
15   0.4   4.8    5:15  -0.7    0:30  17.9   0.0   0.2  15.5  37.0   22:30    SE
16   0.9  12.2   00:00  -2.5   00:00  17.4   0.0   0.6  13.7  37.0    0:15   SSW
17   ---  12.6   22:15   4.2   16:00   ---   0.0   0.2   1.0   9.0   14:45     S
18   ---   9.1    3:00   5.0   20:00   ---   0.0   0.2   4.5  18.0   14:15     S
19   ---   6.0    9:00   1.7   19:15   ---   0.0   0.2   5.3  15.0   12:15   SSW
20   ---  14.0   21:30   6.1   19:15   ---   0.0   0.0   4.6  18.0   13:15   SSW
21   ---  16.2    1:15   6.8    6:45   ---   0.0   0.0   3.2  11.0   21:30   SSW
22   ---  13.7    9:00  -1.4    1:15   ---   0.0   0.0   5.7  20.0   14:45   SSW
23   1.4   5.4    8:45  -1.5   17:00   ---   0.0   0.0   7.7  23.0   11:15   SSW
24   ---   ---     ---   ---     ---   ---   ---   ---   ---   ---     ---   ---
25   ---   ---     ---   ---     ---   ---   ---   ---   ---   ---     ---   ---
26   ---   ---     ---   ---     ---   ---   ---   ---   ---   ---     ---   ---
27   ---   ---   21:15   3.3   23:15   ---   0.0   0.0   6.9  16.0   23:30   ENE
28   ---   ---   00:00   7.3    5:00   ---   0.0   0.0   3.6  13.0    0:15   ENE
29   ---  16.6    1:30   7.3    1:15   ---   0.0   0.0   1.8  12.0   14:45    NE
30   ---  17.3    4:30   7.4   22:45   ---   0.0   0.0   1.0   8.0   12:45    NE
31   ---  16.1    1:15   7.4    0:15   ---   0.0   0.0   3.9  18.0   12:30     S
-------------------------------------------------------------------------------------
     0.4  17.3     4    -2.6    12           0.0  18.3   5.5  37.0    15       S

Max >=  32.0:  0
Max <=   0.0:  0
Min <=   0.0:  7
Min <= -18.0:  0
Max Rain: 4.60 ON 12/01/11
Days of Rain: 16 (> .2 mm) 3 (> 2 mm) 0 (> 20 mm)
Heat Base:  18.3  Cool Base:  18.3  Method: Integration

Data updates at regular intervals.