NOAA Climate Reports...
Select a Month or Yearly Report Report for 2005 Dec Monthly Climatological Summary for December 2005 Name: www.delerius-weather.com City: Winterton State: North Lincolnshire Elevation: 42 m Lat: N 53° 39' 10" Lon: W 000° 36' 49" Temperature (°C), Rain (mm), Wind Speed (mph) Heat Cool Avg Mean Deg Deg Wind Dom Day Temp High Time Low Time Days Days Rain Speed High Time Dir ---------------------------------------------------------------------------------------------------------------------- 1 7.2 8.4 21:15 6 00:15 0 0 0 29.3 35 01:30 SE 2 7.6 8.8 11:45 6.3 00:45 0 0 0.3 23.2 42 07:30 SE 3 6.6 8 02:30 5.1 21:00 0 0 0.3 17.1 31 23:59 SW 4 6.3 9.4 23:30 3.2 06:00 0 0 0.3 7 22 00:15 SW 5 4.8 8.7 00:45 0.8 21:30 0 0 0 9.8 13 01:45 NW 6 4.9 9.7 13:30 0.1 09:30 0 0 3.6 10.2 19 20:45 NW 7 5.1 8.7 14:15 1.5 00:15 0 0 0 12.8 19 00:15 SE 8 3.7 9.4 14:00 -2.1 20:00 0 0 0 1.6 21 13:45 NW 9 5.1 6 01:45 4.2 22:15 0 0 0.3 13.5 16 22:15 SE 10 7.9 8.7 23:59 7.1 08:00 0 0 0 13.3 22 18:30 SW 11 8.7 11.7 23:30 5.7 00:30 0 0 0 7.3 24 23:30 W 12 4.9 9.6 12:45 0.1 23:59 0 0 0 11.9 23 00:45 NW 13 5.5 6.6 13:45 4.3 23:59 0 0 0 14.7 21 19:00 W 14 5.4 8.6 14:00 2.1 07:00 0 0 0.3 10.5 24 19:30 NW 15 6.8 9.2 12:30 4.3 00:15 0 0 0 26.9 33 09:00 W 16 7.4 10.6 20:30 4.1 05:00 0 0 0.3 25.1 47 20:45 NW 17 -0.9 2.4 07:45 -4.1 16:00 0 0 0 8.9 35 20:15 NW 18 3.1 4.5 00:30 1.7 09:00 0 0 0.3 11.1 32 18:45 W 19 4.8 7.8 15:00 1.7 21:30 0 0 0 13.6 21 14:45 W 20 5.8 8.3 14:00 3.3 01:00 0 0 0 19.3 20 02:15 SW 21 5.1 8.5 14:45 1.7 06:45 0 0 0 5.3 28 23:45 SW 22 7.0 8.3 11:00 5.6 19:30 0 0 0 18.1 25 03:00 SW 23 7.2 11 18:30 3.4 11:15 0 0 0 7.3 30 14:15 W 24 4.3 8.5 15:00 0 07:15 0 0 0.3 6.5 12 19:45 NW 25 4.4 6 14:00 2.8 00:45 0 0 0.3 5.1 14 06:30 NW 26 3.9 7.2 13:45 0.6 06:00 0 0 0.6 9.3 21 00:15 NE 27 0.9 4.8 19:30 -3 05:15 0 0 1.2 25.9 35 21:45 NE 28 -1.6 2.4 15:30 -5.6 04:00 0 0 0.9 5.8 23 03:00 NE 29 -4.2 -0.5 00:15 -7.9 10:00 0 0 0 3.6 9 18:45 W 30 1.3 2.2 15:30 0.3 02:30 0 0 5.7 24.9 40 07:00 SE 31 5.3 8.8 15:30 1.7 02:30 0 0 0.6 17.8 27 08:00 SW ---------------------------------------------------------------------------------------------------------------------- 4.6 11.7 12 -7.9 10 0 0 15.3 13.4 47 11 NW Max >= 27.0: 0 Max <= 0.0: 0 Min <= 0.0: 5 Min <= -18.0: 0 Max Rain: 5.7 on day 30 Days of Rain: 15 (>= 0.2 mm) 2 (>= 2.0 mm) 0 (>= 20.0 mm) Heat Base: 18.3 Cool Base: 18.3 Method: Integration |
Data updates at regular intervals.