NOAA Climate Reports...
Select a Month or Yearly Report Report for 2003 Apr Monthly Climatological Summary for April 2003 Name: www.delerius-weather.com City: Winterton State: North Lincolnshire Elevation: 42 m Lat: N 53° 39' 10" Lon: W 000° 36' 49" Temperature (°C), Rain (mm), Wind Speed (mph) Heat Cool Avg Mean Deg Deg Wind Dom Day Temp High Time Low Time Days Days Rain Speed High Time Dir ---------------------------------------------------------------------------------------------------------------------- 1 8.1 12.7 21:15 3.4 00:15 0 0 2.5 19 36 01:30 W 2 5.9 10.7 11:45 1 00:45 0 0 0 22 37 07:30 N 3 9.6 12.5 02:30 6.7 21:00 0 0 0 13 25 23:59 NE 4 9.5 16 23:30 3 06:00 0 0 0 13 20 00:15 NE 5 9.2 11.7 00:45 6.6 21:30 0 0 0 8 15 01:45 N 6 5.4 8.2 13:30 2.6 09:30 0 0 0 9 16 20:45 NE 7 4.9 11.4 14:15 -1.6 00:15 0 0 0 7 13 00:15 SE 8 5.0 10.8 14:00 -0.9 20:00 0 0 0 11 18 13:45 SE 9 6.1 10.4 01:45 1.7 22:15 0 0 0 13 18 22:15 E 10 3.1 6.8 23:59 -0.7 08:00 0 0 1.5 10 21 18:30 E 11 7.6 14.9 23:30 0.3 00:30 0 0 0 11 17 23:30 SW 12 9.2 14.6 12:45 3.8 23:59 0 0 0 10 15 00:45 SE 13 11.4 14.8 13:45 8 23:59 0 0 0 18 30 19:00 E 14 9.9 14.2 14:00 5.5 07:00 0 0 0 17 27 19:30 SE 15 8.9 15.9 12:30 1.9 00:15 0 0 0 16 25 09:00 SE 16 11.8 20.2 20:30 3.4 05:00 0 0 0 12 25 20:45 SE 17 11.2 17 07:45 5.4 16:00 0 0 0 10 19 20:15 SE 18 10.0 14.9 00:30 5.1 09:00 0 0 0 14 20 18:45 NE 19 7.8 9.7 15:00 5.9 21:30 0 0 0 16 30 14:45 NE 20 8.2 11.4 14:00 4.9 01:00 0 0 0 13 26 02:15 NE 21 11.2 17.6 14:45 4.8 06:45 0 0 0 11 21 23:45 S 22 9.0 16.6 11:00 1.4 19:30 0 0 0 12 18 03:00 SE 23 9.4 15.8 18:30 2.9 11:15 0 0 0 12 20 14:15 SE 24 9.1 13.4 15:00 4.7 07:15 0 0 3.5 9 15 19:45 SE 25 10.8 15.5 14:00 6 00:45 0 0 7.5 7 14 06:30 SE 26 12.1 16.3 13:45 7.8 06:00 0 0 0 12 18 00:15 S 27 13.5 17.8 19:30 9.2 05:15 0 0 2.5 12 18 21:45 SW 28 11.9 15.4 15:30 8.4 04:00 0 0 15 16 25 03:00 S 29 13.7 18 00:15 9.4 10:00 0 0 0 13 20 18:45 SW 30 12.5 17.9 15:30 7.1 02:30 0 0 7.5 15 37 07:00 W ---------------------------------------------------------------------------------------------------------------------- 9.2 20.2 12 -1.6 10 0 0 40 12.7 37 11 SE Max >= 27.0: 0 Max <= 0.0: 0 Min <= 0.0: 3 Min <= -18.0: 0 Max Rain: 15 on day 28 Days of Rain: 7 (>= 0.2 mm) 6 (>= 2.0 mm) 0 (>= 20.0 mm) Heat Base: 18.3 Cool Base: 18.3 Method: Integration |
Data updates at regular intervals.