NOAA Climate Reports...
Select a Month or Yearly Report Report for 2003 Feb Monthly Climatological Summary for February 2003 Name: www.delerius-weather.com City: Winterton State: North Lincolnshire Elevation: 42 m Lat: N 53° 39' 10" Lon: W 000° 36' 49" Temperature (°C), Rain (mm), Wind Speed (mph) Heat Cool Avg Mean Deg Deg Wind Dom Day Temp High Time Low Time Days Days Rain Speed High Time Dir ---------------------------------------------------------------------------------------------------------------------- 1 4.6 7.4 21:15 1.7 00:15 0 0 3 8 20 01:30 W 2 3.6 6.9 11:45 0.2 00:45 0 0 4.5 14 30 07:30 W 3 2.6 5.6 02:30 -0.4 21:00 0 0 3 15 30 23:59 W 4 1.4 4.8 23:30 -2.1 06:00 0 0 0 18 37 00:15 NW 5 1.4 5 00:45 -2.3 21:30 0 0 0 11 22 01:45 NW 6 4.0 5 13:30 3 09:30 0 0 0 8 20 20:45 SW 7 7.0 10.2 14:15 3.8 00:15 0 0 0 10 20 00:15 SW 8 9.3 12.1 14:00 6.5 20:00 0 0 0 11 18 13:45 SW 9 4.2 7.9 01:45 0.4 22:15 0 0 7 6 13 22:15 NW 10 6.2 8.2 23:59 4.2 08:00 0 0 5.5 11 20 18:30 S 11 5.6 7.6 23:30 3.5 00:30 0 0 7.5 3 5 23:30 SW 12 4.1 6.2 12:45 2 23:59 0 0 0.5 2 10 00:45 SE 13 0.7 3.6 13:45 -2.2 23:59 0 0 0 4 8 19:00 E 14 1.8 6.4 14:00 -2.9 07:00 0 0 0 6 11 19:30 E 15 4.6 7.5 12:30 1.7 00:15 0 0 0 5 12 09:00 E 16 1.2 4.4 20:30 -2.1 05:00 0 0 0 6 12 20:45 SE 17 1.1 4.1 07:45 -1.9 16:00 0 0 0 6 10 20:15 SE 18 3.2 6.3 00:30 0 09:00 0 0 0 15 25 18:45 SE 19 3.7 5.6 15:00 1.8 21:30 0 0 0 16 21 14:45 SE 20 2.6 6.7 14:00 -1.6 01:00 0 0 0 14 25 02:15 SE 21 4.4 9.6 14:45 -0.9 06:45 0 0 0 9 15 23:45 SE 22 5.1 7.6 11:00 2.6 19:30 0 0 1 13 22 03:00 SE 23 7.1 11.8 18:30 2.3 11:15 0 0 1 7 16 14:15 S 24 4.4 6.4 15:00 2.3 07:15 0 0 1 2 5 19:45 S 25 5.2 9.7 14:00 0.6 00:45 0 0 0 14 24 06:30 SE 26 6.0 10.3 13:45 1.7 06:00 0 0 0 12 20 00:15 SE 27 7.4 10.7 19:30 4 05:15 0 0 0 12 21 21:45 SE 28 7.7 11.7 15:30 3.7 04:00 0 0 3.5 17 30 03:00 SE ---------------------------------------------------------------------------------------------------------------------- 4.3 12.1 12 -2.9 10 0 0 37.5 9.8 37 11 SE Max >= 27.0: 0 Max <= 0.0: 0 Min <= 0.0: 10 Min <= -18.0: 0 Max Rain: 5.8 on day 11 Days of Rain: 11 (>= 0.2 mm) 6 (>= 2.0 mm) 0 (>= 20.0 mm) Heat Base: 18.3 Cool Base: 18.3 Method: Integration |
Data updates at regular intervals.