Back to Top

NOAA Climate Reports...


Report for 2020 Dec
                   Monthly Climatological Summary for Dec 2020

Name: www.delerius-weather.com   City: Winterton   State: North Lincolnshire
Elevation: 42 m  Lat: N 53° 39' 10"   Lon: W 000° 36' 49"

                  Temperature (°C), Rain (mm), Wind Speed (mph)

                                      Heat  Cool        Avg
    Mean                              Deg   Deg         Wind                 Dom
Day Temp  High   Time   Low    Time   Days  Days  Rain  Speed High   Time    Dir
----------------------------------------------------------------------------------
 1   4.2   6.5   13:57   2.5   07:55  14.1   0.0   0.0   8.1  23.0   00:30    NW
 2   5.0   8.3   14:11   1.8   03:27  13.3   0.0   0.0   7.2  20.0   14:35    SW
 3   3.8   4.4   01:11   3.1   21:43  14.5   0.0   3.4   6.6  23.0   03:59   SSW
 4   3.1   4.6   14:15   2.2   20:15  15.2   0.0   8.4   9.3  25.0   10:26   WNW
 5   4.5   7.9   12:55   2.5   03:27  13.8   0.0   0.2   3.5  14.0   00:34   ENE
 6   3.4   5.1   11:42   1.2   23:45  14.9   0.0   3.0   2.5  11.0   12:24    SW
 7   1.5   3.3   14:31  -1.3   02:19  16.8   0.0   0.0   6.1  14.0   09:45     W
 8   2.5   4.3   15:23   0.0   02:56  15.8   0.0   0.2  10.4  25.0   16:25     S
 9   4.1   5.9   13:57   2.4   09:27  14.2   0.0   0.0   1.6  12.0   18:19   SSW
10   4.6   5.5   10:57   3.0   00:17  13.7   0.0   0.0   7.4  28.0   20:16   SSE
11   7.0   7.9   14:59   5.4   00:16  11.3   0.0   6.8   4.1  23.0   01:37    SE
12   7.0   7.8   13:16   6.1   23:53  11.3   0.0   0.6   5.5  20.0   15:25   WNW
13   6.0  10.3   22:53   1.8   05:25  12.3   0.0   4.6  11.0  34.0   17:18     S
14   9.3  10.5   13:11   7.8   18:42   9.0   0.0   0.0  14.9  35.0   12:05     S
15   7.2   9.6   14:18   5.4   23:38  11.1   0.0   0.0  12.8  30.0   11:13     S
16   7.6   8.9   12:20   5.4   00:00  10.7   0.0   1.2  13.1  30.0   06:34     S
17   6.9  10.1   23:47   4.3   08:14  11.4   0.0   0.0  14.9  34.0   20:43   SSW
18  11.7  12.7   19:44   9.7   00:22   6.6   0.0   2.0  22.2  43.0   13:18     S
19   9.8  12.3   00:00   6.6   23:56   8.5   0.0   0.4  18.5  42.0   01:40     S
20   6.2   8.0   14:23   4.1   23:52  12.1   0.0   0.0  16.8  33.0   02:17   SSW
21   7.8  11.5   20:07   4.0   00:38  10.5   0.0   2.4   9.1  25.0   17:32   SSW
22   4.8   8.5   00:00   2.7   08:35  13.5   0.0   1.8   3.9  16.0   01:22     W
23   5.6   6.4   19:26   4.1   00:00  12.7   0.0   3.6  10.8  32.0   14:03    NE
24   2.6   6.2   00:00   0.9   23:47  15.7   0.0   0.8  14.3  32.0   00:17    NW
25   1.6   3.2   23:32  -0.1   08:32  16.7   0.0   0.0   8.5  22.0   01:17     W
26   6.5   9.1   18:40   3.1   00:00  11.8   0.0   1.6  19.0  49.0   23:14    SW
27   4.4   8.1   00:00   0.3   23:57  13.9   0.0   4.6  14.4  45.0   00:04    SW
28   0.5   2.1   14:48  -0.4   03:28  17.8   0.0   0.0   5.4  14.0   15:07    NW
29   1.8   4.9   14:36  -0.4   00:51  16.5   0.0   3.0   9.5  21.0   18:51    NW
30   0.4   1.5   12:15  -1.7   23:05  17.9   0.0   0.0   4.7  12.0   00:09     W
31  -0.3   2.1   14:30  -1.9   00:16  18.6   0.0   0.2   5.6  11.0   19:20     W
----------------------------------------------------------------------------------
     4.9  12.7    18    -1.9    31   416.2   0.0  48.8   9.7  49.0    26     SSW

Max >=  27.0:  0
Max <=   0.0:  0
Min <=   0.0:  7
Min <= -18.0:  0
Max Rain: 8.4 on day 4
Days of Rain: 19 (>= 0.2 mm)  10 (>= 2.0 mm)  0 (>= 20.0 mm)
Heat Base: 18.3  Cool Base: 18.3  Method: Integration

Data updates at regular intervals.