Back to Top

NOAA Climate Reports...


Report for 2020 Nov
                   Monthly Climatological Summary for Nov 2020

Name: www.delerius-weather.com   City: Winterton   State: North Lincolnshire
Elevation: 42 m  Lat: N 53° 39' 10"   Lon: W 000° 36' 49"

                  Temperature (°C), Rain (mm), Wind Speed (mph)

                                      Heat  Cool        Avg
    Mean                              Deg   Deg         Wind                 Dom
Day Temp  High   Time   Low    Time   Days  Days  Rain  Speed High   Time    Dir
----------------------------------------------------------------------------------
 1  12.8  17.9   21:10   9.1   02:05   5.5   0.0   1.4  21.3  51.0   21:46   SSW
 2  12.0  16.8   01:10   7.3   22:46   6.3   0.0   0.8  20.8  44.0   00:07    SW
 3   6.8   9.3   11:59   4.5   22:49  11.5   0.0   0.2  10.5  27.0   04:12    SW
 4   6.5  10.5   14:14   2.8   07:09  11.8   0.0   0.0   4.7  14.0   11:16     W
 5   8.1  11.6   15:38   5.1   00:05  10.2   0.0   0.0   6.5  19.0   05:06   WSW
 6   6.6  10.0   14:45   3.7   07:07  11.7   0.0   0.2   1.0   8.0   23:33     E
 7   5.3   8.0   14:30   1.1   07:49  13.0   0.0   0.4   0.4   8.0   12:09   NNE
 8  10.0  12.4   13:50   7.2   00:13   8.3   0.0   0.0   2.1  11.0   04:30   ESE
 9  11.7  13.3   14:05  10.4   00:34   6.6   0.0   1.4   1.6  12.0   11:42   SSE
10  11.2  13.4   13:15   9.0   23:13   7.1   0.0   0.0   5.1  16.0   13:10     S
11  10.2  12.3   14:44   6.8   04:21   8.1   0.0   1.6  11.0  33.0   19:57   SSE
12  10.3  11.6   01:07   8.6   06:28   8.0   0.0   0.0  13.8  30.0   01:45   SSW
13   9.3  11.4   13:50   7.2   23:55   9.0   0.0   1.4  12.7  36.0   07:24   SSW
14  10.6  14.1   14:42   7.2   00:00   7.7   0.0   0.6  14.3  42.0   13:09     S
15   9.7  12.3   10:11   7.0   18:15   8.6   0.0   1.6  16.4  43.0   10:26   SSW
16  10.1  12.2   23:53   9.1   09:15   8.2   0.0   0.2  15.9  37.0   21:33    SW
17  13.4  14.3   13:27  12.2   00:00   4.9   0.0   0.0  17.4  33.0   12:18   SSW
18  11.1  14.2   13:41   7.1   22:46   7.2   0.0   0.2  19.5  42.0   12:10   SSW
19   5.9   8.9   05:11   2.3   19:56  12.4   0.0   0.0  10.8  31.0   00:22   WNW
20   5.9  10.9   21:09   0.5   05:16  12.3   0.0   0.0  11.9  31.0   16:06   SSW
21  10.6  12.3   13:25   7.8   23:55   7.7   0.0   1.0  14.2  33.0   10:44    SW
22   6.8   9.0   00:47   3.4   23:50  11.5   0.0   0.0   8.5  21.0   01:07   WSW
23   5.4   8.8   22:08   1.0   07:56  12.9   0.0   0.0  11.3  31.0   21:20   SSW
24   9.4  10.7   11:06   7.1   00:11   8.9   0.0   0.0  15.2  32.0   06:35     S
25   6.9   8.7   00:00   2.7   23:54  11.4   0.0   0.4   6.0  30.0   00:19    SW
26   3.9   6.9   14:16   0.9   05:22  14.4   0.0   0.2   1.1   7.0   03:50    SW
27   4.2   7.6   13:05   1.9   22:54  14.1   0.0   0.0   1.1  11.0   01:42    NW
28   6.7   8.8   13:27   2.3   00:00  11.6   0.0   0.2   2.6  12.0   17:04     E
29   7.4   8.0   00:00   6.3   23:56  10.9   0.0   0.0   2.5  11.0   12:48   WSW
30   7.5  10.5   16:36   4.7   23:57  10.8   0.0   1.6  12.4  39.0   17:44     W
----------------------------------------------------------------------------------
     8.5  17.9     1     0.5    20   292.6   0.0  13.4   9.8  51.0     1      SW

Max >=  27.0:  0
Max <=   0.0:  0
Min <=   0.0:  0
Min <= -18.0:  0
Max Rain: 1.6 on day 11
Days of Rain: 17 (>= 0.2 mm)  0 (>= 2.0 mm)  0 (>= 20.0 mm)
Heat Base: 18.3  Cool Base: 18.3  Method: Integration

Data updates at regular intervals.