Back to Top

NOAA Climate Reports...


Report for 2020 Oct
                   Monthly Climatological Summary for Oct 2020

Name: www.delerius-weather.com   City: Winterton   State: North Lincolnshire
Elevation: 42 m  Lat: N 53° 39' 10"   Lon: W 000° 36' 49"

                  Temperature (°C), Rain (mm), Wind Speed (mph)

                                      Heat  Cool        Avg
    Mean                              Deg   Deg         Wind                 Dom
Day Temp  High   Time   Low    Time   Days  Days  Rain  Speed High   Time    Dir
----------------------------------------------------------------------------------
 1  11.1  13.8   16:34   7.6   23:58   7.2   0.0   0.8   5.4  18.0   01:32   WSW
 2  11.8  15.6   13:06   7.1   01:15   6.5   0.0   0.6   8.5  28.0   12:50   ENE
 3  13.4  13.9   10:45  11.8   23:45   4.9   0.0   7.0   7.1  21.0   11:02    NE
 4  11.9  14.7   13:59   9.4   06:24   6.4   0.0   2.0   5.7  21.0   10:26   ENE
 5  12.4  15.3   15:20  10.7   01:44   5.9   0.0   1.2   8.1  20.0   21:32     W
 6  11.3  13.8   16:06   9.5   04:04   7.0   0.0   1.8   9.4  22.0   00:48   WSW
 7  11.8  14.2   15:21  10.1   23:53   6.5   0.0   0.4  11.3  29.0   12:29     W
 8  10.4  12.4   06:30   7.3   23:48   7.9   0.0  10.4   7.2  24.0   08:27    NW
 9   8.7  11.7   13:02   6.7   00:20   9.6   0.0   0.6  10.9  26.0   14:06   WSW
10   8.8  12.6   13:20   6.6   02:00   9.5   0.0   1.2   9.1  27.0   12:05   WNW
11   9.5  11.8   15:48   7.7   04:41   8.8   0.0   0.0   9.9  23.0   10:31    NW
12   9.3  10.8   13:20   7.8   00:00   9.0   0.0   2.2   9.4  29.0   15:16    SW
13   9.1  12.4   15:22   5.4   07:01   9.2   0.0   0.6   7.5  20.0   10:46    NW
14  10.6  13.4   13:14   7.2   23:40   7.7   0.0   0.6   6.3  20.0   12:42    NE
15   8.4  12.9   13:42   5.4   03:32   9.9   0.0   0.2   7.2  22.0   16:50     N
16   9.5  12.4   13:41   6.9   21:07   8.8   0.0   0.0   5.2  18.0   08:42   NNE
17   9.8  13.5   15:08   7.8   04:32   8.5   0.0   0.0   5.0  14.0   13:28   NNW
18   8.8   9.7   00:00   7.1   07:58   9.5   0.0   0.2   4.8  13.0   21:35   WNW
19  10.5  12.9   13:04   7.6   06:34   7.8   0.0   0.0  11.1  33.0   13:41     S
20  13.3  17.0   15:12   9.6   05:10   5.0   0.0   2.0  13.1  32.0   20:34     S
21  13.6  14.7   14:04  11.8   20:48   4.7   0.0   1.0   6.8  23.0   01:34   SSW
22  10.7  12.2   12:09   8.1   23:58   7.6   0.0   0.0  12.3  30.0   09:02    SW
23   8.2  12.1   15:43   4.4   03:42  10.1   0.0   1.2   7.8  26.0   13:44    SW
24   9.9  13.9   13:18   6.2   02:59   8.4   0.0   9.8  16.0  44.0   11:17   SSW
25   8.8  12.3   14:22   6.2   23:47   9.8   0.0   0.0  15.8  36.0   10:53   SSW
26   8.0  11.8   14:20   5.4   06:53  10.3   0.0   0.2  14.0  28.0   09:28    SW
27   7.9  11.1   16:16   5.9   05:51  10.4   0.0   3.2  13.0  36.0   16:20   SSW
28   8.3  11.0   14:12   6.4   23:43  10.0   0.0   0.0  17.0  38.0   11:29    SW
29  10.3  14.6   23:42   6.1   03:06   8.0   0.0   2.8  16.8  35.0   22:56   SSW
30  13.1  16.1   12:05   8.1   22:50   5.2   0.0   0.0  11.0  30.0   01:53    SW
31  11.9  14.6   13:21   8.6   00:04   6.4   0.0   3.8  15.5  46.0   13:26   SSW
----------------------------------------------------------------------------------
    10.4  17.0    20     4.4    23   246.5   0.0  53.8   9.9  46.0    31      SW

Max >=  27.0:  0
Max <=   0.0:  0
Min <=   0.0:  0
Min <= -18.0:  0
Max Rain: 10.4 on day 8
Days of Rain: 23 (>= 0.2 mm)  9 (>= 2.0 mm)  0 (>= 20.0 mm)
Heat Base: 18.3  Cool Base: 18.3  Method: Integration

Data updates at regular intervals.