Back to Top

NOAA Climate Reports...


Report for 2020 Jul
                   Monthly Climatological Summary for Jul 2020

Name: www.delerius-weather.com   City: Winterton   State: North Lincolnshire
Elevation: 42 m  Lat: N 53° 39' 10"   Lon: W 000° 36' 49"

                  Temperature (°C), Rain (mm), Wind Speed (mph)

                                      Heat  Cool        Avg
    Mean                              Deg   Deg         Wind                 Dom
Day Temp  High   Time   Low    Time   Days  Days  Rain  Speed High   Time    Dir
----------------------------------------------------------------------------------
 1  14.9  17.6   17:13  13.1   04:36   3.4   0.0   1.6   3.3  14.0   19:58    NW
 2  12.8  14.6   14:50  11.6   10:26   5.5   0.0   8.2   4.3  19.0   08:24    NE
 3  14.3  16.8   13:19  11.9   03:04   4.0   0.0   0.2  13.3  35.0   17:18   SSW
 4  16.1  18.2   10:10  15.0   02:09   0.9   0.0   0.2  12.3  26.0   00:29    SW
 5  14.9  18.5   15:47  12.1   14:51   1.3   0.0   0.0  15.5  37.0   01:23   WSW
 6  14.1  18.2   15:38  10.9   04:34   4.2   0.0   0.0   9.9  28.0   09:36     W
 7  12.4  15.7   09:38  10.2   03:50   5.9   0.0   5.2   4.0  15.0   10:16   WSW
 8  13.1  15.8   13:44  11.0   05:24   5.2   0.0   5.8   4.7  16.0   15:08     E
 9  12.0  13.7   17:04  10.9   04:14   6.3   0.0   9.6   7.1  21.0   06:19   ENE
10  13.0  18.1   14:01  10.4   04:58   5.3   0.0   1.0   3.9  30.0   14:59   WNW
11  13.8  18.1   18:15   9.6   05:18   4.5   0.0   0.0   7.4  21.0   11:17   WNW
12  14.6  20.4   19:28   8.1   04:37   3.7   0.0   0.0   3.0  16.0   16:10   WSW
13  15.9  20.1   14:44  11.7   02:39   2.4   0.0   0.2   6.8  25.0   14:44    SW
14  14.9  18.0   18:11  12.3   04:41   3.4   0.0   0.0   7.3  22.0   14:17   WNW
15  14.0  16.1   15:07  11.1   01:08   4.3   0.0   1.0   6.4  21.0   19:51     W
16  17.3  22.2   15:03  13.9   00:43   1.8   0.8   0.0   7.9  18.0   00:22   WNW
17  19.1  23.7   18:20  14.1   01:50   1.0   1.8   0.0   5.6  20.0   10:17   WSW
18  17.4  19.6   13:57  14.6   23:56   1.1   0.2   0.0   7.6  21.0   09:21    SW
19  15.3  19.8   15:17  11.4   05:52   3.1   0.1   1.0   6.2  19.0   14:21    NW
20  13.7  17.9   18:52   8.2   04:52   4.6   0.0   0.0   6.8  29.0   10:32   WNW
21  13.6  18.5   12:20   8.7   04:19   4.7   0.0   0.0   3.7  18.0   10:21   WNW
22  16.0  20.4   16:11  11.6   03:52   2.3   0.0   0.0   5.0  21.0   13:18    SW
23  16.9  20.9   13:19  13.7   06:38   1.4   0.0   0.0   7.9  21.0   14:27   WSW
24  17.2  22.3   16:09  13.2   05:24   1.9   0.9   0.0   5.0  15.0   05:03     W
25  18.1  22.8   12:46  14.4   23:58   1.0   0.8   0.2  10.9  33.0   09:03    SW
26  17.0  21.4   14:54  12.2   05:48   1.9   0.6   0.0  11.2  28.0   12:02   WSW
27  15.7  19.4   15:46  12.4   23:46   2.6   0.1   3.6  13.5  37.0   15:04   SSW
28  14.2  17.1   16:25  11.6   01:47   4.1   0.0   0.2  15.4  37.0   14:23     W
29  15.4  19.3   15:14  11.9   05:43   3.0   0.0   0.0   9.1  28.0   15:13     W
30  18.2  26.8   16:55  12.3   01:12   2.3   2.2   0.2   2.7  20.0   15:33     S
31  23.2  33.3   16:45  13.4   05:10   0.8   5.6   0.0   5.6  28.0   12:51    SE
----------------------------------------------------------------------------------
    15.5  33.3    31     8.1    12    97.9  13.1  38.2   7.3  37.0     5     WSW

Max >=  27.0:  1
Max <=   0.0:  0
Min <=   0.0:  0
Min <= -18.0:  0
Max Rain: 9.6 on day 9
Days of Rain: 15 (>= 0.2 mm)  5 (>= 2.0 mm)  0 (>= 20.0 mm)
Heat Base: 18.3  Cool Base: 18.3  Method: Integration

Data updates at regular intervals.