Back to Top

NOAA Climate Reports...


Report for 2020 Jun
                   Monthly Climatological Summary for Jun 2020

Name: www.delerius-weather.com   City: Winterton   State: North Lincolnshire
Elevation: 42 m  Lat: N 53° 39' 10"   Lon: W 000° 36' 49"

                  Temperature (°C), Rain (mm), Wind Speed (mph)

                                      Heat  Cool        Avg
    Mean                              Deg   Deg         Wind                 Dom
Day Temp  High   Time   Low    Time   Days  Days  Rain  Speed High   Time    Dir
----------------------------------------------------------------------------------
 1  15.5  20.7   14:00   9.6   04:58   2.8   0.0   0.0   6.1  21.0   12:36   ENE
 2  15.6  22.3   15:22   8.1   04:55   3.6   0.9   0.0   3.8  15.0   15:40    NE
 3  12.2  14.6   01:51   8.7   23:34   6.1   0.0   0.8   8.2  25.0   18:40     N
 4  10.2  14.2   16:22   8.3   06:34   8.1   0.0   4.6   6.5  20.0   02:20    NW
 5   9.7  13.1   13:28   7.1   06:05   8.6   0.0   4.8   9.5  31.0   19:55   WNW
 6  10.1  13.1   16:55   7.6   04:23   8.2   0.0   5.6  13.6  34.0   13:15   WNW
 7   9.9  11.5   11:23   7.7   00:28   8.4   0.0   1.6   8.7  28.0   12:10   NNW
 8  10.4  13.3   16:18   8.2   04:51   7.9   0.0   0.0   6.0  18.0   01:20     N
 9  11.9  16.2   16:25   6.3   01:12   6.4   0.0   0.0   1.3  11.0   18:16   SSE
10  11.8  14.4   14:16   9.8   04:03   6.5   0.0   2.6   2.5  14.0   15:47   ESE
11  11.9  14.7   13:38  10.0   01:25   6.4   0.0   4.2  10.6  31.0   18:46    NE
12  12.6  13.2   11:17  11.8   00:00   5.5   0.0   7.0   8.0  23.0   12:37   ENE
13  16.1  21.9   17:08  11.8   00:00   2.9   0.7   0.2   5.9  15.0   00:41   ENE
14  14.5  19.2   16:57  11.6   04:38   3.8   0.1   0.0   4.8  14.0   04:27   ENE
15  15.5  21.3   17:05  12.2   02:22   3.4   0.5   0.0   2.6  13.0   17:38     E
16  14.3  19.9   15:56  11.8   04:39   4.2   0.2   0.0   4.1  15.0   17:09   ENE
17  15.0  20.5   15:14  12.0   06:26   3.6   0.3   0.0   4.2  16.0   18:19   ENE
18  13.6  15.9   19:37  12.3   08:30   4.7   0.0   2.4   5.6  25.0   13:24    NE
19  14.4  18.4   14:47  11.3   03:41   3.9   0.0   0.2   7.8  33.0   15:50   SSW
20  16.0  21.1   15:24  10.9   05:21   2.7   0.4   0.0   8.7  28.0   19:43   SSW
21  16.3  19.9   13:20  12.2   23:29   2.3   0.3   0.0  10.3  28.0   15:12    SW
22  16.2  22.2   18:03   8.8   05:00   2.9   0.9   0.0   9.3  26.0   16:53   SSW
23  20.0  25.7   16:53  13.2   05:40   1.1   2.8   0.0   7.8  23.0   02:14   SSW
24  21.9  28.8   14:50  14.7   05:04   0.5   4.1   0.0   3.8  16.0   15:16   ESE
25  20.3  26.5   12:01  14.4   04:18   0.9   2.9   0.0   5.9  20.0   14:04     E
26  21.8  29.4   16:11  15.2   04:52   0.6   4.1   0.0   3.6  20.0   15:30    SE
27  16.9  21.4   16:59  12.8   23:39   1.8   0.4   0.0  11.4  34.0   18:56   SSW
28  14.6  18.1   15:48  11.3   04:13   3.7   0.0   0.0  17.9  43.0   14:49    SW
29  13.1  14.1   08:30  12.1   22:42   5.2   0.0   2.6  16.3  35.0   08:20    SW
30  14.4  17.0   15:52  12.1   02:35   3.9   0.0   0.0   7.4  22.0   00:01   WSW
----------------------------------------------------------------------------------
    14.6  29.4    26     6.3     9   130.6  18.6  36.6   7.4  43.0    28      SW

Max >=  27.0:  2
Max <=   0.0:  0
Min <=   0.0:  0
Min <= -18.0:  0
Max Rain: 7.0 on day 12
Days of Rain: 12 (>= 0.2 mm)  8 (>= 2.0 mm)  0 (>= 20.0 mm)
Heat Base: 18.3  Cool Base: 18.3  Method: Integration

Data updates at regular intervals.