Back to Top

NOAA Climate Reports...


Report for 2020 May
                   Monthly Climatological Summary for May 2020

Name: www.delerius-weather.com   City: Winterton   State: North Lincolnshire
Elevation: 42 m  Lat: N 53° 39' 10"   Lon: W 000° 36' 49"

                  Temperature (°C), Rain (mm), Wind Speed (mph)

                                      Heat  Cool        Avg
    Mean                              Deg   Deg         Wind                 Dom
Day Temp  High   Time   Low    Time   Days  Days  Rain  Speed High   Time    Dir
----------------------------------------------------------------------------------
 1   9.6  14.0   14:59   6.1   05:30   8.7   0.0   0.0   9.7  24.0   16:09     W
 2  10.5  16.0   16:12   5.9   05:27   7.8   0.0   0.0   6.7  20.0   15:48   WNW
 3  10.3  14.2   11:43   7.4   03:37   8.0   0.0   0.0   2.8  15.0   15:12     E
 4   9.8  12.9   14:28   7.0   23:09   8.5   0.0   0.2   4.9  19.0   15:11   ENE
 5   8.7  12.4   12:13   4.7   23:59   9.6   0.0   0.0   6.0  20.0   08:26     E
 6   9.2  15.0   16:42   3.4   05:29   9.1   0.0   0.0   2.5  16.0   14:28     E
 7  12.6  20.6   15:54   3.9   05:36   5.9   0.3   0.0   3.5  20.0   13:12   SSW
 8  15.5  21.8   16:41   9.6   02:53   3.4   0.7   0.0   4.3  16.0   14:01     W
 9  15.0  20.8   12:58   7.1   04:51   3.8   0.5   0.0   3.1  14.0   15:06   ENE
10   8.7  13.1   01:28   4.7   23:43   9.6   0.0   0.0  11.3  35.0   11:53   NNE
11   6.2   9.3   15:18   1.9   23:46  12.1   0.0   0.4   9.1  28.0   08:26   NNE
12   7.4  12.3   17:27   1.5   01:55  10.9   0.0   0.0   6.8  28.0   22:34   WNW
13   6.8  10.5   15:48   2.6   23:57  11.5   0.0   0.0   8.1  25.0   10:35   NNE
14   7.9  14.8   17:18   0.0   04:52  10.4   0.0   0.0   4.8  20.0   14:48    NW
15  10.7  16.1   14:31   4.6   04:11   7.6   0.0   0.0   6.8  24.0   11:42     W
16  11.1  16.1   15:18   7.0   04:56   7.2   0.0   0.0   8.3  26.0   16:54   WNW
17  13.5  17.9   17:49   8.6   00:03   4.8   0.0   0.0   6.5  25.0   12:45     W
18  14.4  18.0   14:01  10.5   05:00   3.9   0.0   0.0   7.2  22.0   11:30     W
19  16.0  20.7   16:51  12.5   05:53   2.7   0.4   0.2   6.0  20.0   18:27     W
20  19.4  26.7   16:08  10.2   05:30   2.1   3.2   0.0   3.2  18.0   15:37     S
21  17.8  21.7   14:15  11.6   05:10   1.5   1.0   0.0   4.9  21.0   13:10   WSW
22  16.3  19.7   14:41  12.3   23:52   2.1   0.1   0.2  16.1  42.0   16:14    SW
23  13.3  17.0   12:28  10.1   05:09   5.0   0.0   0.0  16.4  38.0   09:59   WSW
24  14.0  17.1   17:58  11.0   23:45   4.3   0.0   0.0  12.7  34.0   13:27     W
25  16.1  23.1   16:28   8.2   04:43   3.4   1.2   0.0   4.9  22.0   12:41    SW
26  16.0  20.2   16:49  12.0   03:38   2.6   0.4   0.0   4.8  19.0   16:38   WNW
27  14.1  19.4   13:10   8.2   05:13   4.3   0.1   0.0   5.2  21.0   14:46    NE
28  15.7  23.2   16:50   9.6   05:42   3.6   1.0   0.0   2.9  15.0   19:06   SSE
29  15.8  21.8   13:53   9.4   05:00   2.5   0.0   0.0   3.8  19.0   16:04   ESE
30  14.3  18.6   15:50   9.8   03:15   4.0   0.0   0.0   6.7  20.0   12:50     E
31  15.8  22.4   15:08   8.2   04:41   3.4   0.9   0.0   5.8  23.0   15:58   ENE
----------------------------------------------------------------------------------
    12.7  26.7    20     0.0    14   184.3   9.8   1.0   6.6  42.0    22       W

Max >=  27.0:  0
Max <=   0.0:  0
Min <=   0.0:  1
Min <= -18.0:  0
Max Rain: 0.4 on day 11
Days of Rain: 4 (>= 0.2 mm)  0 (>= 2.0 mm)  0 (>= 20.0 mm)
Heat Base: 18.3  Cool Base: 18.3  Method: Integration

Data updates at regular intervals.