Back to Top

NOAA Climate Reports...


Report for 2020 Apr
                   Monthly Climatological Summary for Apr 2020

Name: www.delerius-weather.com   City: Worsbrough   State: South Yorkshire
Elevation: 42 m  Lat: N 53° 39' 10"   Lon: W 000° 36' 49"

                  Temperature (°C), Rain (mm), Wind Speed (mph)

                                      Heat  Cool        Avg
    Mean                              Deg   Deg         Wind                 Dom
Day Temp  High   Time   Low    Time   Days  Days  Rain  Speed High   Time    Dir
----------------------------------------------------------------------------------
 1   6.9   9.7   14:13   4.8   05:48  11.4   0.0   0.0   6.7  20.0   14:24     W
 2   8.4  12.9   14:41   4.8   06:11   9.9   0.0   0.0  13.2  38.0   14:27     W
 3   7.1   9.9   16:58   4.7   04:48  11.2   0.0   0.0   6.0  18.0   01:54     W
 4   9.6  14.3   18:15   3.3   06:09   8.7   0.0   0.0   8.1  27.0   11:47   SSW
 5  13.2  19.4   15:55   6.2   04:28   5.2   0.1   0.0  11.1  32.0   12:26   SSE
 6  12.4  15.4   13:35   6.7   23:59   5.9   0.0   0.0   9.7  31.0   14:26   WSW
 7  11.2  18.1   15:08   3.4   06:03   7.1   0.0   0.0   4.3  25.0   13:04     S
 8  13.7  20.1   18:01   8.7   04:37   4.8   0.2   0.0   1.8  14.0   17:08   SSW
 9   8.7  11.7   00:05   7.3   23:45   9.6   0.0   0.0   6.1  19.0   17:27   ENE
10  13.2  20.7   16:18   7.1   04:55   5.4   0.3   0.0   3.6  19.0   22:50    SE
11  15.4  21.4   16:01   9.2   04:20   3.4   0.6   0.0   6.0  20.0   00:19   WSW
12  11.0  17.8   13:03   6.7   06:03   7.3   0.0   0.0   5.9  25.0   18:12    NE
13   6.4   8.4   15:00   4.7   23:43  11.9   0.0   0.0   9.0  27.0   03:08   NNE
14   7.4  12.6   16:38   2.8   06:50  10.9   0.0   0.0   4.5  13.0   14:25     W
15  11.5  18.8   15:38   3.1   06:23   6.8   0.0   0.0   3.5  13.0   11:49    SW
16  10.8  16.6   12:56   5.0   06:37   7.5   0.0   0.0   5.7  21.0   17:17   ENE
17   8.2  11.0   12:17   6.3   03:38  10.1   0.0   0.0   8.2  25.0   14:55   ENE
18   8.0  10.4   16:42   6.2   04:19  10.3   0.0   0.0   6.8  20.0   06:16   ENE
19   9.0  13.9   14:24   4.3   05:01   9.3   0.0   0.0   7.8  25.0   18:15   ENE
20   9.2  13.2   12:37   6.1   01:39   9.1   0.0   0.0  10.7  29.0   18:46   ENE
21  10.3  13.8   13:41   7.6   00:00   8.0   0.0   0.0  11.7  31.0   14:10   ENE
22  10.4  14.8   13:39   6.5   06:05   7.9   0.0   0.0   7.3  24.0   12:59   ENE
23  10.8  16.5   13:19   6.4   06:04   7.5   0.0   0.0   6.2  16.0   02:20    NE
24   9.5  16.2   13:24   3.2   05:34   8.8   0.0   0.0   5.0  18.0   20:34    NE
25  10.1  17.3   17:10   6.5   05:38   8.2   0.0   0.0   2.3  12.0   18:06   ESE
26  11.8  19.2   14:41   5.8   04:30   6.5   0.0   0.0   4.3  23.0   14:47    SW
27  10.1  14.4   15:02   6.8   23:25   8.2   0.0   0.0   5.0  18.0   17:02     N
28   8.0  10.4   14:16   6.0   22:32  10.3   0.0   1.6   4.4  16.0   10:39   ENE
29   8.2   9.9   14:29   6.2   00:04  10.1   0.0   1.2   2.5  15.0   11:38    SE
30   9.1  12.6   14:04   6.8   00:38   9.2   0.0   0.2   9.8  30.0   13:14   SSW
----------------------------------------------------------------------------------
    10.0  21.4    11     2.8    14   250.5   1.2   3.0   6.6  38.0     2       E

Max >=  27.0:  0
Max <=   0.0:  0
Min <=   0.0:  0
Min <= -18.0:  0
Max Rain: 1.6 on day 28
Days of Rain: 3 (>= 0.2 mm)  0 (>= 2.0 mm)  0 (>= 20.0 mm)
Heat Base: 18.3  Cool Base: 18.3  Method: Integration

Data updates at regular intervals.