Back to Top

NOAA Climate Reports...


Report for 2020 Mar
                   Monthly Climatological Summary for Mar 2020

Name: www.delerius-weather.com   City: Worsbrough   State: South Yorkshire
Elevation: 42 m  Lat: N 53° 39' 10"   Lon: W 000° 36' 49"

                  Temperature (°C), Rain (mm), Wind Speed (mph)

                                      Heat  Cool        Avg
    Mean                              Deg   Deg         Wind                 Dom
Day Temp  High   Time   Low    Time   Days  Days  Rain  Speed High   Time    Dir
----------------------------------------------------------------------------------
 1   5.7   8.6   14:38   2.8   23:58  12.6   0.0   0.0  18.3  39.0   16:23    SW
 2   3.5   7.7   14:27  -0.8   07:13  14.8   0.0   0.0   9.2  27.0   16:52   WSW
 3   4.4   7.9   16:16   1.2   05:42  13.9   0.0   0.0  10.9  24.0   17:23   WSW
 4   4.8   9.6   13:15   0.8   07:43  13.5   0.0   0.0   2.7  15.0   12:50   SSW
 5   3.5   7.1   11:52   0.0   03:14  14.8   0.0   0.0   5.1  20.0   12:42   NNE
 6   3.6   8.2   15:54  -0.7   06:39  14.7   0.0   0.0   4.9  14.0   11:40   WNW
 7   7.9  12.4   14:00   1.9   02:26  10.4   0.0   0.0  16.5  43.0   22:52   SSW
 8   8.6  10.9   14:19   4.4   23:46   9.7   0.0   5.0  16.0  45.0   02:26    SW
 9   6.9  10.1   23:46   4.2   00:37  11.4   0.0   2.6  15.4  38.0   20:34    SW
10  11.2  14.2   11:42   7.3   23:52   7.0   0.0   0.0  15.7  43.0   16:53   WSW
11   8.8  12.7   15:01   4.8   04:53   9.5   0.0   0.8  19.2  50.0   23:36    SW
12   6.1   9.8   14:24   2.7   05:28  12.2   0.0   0.0  20.0  46.0   14:43   WSW
13   6.1   8.6   13:58   4.1   20:47  12.2   0.0   0.0   8.4  30.0   01:29   WNW
14   7.7  11.0   13:23   4.3   01:31  10.6   0.0   0.4  12.7  43.0   23:15     S
15   8.5  10.4   03:25   5.1   22:34   9.8   0.0   2.0  15.6  39.0   04:42    SW
16   7.4  11.0   15:03   4.3   01:47  10.9   0.0   0.0   8.7  30.0   23:52    SW
17  10.7  14.5   14:39   7.2   00:14   7.6   0.0   0.0  20.2  42.0   19:54    SW
18   8.0  12.4   02:42   5.6   23:55  10.3   0.0   0.2   8.6  36.0   00:16     W
19   5.9   8.8   16:41   3.7   06:11  12.4   0.0   0.0   2.4  11.0   11:04     N
20   6.1   9.0   12:10   4.0   06:29  12.2   0.0   0.0   8.8  27.0   12:56    NE
21   5.9   8.7   11:11   4.2   03:34  12.4   0.0   0.0   8.4  27.0   11:31     E
22   5.5   9.0   13:21   1.6   23:41  12.8   0.0   0.0   5.2  20.0   14:02     E
23   6.3  13.1   15:54   0.3   06:12  12.0   0.0   0.0   5.0  22.0   20:45   SSE
24   8.7  15.7   14:39   1.2   02:54   9.6   0.0   0.0   9.6  27.0   09:26     S
25   8.6  15.8   15:31   2.6   05:55   9.7   0.0   0.0   3.7  16.0   00:44   SSE
26   6.2  12.4   12:58   0.7   05:49  12.1   0.0   0.0   3.6  16.0   14:23   ENE
27   5.4  10.7   13:00   0.3   05:00  12.9   0.0   0.0   6.9  22.0   14:40   NNE
28   6.3   9.2   10:15   3.1   21:16  12.0   0.0   0.4  12.5  40.0   15:44   NNE
29   4.1   7.3   14:01   1.9   22:14  13.6   0.0   0.2  12.6  34.0   00:29   NNE
30   5.7  10.0   14:04   1.6   01:37  12.6   0.0   0.4  10.6  29.0   14:08     N
31   6.2   8.5   13:40   3.2   06:21  12.1   0.0   0.2   4.6  18.0   11:35   NNE
----------------------------------------------------------------------------------
     6.6  15.8    25    -0.8     2   362.3   0.0  12.2  10.4  50.0    11      SW

Max >=  27.0:  0
Max <=   0.0:  0
Min <=   0.0:  3
Min <= -18.0:  0
Max Rain: 5.0 on day 8
Days of Rain: 10 (>= 0.2 mm)  3 (>= 2.0 mm)  0 (>= 20.0 mm)
Heat Base: 18.3  Cool Base: 18.3  Method: Integration

Data updates at regular intervals.