Back to Top

NOAA Climate Reports...


Report for 2020 Feb
                   Monthly Climatological Summary for Feb 2020

Name: www.delerius-weather.com   City: Worsbrough   State: South Yorkshire
Elevation: 42 m  Lat: N 53° 39' 10"   Lon: W 000° 36' 49"

                  Temperature (°C), Rain (mm), Wind Speed (mph)

                                      Heat  Cool        Avg
    Mean                              Deg   Deg         Wind                 Dom
Day Temp  High   Time   Low    Time   Days  Days  Rain  Speed High   Time    Dir
----------------------------------------------------------------------------------
 1   8.9  10.5   00:00   6.9   23:39   9.4   0.0   0.0  16.8  43.0   11:28   WSW
 2   7.5  10.6   14:45   5.4   08:25  10.8   0.0   3.8   7.2  25.0   23:48    SW
 3   7.2   9.3   04:08   3.7   22:04  11.1   0.0   0.0  14.1  35.0   11:10     W
 4   5.8   9.0   13:53   2.9   03:09  12.5   0.0   0.2  13.8  44.0   02:34   WNW
 5   4.0   7.4   13:30   1.0   07:55  14.3   0.0   0.0   4.8  13.0   12:13   WSW
 6   3.9   8.3   15:05   0.9   23:53  14.4   0.0   0.0   3.2  10.0   02:28    SW
 7   4.2   8.6   13:44  -0.9   02:17  14.1   0.0   0.0   6.8  25.0   21:26   SSE
 8   7.8   9.3   02:51   5.9   07:15  10.5   0.0   0.8  18.8  48.0   23:11   SSW
 9   9.5  13.4   11:26   6.6   23:12   8.8   0.0  11.2  28.0  64.0   09:15    SW
10   4.9   7.9   00:17   1.9   20:09  13.4   0.0   2.6  20.0  53.0   00:22   WSW
11   4.1   5.3   14:00   2.2   11:52  14.2   0.0   0.2  20.2  44.0   15:50   WSW
12   4.0   6.8   13:06   1.4   23:57  14.3   0.0   0.2  13.9  37.0   01:58   WSW
13   5.0   7.8   14:14   1.2   00:14  13.3   0.0   5.4  10.7  30.0   06:02     W
14   6.6  10.2   15:36   2.3   05:44  11.7   0.0   0.0  13.4  42.0   14:17   SSW
15  10.5  13.3   21:09   6.8   03:52   7.8   0.0   3.2  22.5  61.0   19:20   SSW
16   7.5  11.2   01:02   4.0   19:52  10.8   0.0  17.4  20.0  48.0   19:22    SW
17   6.4   9.4   13:05   3.4   21:25  11.9   0.0   0.0  20.3  51.0   01:26    SW
18   5.7   9.5   14:39   3.6   03:57  12.6   0.0   0.0  16.5  38.0   16:44    SW
19   5.6   8.9   23:55   3.5   05:41  12.7   0.0   1.0  16.0  34.0   19:40    SW
20   7.0  10.4   10:09   4.0   15:21  11.3   0.0   1.6  19.1  45.0   12:03    SW
21   7.7  10.6   15:37   3.9   02:56  10.6   0.0   0.0  24.1  46.0   09:36    SW
22   8.6  10.9   06:46   5.8   21:00   9.7   0.0   0.6  21.7  51.0   15:41   WSW
23   6.0   8.2   13:08   4.1   23:39  12.3   0.0   5.2  13.1  46.0   14:05     W
24   6.7  13.7   14:59   2.5   06:49  11.6   0.0   6.2  15.1  43.0   16:53    SW
25   4.1   6.6   12:02   2.2   23:08  14.2   0.0   0.2  10.9  33.0   01:07   WSW
26   3.7   7.3   14:58   1.6   06:49  14.6   0.0   0.0  12.3  32.0   14:19     W
27   3.6   6.6   14:34   0.4   07:08  14.7   0.0   2.8  13.6  35.0   16:51     W
28   5.0  10.3   21:07   1.4   02:17  13.3   0.0   5.0  13.5  33.0   16:22     S
29   7.0  10.6   01:16   4.1   20:15  11.0   0.0   4.2  21.2  50.0   19:03   SSW
----------------------------------------------------------------------------------
     6.2  13.7    24    -0.9     7   351.9   0.0  71.8  15.6  64.0     9      SW

Max >=  27.0:  0
Max <=   0.0:  0
Min <=   0.0:  1
Min <= -18.0:  0
Max Rain: 17.4 on day 16
Days of Rain: 19 (>= 0.2 mm)  11 (>= 2.0 mm)  0 (>= 20.0 mm)
Heat Base: 18.3  Cool Base: 18.3  Method: Integration

Data updates at regular intervals.