Back to Top

NOAA Climate Reports...


Report for 2020
                   Annual Climatological Summary for 2020

Name: www.delerius-weather.com   City: Winterton   State: North Lincolnshire
Elevation: 42 m  Lat: N 53° 39' 10"   Lon: W 000° 36' 49"

                  Temperature (°C), Heat Base: 18.3  Cool Base: 18.3
                          Dep.  Heat  Cool                       Max  Max  Min  Min
        Mean  Mean        From  Deg   Deg                        >=   <=   <=   <=
 YR MO  Max   Min   Mean  Norm  Days  Days  Hi  Date  Low  Date 27.0  0.0  0.0 -18.0
------------------------------------------------------------------------------------
 20  1   8.9   4.1   6.5   0.0   354     0  13.3  14   0.0   17    0    0    1    0
 20  2   9.4   3.2   6.2   0.0   351     0  13.7  24  -0.9    7    0    0    1    0
 20  3  10.5   2.8   6.6   0.0   362     0  15.8  25  -0.8    2    0    0    3    0
 20  4  14.7   5.8  10.0   0.0   250     1  21.4  11   2.8   14    0    0    0    0
 20  5  17.7   7.4  12.7   0.0   184     9  26.7  20   0.0   14    0    0    1    0
 20  6  18.8  10.8  14.6   0.0   130    18  29.4  26   6.3    9    2    0    0    0
 20  7  19.5  11.9  15.5   0.0    97    13  33.3  31   8.1   12    1    0    0    0
 20  8  20.9  13.4  16.8   0.0    71    24  30.4   7   5.8   31    2    0    0    0
 20  9  18.3  10.1  14.1   0.0   135    10  26.4  15   5.6   28    0    0    0    0
 20 10  13.2   7.6  10.4   0.0   246     0  17.0  20   4.4   23    0    0    0    0
 20 11  11.2   5.5   8.5   0.0   292     0  17.9   1   0.5   20    0    0    0    0
 20 12   7.0   2.7   4.9   0.0   416     0  12.7  18  -1.9   31    0    0    7    0
------------------------------------------------------------------------------------
        14.2   7.1  10.6   0.0  2893    77  33.3 Jul  -1.9  Dec    5    0   13    0

                                Precipitation (mm)

              Dep.   Max        Days of Rain
              From   Obs.           >=
 YR MO Total  Norm   Day Date  0.2  2.0 20.0
---------------------------------------------
 20  1  23.2   0.0   8.4   9    15    3    0
 20  2  71.8   0.0  17.4  16    19   11    0
 20  3  12.2   0.0   5.0   8    10    3    0
 20  4   3.0   0.0   1.6  28     3    0    0
 20  5   1.0   0.0   0.4  11     4    0    0
 20  6  36.6   0.0   7.0  12    12    8    0
 20  7  38.2   0.0   9.6   9    15    5    0
 20  8  40.4   0.0  13.2  25    13    6    0
 20  9  29.0   0.0  11.4   2     9    5    0
 20 10  53.8   0.0  10.4   8    23    9    0
 20 11  13.4   0.0   1.6  11    17    0    0
 20 12  48.8   0.0   8.4   4    19   10    0
---------------------------------------------
       371.4   0.0  17.4  Feb  159   60    0

                                Wind Speed (mph)
                          Dom
 YR MO   Avg.  Hi   Date  Dir
------------------------------
 20  1  12.1  56.0   13    SW
 20  2  15.6  64.0    9    SW
 20  3  10.4  50.0   11    SW
 20  4   6.6  38.0    2     E
 20  5   6.6  42.0   22     W
 20  6   7.4  43.0   28    SW
 20  7   7.3  37.0    5   WSW
 20  8   9.3  58.0   21   WSW
 20  9   8.9  47.0   25     W
 20 10   9.9  46.0   31    SW
 20 11   9.8  51.0    1   SSW
 20 12   9.7  49.0   26   SSW
------------------------------
         9.5  64.0  Feb    SW

Data updates at regular intervals.