Back to Top

NOAA Climate Reports...


Report for 2019 Oct
                   Monthly Climatological Summary for Oct 2019

Name: www.delerius-weather.com   City: Worsbrough   State: South Yorkshire
Elevation: 93 m  Lat: N 53° 53' 14"   Lon: W 001° 47' 53"

                  Temperature (°C), Rain (mm), Wind Speed (mph)

                                      Heat  Cool        Avg
    Mean                              Deg   Deg         Wind                 Dom
Day Temp  High   Time   Low    Time   Days  Days  Rain  Speed High   Time    Dir
----------------------------------------------------------------------------------
 1   9.9  11.6   00:25   6.2   23:20   8.4   0.0  12.4   4.4  20.0   17:05    NE
 2   8.5  14.6   15:57   4.3   23:58   9.8   0.0   0.0   5.8  20.0   11:57   WNW
 3   6.6  11.0   15:55   1.4   05:28  11.7   0.0   3.8   3.7  24.0   21:40    SE
 4  11.8  16.1   14:21   9.4   00:00   6.5   0.0   1.4   4.1  16.0   06:36    NW
 5  10.6  15.1   15:01   6.2   05:41   7.7   0.0   1.8   3.4  19.0   23:55    SE
 6  12.4  16.5   13:02   9.9   01:13   5.9   0.0   6.0   8.2  29.0   12:04   WNW
 7  11.6  13.2   19:07   9.9   08:41   6.7   0.0   1.6   6.3  24.0   15:20     S
 8  12.6  16.9   13:06  10.3   03:26   5.7   0.0   0.0   9.2  31.0   11:39   WSW
 9  10.5  12.4   14:29   8.8   22:38   7.8   0.0   2.0   8.4  30.0   15:57   WSW
10  12.1  15.2   13:43   9.2   00:00   6.2   0.0   1.6  11.4  34.0   22:48   WSW
11  13.1  14.8   15:20  11.4   23:34   5.2   0.0   4.6   7.5  28.0   03:52   WSW
12  11.6  15.7   14:01   9.3   08:23   6.7   0.0   0.4   4.5  20.0   01:19   WSW
13  10.9  12.2   18:01   9.3   23:58   7.4   0.0   2.8   4.8  32.0   18:11    SW
14   9.6  12.4   12:50   7.5   07:09   8.7   0.0   7.6   2.5  13.0   23:55   ENE
15  10.6  13.0   12:21   9.2   05:45   7.7   0.0   2.8   3.4  13.0   00:48   WNW
16  10.4  14.3   14:45   4.6   23:52   7.9   0.0   0.6   5.1  27.0   12:29   WSW
17   9.1  14.5   14:27   4.1   01:36   9.2   0.0   0.0   3.7  23.0   13:22   SSE
18  10.2  12.9   13:14   7.6   07:57   8.1   0.0   4.2   5.6  22.0   13:59   SSW
19   9.7  12.9   14:24   7.5   04:02   8.6   0.0   0.0   3.2  16.0   19:34   WNW
20   9.2  11.2   11:57   7.4   06:39   9.1   0.0   0.6   6.3  23.0   12:08   NNW
21   9.1  10.6   13:56   5.2   23:58   9.2   0.0   0.0   4.1  19.0   07:55   NNW
22   7.4  12.8   14:56   2.0   04:54  10.9   0.0   0.0   2.8  21.0   14:43   WSW
23   9.3  13.4   13:52   4.8   07:09   9.0   0.0   0.0   3.4  21.0   14:39   SSW
24   9.6  12.8   16:38   7.1   07:51   8.7   0.0   1.0   2.0  15.0   13:13   WSW
25   8.7  13.5   18:32   6.7   05:56   9.6   0.0  22.2   2.5  15.0   18:25     S
26   5.4   6.9   00:00   3.5   21:34  12.9   0.0  14.0   2.2  13.0   09:50    NW
27   7.3  12.3   13:55   2.6   23:32  11.4   0.0   0.0   8.4  30.0   02:34   WNW
28   4.5   9.5   13:44   0.1   07:04  13.8   0.0   0.0   1.4  11.0   14:40   NNE
29   6.1  10.8   14:10   1.8   07:37  12.2   0.0   0.0   3.1  20.0   11:57    NE
30   6.2  10.6   11:41   1.8   23:52  12.1   0.0   0.6   2.1  19.0   11:44   ESE
31   5.5   9.6   14:21   0.5   07:18  12.8   0.0   0.0   3.1  16.0   12:01    SE
----------------------------------------------------------------------------------
     9.4  16.9     8     0.1    28   277.6   0.0  92.0   4.7  34.0    10     WSW

Max >=  27.0:  0
Max <=   0.0:  0
Min <=   0.0:  0
Min <= -18.0:  0
Max Rain: 22.2 on day 25
Days of Rain: 20 (>= 0.2 mm)  11 (>= 2.0 mm)  1 (>= 20.0 mm)
Heat Base: 18.3  Cool Base: 18.3  Method: Integration

Data updates at regular intervals.