Back to Top

NOAA Climate Reports...


Report for 2019 Jun
                   Monthly Climatological Summary for Jun 2019

Name: www.delerius-weather.com   City: Worsbrough   State: South Yorkshire
Elevation: 93 m  Lat: N 53° 53' 14"   Lon: W 001° 47' 53"

                  Temperature (°C), Rain (mm), Wind Speed (mph)

                                      Heat  Cool        Avg
    Mean                              Deg   Deg         Wind                 Dom
Day Temp  High   Time   Low    Time   Days  Days  Rain  Speed High   Time    Dir
----------------------------------------------------------------------------------
 1  17.3  21.8   15:49  13.6   05:27   1.5   0.6   0.0   3.3  18.0   00:02    SW
 2  18.1  22.2   11:25  13.6   23:58   1.0   0.8   0.0  11.8  31.0   17:10    SW
 3  16.0  19.4   16:20  11.1   23:58   0.8   0.0   0.0   6.9  31.0   09:58   WSW
 4  12.7  17.3   14:03   9.1   04:16   5.6   0.0   6.8   3.8  19.0   18:35    SE
 5  11.8  14.9   18:41   8.1   23:58   6.5   0.0   0.2   4.9  24.0   08:46    SW
 6  12.9  19.3   15:15   6.9   03:09   5.5   0.0   0.0   4.8  34.0   19:12    SW
 7  11.3  16.3   11:25   5.4   04:49   7.0   0.0   9.8   3.7  20.0   12:05   ENE
 8  11.3  12.4   09:25   9.3   05:29   7.0   0.0   3.0   6.0  30.0   12:23     W
 9  12.7  18.2   14:26   7.4   05:24   5.6   0.0   0.0   3.7  26.0   14:36     W
10  10.5  15.9   12:25   5.8   05:15   7.6   0.0   5.4   3.7  16.0   23:40   NNE
11  10.1  10.9   01:39   9.1   20:53   8.2   0.0   5.8   6.8  23.0   08:23     N
12  11.7  13.0   18:01   9.3   00:00   1.7   0.0  10.0   3.4  20.0   04:56    NE
13  11.0  14.3   11:27   8.7   23:59   7.3   0.0   2.2   2.9  16.0   11:36   NNW
14  12.0  16.7   15:17   7.8   01:02   6.3   0.0   2.8   3.2  19.0   12:00   SSW
15  13.6  16.9   15:23   9.3   23:36   3.5   0.0   7.6   5.8  25.0   10:39     S
16  13.0  18.3   17:42   6.6   03:33   5.3   0.0   5.6   6.1  25.0   17:27   SSW
17  14.9  18.3   15:07  12.7   23:50   3.4   0.0   1.8   7.0  25.0   03:18    SW
18  15.8  20.8   17:14  10.9   04:42   3.0   0.5   0.6   3.0  14.0   11:16   WSW
19  16.2  21.2   15:42  11.9   23:59   2.6   0.4   2.0   2.8  19.0   17:47   WNW
20  14.0  18.8   15:24   9.2   02:16   4.3   0.0   0.0   5.9  25.0   16:31     W
21  14.3  19.6   17:57   8.6   03:28   4.1   0.1   0.0   4.7  25.0   12:25     W
22  15.6  22.3   17:31   6.9   02:50   3.8   1.1   0.0   3.0  16.0   18:22    SE
23  15.4  19.1   12:32  11.5   05:07   3.0   0.1   0.6   4.1  19.0   14:19     E
24  16.7  20.9   20:12  14.1   00:47   2.1   0.4   2.0   1.6  11.0   01:37     N
25  14.5  18.2   00:00  12.3   23:27   3.8   0.0  12.2   4.8  18.0   14:28     N
26  12.6  14.7   16:58  11.1   23:56   5.7   0.0   2.0   3.8  13.0   00:37   NNE
27  14.3  21.4   15:20   6.5   05:00   4.7   0.7   0.0   3.3  16.0   15:53     E
28  16.0  21.9   16:28  11.3   05:20   3.1   0.8   0.0   5.5  16.0   16:39   ESE
29  21.1  30.2   17:20  12.2   04:40   1.8   4.6   0.0   4.4  24.0   22:58    SE
30  18.3  23.1   14:07  14.4   05:18   1.0   1.1   0.0  10.7  28.0   16:29     W
----------------------------------------------------------------------------------
    14.2  30.2    29     5.4     7   126.8  11.2  80.4   4.8  34.0     6     WSW

Max >=  27.0:  1
Max <=   0.0:  0
Min <=   0.0:  0
Min <= -18.0:  0
Max Rain: 12.2 on day 25
Days of Rain: 18 (>= 0.2 mm)  14 (>= 2.0 mm)  0 (>= 20.0 mm)
Heat Base: 18.3  Cool Base: 18.3  Method: Integration

Data updates at regular intervals.