Back to Top

NOAA Climate Reports...


Report for 2019 May
                   Monthly Climatological Summary for May 2019

Name: www.delerius-weather.com   City: Worsbrough   State: South Yorkshire
Elevation: 93 m  Lat: N 53° 53' 14"   Lon: W 001° 47' 53"

                  Temperature (°C), Rain (mm), Wind Speed (mph)

                                      Heat  Cool        Avg
    Mean                              Deg   Deg         Wind                 Dom
Day Temp  High   Time   Low    Time   Days  Days  Rain  Speed High   Time    Dir
----------------------------------------------------------------------------------
 1  12.5  17.6   14:05   7.9   05:53   5.8   0.0   0.0   2.5  13.0   22:14   WNW
 2  11.0  16.4   17:04   7.2   05:25   7.3   0.0   6.6   5.6  25.0   12:47    NW
 3   6.5   8.4   16:53   4.9   23:48  11.8   0.0   2.8   1.6  14.0   17:04    NE
 4   6.3  10.9   13:37   2.2   05:28  10.4   0.0   0.0  ----  28.0   09:32   NNW
 5   7.8  13.2   17:21   3.3   04:08  10.5   0.0   0.0  ----  23.0   18:04   WNW
 6   8.0  11.7   09:31   5.6   23:49  10.3   0.0   1.8  ----  16.0   08:09    NW
 7   8.1  12.1   14:58   3.7   05:12  10.2   0.0   1.0  ----  10.0   10:50   ESE
 8   7.3   8.0   14:25   6.6   01:26  11.0   0.0   7.8  ----  20.0   14:41   ENE
 9   7.0   8.0   10:58   5.9   23:01  11.3   0.0   2.0  ----  16.0   14:12   NNE
10   7.5  11.2   14:36   5.2   01:50  10.8   0.0   2.4  ----  13.0   14:37   ESE
11   9.2  13.8   12:25   5.2   03:35   9.1   0.0   1.6  ----  15.0   15:53     N
12  10.6  17.4   16:18   1.6   05:19   7.7   0.0   0.2  ----  16.0   21:14   SSE
13  14.2  20.4   14:48   5.4   05:49   4.5   0.4   0.0  ----  15.0   17:43     S
14  14.5  20.9   15:42   6.0   05:41   4.3   0.5   0.0  ----  15.0   13:56    SE
15  14.0  20.1   16:10   5.9   05:28   4.6   0.3   0.0  ----  16.0   11:56   ESE
16  11.3  17.1   15:31   3.6   05:36   7.0   0.0   0.0  ----  24.0   16:01     E
17  12.6  18.6   13:58   8.8   04:47   5.7   0.0   1.0  ----  23.0   14:58    NE
18  12.0  14.9   17:41   9.4   05:04   6.2   0.0   0.2  ----  13.0   02:15    NE
19  13.5  17.6   12:37  10.1   23:57   4.8   0.0   0.0  ----  14.0   15:33   WNW
20  14.1  20.9   15:47   7.0   03:51   4.5   0.4   0.0  ----  20.0   16:10   WNW
21  13.9  19.9   14:39   8.2   04:36   4.6   0.2   0.0  ----  22.0   09:59   WNW
22  14.1  20.4   15:09   7.6   04:14   4.5   0.3   0.0  ----  21.0   14:22     W
23  15.2  21.2   15:34   8.8   05:39   3.7   0.5   0.0  ----  20.0   18:09   WNW
24  15.5  20.7   16:18  10.4   02:40   3.3   0.5   0.0  ----  28.0   13:52   WNW
25  15.3  22.0   13:08   8.9   05:48   3.4   0.4   0.2  ----  21.0   15:31   WNW
26  15.5  18.6   11:09  10.7   23:19   2.8   0.0   0.2  ----  33.0   15:23     W
27  13.3  18.1   15:56  10.2   23:47   5.0   0.0   0.4  ----  28.0   09:38   WNW
28  11.3  16.8   15:04   8.1   23:57   7.0   0.0   0.4  ----  19.0   16:40     N
29  11.1  16.4   12:48   3.1   05:39   7.1   0.0   0.0  ----  26.0   12:55   SSW
30  18.0  21.8   17:36  14.9   05:52   1.2   0.8   0.0  ----  34.0   04:25   WSW
31  17.5  21.6   18:20  14.6   05:36   1.3   0.5   0.0  ----  29.0   19:35   WSW
----------------------------------------------------------------------------------
    11.9  22.0    25     1.6    12   201.7   4.8  28.6   3.3  34.0    30      NW

Max >=  27.0:  0
Max <=   0.0:  0
Min <=   0.0:  0
Min <= -18.0:  0
Max Rain: 7.8 on day 8
Days of Rain: 15 (>= 0.2 mm)  5 (>= 2.0 mm)  0 (>= 20.0 mm)
Heat Base: 18.3  Cool Base: 18.3  Method: Integration

Data updates at regular intervals.