Back to Top

NOAA Climate Reports...


Report for 2019 Apr
                   Monthly Climatological Summary for Apr 2019

Name: www.delerius-weather.com   City: Worsbrough   State: South Yorkshire
Elevation: 93 m  Lat: N 53° 53' 14"   Lon: W 001° 47' 53"

                  Temperature (°C), Rain (mm), Wind Speed (mph)

                                      Heat  Cool        Avg
    Mean                              Deg   Deg         Wind                 Dom
Day Temp  High   Time   Low    Time   Days  Days  Rain  Speed High   Time    Dir
----------------------------------------------------------------------------------
 1   7.1  12.9   16:40   2.1   01:12  11.6   0.0   0.0   4.3  19.0   16:09    SE
 2   6.4   9.8   15:39   3.6   23:54  11.4   0.0   1.8   5.3  22.0   17:02   WNW
 3   4.3   8.3   17:20  -0.9   06:51  14.0   0.0   0.6   2.0  21.0   16:27   WSW
 4   5.3   9.2   16:08   1.8   01:53  13.0   0.0   2.2   8.0  37.0   16:12   ESE
 5   7.2  12.4   17:10   3.5   06:34   8.9   0.0   0.0   6.5  30.0   12:02   ESE
 6   8.3  12.6   15:59   4.9   07:27  10.0   0.0   0.0   2.9  13.0   12:25   ENE
 7   8.9  13.7   15:43   7.0   07:51   9.4   0.0   0.0   3.4  13.0   20:23    NE
 8   8.9  12.7   15:26   7.2   05:06   9.4   0.0   0.0   4.9  18.0   13:04    NE
 9   7.8  12.0   13:31   4.5   23:56  10.5   0.0   0.0   6.4  26.0   15:36   ENE
10   5.6  10.6   15:23   1.4   06:47  12.7   0.0   0.0   5.0  20.0   12:48   ENE
11   5.6  11.7   16:49  -0.2   01:37  12.7   0.0   0.0   3.1  18.0   11:30    SE
12   4.5   9.1   11:20  -2.0   06:39  13.8   0.0   0.0   3.4  18.0   11:15   ESE
13   3.9  10.2   14:18  -2.7   05:32  14.4   0.0   0.0   4.0  21.0   15:47     E
14   3.9   7.8   13:00  -2.9   05:35  14.4   0.0   0.0   4.9  23.0   12:37   ESE
15   7.0  12.9   15:41   0.2   05:17  11.2   0.0   0.0   7.5  28.0   11:00   ESE
16   8.9  13.2   14:15   5.4   06:09   9.4   0.0   0.0   3.6  14.0   16:09   ENE
17  10.9  17.7   14:48   6.8   06:24   7.4   0.0   0.0   4.1  18.0   17:18   ENE
18  11.4  18.9   15:08   6.2   02:23   6.9   0.0   0.0   2.9  18.0   14:33   ENE
19  12.6  22.0   17:09   4.1   06:07   6.3   0.6   0.0   2.0  12.0   14:37   ENE
20  13.9  23.2   14:32   2.9   05:47   5.7   1.4   0.0   1.5  13.0   13:56    SE
21  15.1  23.6   16:16   4.6   05:58   4.8   1.6   0.0   2.8  21.0   16:50   SSE
22  14.7  22.3   15:23   5.3   06:20   4.5   0.9   0.0   2.9  19.0   15:58   ESE
23  12.0  17.8   14:44   7.4   04:46   6.3   0.0   0.0   3.2  18.0   18:37    NE
24  11.2  18.6   15:49   7.1   03:28   7.1   0.0   3.6   4.6  32.0   17:46   SSE
25  10.0  14.1   15:46   5.9   23:55   8.3   0.0   0.2   4.1  21.0   13:07    SE
26   9.4  13.8   11:25   4.8   05:38   8.9   0.0   0.8   7.1  31.0   13:49     S
27   8.5  10.9   12:00   6.3   06:05   9.8   0.0   3.0  13.0  38.0   14:24     W
28   9.9  14.5   15:17   5.1   05:07   8.3   0.0   0.0   6.4  16.0   11:32   NNW
29   8.8  14.6   14:53   2.8   04:32   9.5   0.0   0.0  ----  13.0   13:45    SE
30  10.5  17.6   16:19   3.0   04:52   7.8   0.0   0.0  ----  15.0   14:01    SE
----------------------------------------------------------------------------------
     8.8  23.6    21    -2.9    14   288.4   4.5  12.2   4.6  38.0    27     ESE

Max >=  27.0:  0
Max <=   0.0:  0
Min <=   0.0:  5
Min <= -18.0:  0
Max Rain: 3.6 on day 24
Days of Rain: 7 (>= 0.2 mm)  3 (>= 2.0 mm)  0 (>= 20.0 mm)
Heat Base: 18.3  Cool Base: 18.3  Method: Integration

Data updates at regular intervals.