Back to Top

NOAA Climate Reports...


Report for 2019 Mar
                   Monthly Climatological Summary for Mar 2019

Name: www.delerius-weather.com   City: Worsbrough   State: South Yorkshire
Elevation: 93 m  Lat: N 53° 53' 14"   Lon: W 001° 47' 53"

                  Temperature (°C), Rain (mm), Wind Speed (mph)

                                      Heat  Cool        Avg
    Mean                              Deg   Deg         Wind                 Dom
Day Temp  High   Time   Low    Time   Days  Days  Rain  Speed High   Time    Dir
----------------------------------------------------------------------------------
 1   7.6   9.6   16:12   5.9   07:38  10.7   0.0   0.2   1.9  18.0   23:19     S
 2   9.9  13.7   11:52   6.3   06:45   8.4   0.0   0.6  10.8  37.0   18:57    SW
 3   8.0  10.9   18:31   4.2   23:08  10.3   0.0   3.4  12.2  44.0   18:33    SW
 4   5.8  10.6   13:27   2.8   23:24  12.5   0.0   2.8  13.1  37.0   08:49     W
 5   7.0  11.9   13:36   2.4   00:45  11.3   0.0   1.0   8.4  31.0   13:06    SW
 6   9.3  12.3   11:41   6.1   23:39   9.0   0.0  13.0   8.4  23.0   04:27     S
 7   6.3   7.8   14:25   2.8   23:56  12.0   0.0   0.4  11.7  31.0   04:54     W
 8   5.1   9.0   20:38  -0.2   06:37  13.2   0.0   0.4   8.2  39.0   20:35   WSW
 9   6.8   9.5   14:39   4.6   23:52  11.4   0.0   2.8  14.2  47.0   10:21     W
10   3.7   7.6   13:20   1.3   06:45  14.6   0.0  11.2  10.9  47.0   13:05     W
11   6.0   9.3   12:54   1.9   00:00  12.3   0.0   2.4  15.0  41.0   00:21     W
12   6.3   9.0   07:23   3.7   09:54  12.0   0.0   4.6  15.8  45.0   20:19   WSW
13   7.3   9.7   14:10   5.2   00:07  11.0   0.0   4.0  20.6  47.0   12:21     W
14   8.5  10.7   12:26   6.7   00:00   9.5   0.0   3.2  17.0  47.0   04:43     W
15   9.1  11.6   05:30   4.9   21:51   9.1   0.0   0.4  18.2  52.0   08:15     W
16   8.3  11.8   12:16   4.3   23:36  10.0   0.0  10.8  12.4  40.0   15:19   WSW
17   5.7   9.4   15:49   3.2   06:30  12.6   0.0   0.4  12.1  35.0   10:49   WNW
18   7.0  10.6   11:24   3.4   04:26  11.3   0.0   0.4   5.6  20.0   08:16     W
19   9.4  13.4   15:02   5.7   05:34   8.9   0.0   0.0   4.2  22.0   17:22   WSW
20  13.9  20.5   15:16   9.3   02:13   4.6   0.3   0.0   4.8  18.0   07:52     W
21  11.8  15.0   15:29  10.1   03:12   6.5   0.0   0.0   4.4  20.0   09:06     W
22  11.4  14.7   14:47   8.7   23:55   6.9   0.0   0.0   7.8  30.0   15:19    SW
23   8.1  11.9   13:28   5.1   23:52  10.2   0.0   0.0   3.2  14.0   00:28   WNW
24   6.7  11.4   13:34   0.2   06:30  11.2   0.0   0.0  13.1  33.0   15:15     W
25   8.0  14.0   15:07   2.6   23:58  10.3   0.0   0.0   5.9  22.0   01:01    NW
26   7.8  13.3   13:08   1.7   01:42  10.5   0.0   0.0   6.0  25.0   15:40   WNW
27   9.0  12.1   14:48   4.8   23:56   9.2   0.0   0.0   4.9  20.0   14:13   WNW
28   9.4  16.7   15:00   2.0   06:27   8.9   0.0   0.0   2.2  15.0   10:55   WSW
29   9.5  19.7   14:54   0.3   05:40   8.8   0.1   0.0   1.6  13.0   17:37     W
30   8.0  14.6   13:37   0.5   05:35  10.3   0.0   0.0   4.0  18.0   14:05    NW
31   7.3  11.2   12:32   3.6   23:50  10.5   0.0   0.0   4.5  18.0   12:32     E
----------------------------------------------------------------------------------
     8.0  20.5    20    -0.2     8   318.0   0.4  62.0   9.1  52.0    15       W

Max >=  27.0:  0
Max <=   0.0:  0
Min <=   0.0:  1
Min <= -18.0:  0
Max Rain: 13.0 on day 6
Days of Rain: 18 (>= 0.2 mm)  10 (>= 2.0 mm)  0 (>= 20.0 mm)
Heat Base: 18.3  Cool Base: 18.3  Method: Integration

Data updates at regular intervals.