Back to Top

NOAA Climate Reports...


Report for 2019 Feb
                   Monthly Climatological Summary for Feb 2019

Name: www.delerius-weather.com   City: Worsbrough   State: South Yorkshire
Elevation: 93 m  Lat: N 53° 53' 14"   Lon: W 001° 47' 53"

                  Temperature (°C), Rain (mm), Wind Speed (mph)

                                      Heat  Cool        Avg
    Mean                              Deg   Deg         Wind                 Dom
Day Temp  High   Time   Low    Time   Days  Days  Rain  Speed High   Time    Dir
----------------------------------------------------------------------------------
 1   0.3   2.1   14:13  -1.7   00:00  18.0   0.0   0.2   5.4  16.0   12:53     N
 2   1.0   4.4   11:50  -1.3   06:18  17.3   0.0   0.0   6.1  20.0   12:33    NW
 3   4.9   7.1   14:28  -2.6   01:01   7.3   0.0   0.0   8.8  28.0   16:19    SW
 4   6.4  10.0   11:48   1.6   23:55  11.9   0.0   2.2   8.4  31.0   05:42   WSW
 5   3.9   7.8   23:07  -1.4   07:04  14.4   0.0   2.2   4.8  31.0   05:37     S
 6   6.8   9.2   13:21   3.4   07:35  11.5   0.0   0.0   4.8  28.0   20:37    SW
 7   5.4   8.3   13:08   3.4   07:51  12.9   0.0   4.4  10.1  40.0   11:23   WSW
 8   8.1  11.6   13:40   4.8   00:00   9.1   0.0   2.4  13.7  41.0   13:22    SW
 9   6.9   9.5   13:39   5.1   23:54  11.4   0.0   1.2  16.8  55.0   06:14   WSW
10   4.7   7.8   13:55   2.7   22:49  13.6   0.0   0.4   5.4  55.0   06:09   WNW
11   4.6   9.4   15:06   0.7   23:56  13.7   0.0   0.0   3.2  33.0   13:53   WNW
12   6.9  11.6   15:43   0.5   00:26  11.4   0.0   0.0   5.3  30.0   12:23   WSW
13   9.5  12.1   15:21   7.0   23:05   8.8   0.0   0.0   8.6  30.0   12:23    SW
14   7.9  16.1   14:34   1.3   06:47  10.4   0.0   0.0   2.4  27.0   00:43     S
15   8.8  15.1   14:03   2.3   05:55   9.5   0.0   0.0   5.0  28.0   13:24     S
16  11.4  13.7   14:17   8.9   06:42   6.9   0.0   0.0   7.3  29.0   04:51   SSW
17  10.1  13.6   13:15   7.4   07:34   8.2   0.0   0.0   8.9  30.0   10:53   SSW
18   8.6  10.4   11:31   7.3   07:19   9.7   0.0   0.0  10.2  32.0   11:35    SW
19   8.0   9.3   11:11   6.5   07:34  10.3   0.0   0.0   9.2  32.0   11:29   WSW
20   9.4  11.6   14:17   7.2   02:12   8.8   0.0   0.6   8.1  30.0   03:48    SW
21  12.3  17.9   14:37   7.7   22:49   6.0   0.0   0.0   4.7  29.0   00:29   WSW
22  10.2  16.9   14:20   3.9   07:33   8.1   0.0   0.0   3.1  29.0   00:23   SSE
23   9.9  15.8   15:12   4.7   07:31   8.4   0.0   0.0   3.7  20.0   12:32   SSE
24   7.8  14.7   13:53   2.9   07:14  10.5   0.0   0.0   0.8  18.0   13:02     E
25   7.3  18.7   15:11  -0.6   07:14  11.0   0.0   0.2   1.2  11.0   13:43   SSE
26   8.8  18.9   14:28   1.2   07:02   9.5   0.0   0.0   1.2  12.0   16:17   ESE
27   8.4  18.4   14:40   1.1   06:16   9.9   0.0   0.0   1.3  14.0   16:13   WNW
28   6.1  10.2   15:26   1.6   04:45  12.2   0.0   0.0   1.3  12.0   09:14   NNE
----------------------------------------------------------------------------------
     7.3  18.9    26    -2.6     3   300.7   0.0  13.8   6.0  55.0     9      SW

Max >=  27.0:  0
Max <=   0.0:  0
Min <=   0.0:  5
Min <= -18.0:  0
Max Rain: 4.4 on day 7
Days of Rain: 9 (>= 0.2 mm)  4 (>= 2.0 mm)  0 (>= 20.0 mm)
Heat Base: 18.3  Cool Base: 18.3  Method: Integration

Data updates at regular intervals.