Back to Top

NOAA Climate Reports...


Report for 2019 Jan
                   Monthly Climatological Summary for Jan 2019

Name: www.delerius-weather.com   City: Worsbrough   State: South Yorkshire
Elevation: 93 m  Lat: N 53° 53' 14"   Lon: W 001° 47' 53"

                  Temperature (°C), Rain (mm), Wind Speed (mph)

                                      Heat  Cool        Avg
    Mean                              Deg   Deg         Wind                 Dom
Day Temp  High   Time   Low    Time   Days  Days  Rain  Speed High   Time    Dir
----------------------------------------------------------------------------------
 1   7.8  10.2   10:25   3.5   20:38  10.5   0.0   0.0   5.7  31.0   01:14   WNW
 2   4.3   5.4   12:40   3.2   23:04  14.0   0.0   0.0   1.1   9.0   10:22   NNW
 3   2.7   3.3   02:03   1.7   20:48  15.6   0.0   0.0   1.0  11.0   10:22   WNW
 4   3.7   4.9   23:21   1.8   02:14  14.6   0.0   0.0   2.2  12.0   11:27   WNW
 5   5.9   7.1   14:20   4.7   01:51  12.4   0.0   0.0   5.2  18.0   06:15   WNW
 6   8.5  11.2   12:08   6.0   00:00   9.7   0.0   0.0   6.7  23.0   11:30   WNW
 7   9.3  11.6   11:58   7.4   01:44   9.0   0.0   0.0  11.0  36.0   11:18     W
 8   6.3   8.6   13:14   3.2   23:54  12.0   0.0   0.0   9.4  33.0   00:05   WNW
 9   3.1   5.2   12:45  -0.1   23:42  15.2   0.0   0.0   3.9  19.0   11:38    NW
10   5.5   9.3   13:13  -0.7   01:20  12.8   0.0   0.0   4.9  18.0   13:45   WNW
11   7.2   9.6   11:31   5.3   08:53  11.1   0.0   0.0   5.3  26.0   23:52   WNW
12   9.2  10.8   23:16   8.3   01:20   9.1   0.0   0.2  15.0  46.0   20:45   WNW
13   9.4  11.7   12:44   6.9   22:33   8.9   0.0   0.0  18.5  46.0   02:49   WNW
14   7.0   9.3   14:01   5.7   08:09  11.3   0.0   0.0   8.3  37.0   00:26   WNW
15   8.3  10.3   14:32   6.1   00:21  10.0   0.0   0.0  10.8  28.0   15:05     W
16   6.6   9.4   02:54   3.3   23:07  11.7   0.0   0.6   9.3  30.0   03:29   WSW
17   2.1   5.4   13:51  -0.4   23:41  16.2   0.0   0.0   6.6  30.0   03:24    NW
18   1.2   3.9   14:10  -1.5   04:30  17.1   0.0   3.6   4.7  22.0   23:23   SSE
19   2.1   3.0   14:45   1.3   01:36  16.2   0.0   0.4   3.7  22.0   23:18    SE
20   3.3   5.8   15:01   1.9   18:56  15.0   0.0   0.2   1.2  14.0   00:27    NW
21   4.0   5.6   13:41   2.4   08:46  14.3   0.0   3.4   5.1  23.0   23:13   SSW
22   1.6   3.9   00:00  -1.4   23:51  16.7   0.0   2.2   4.3  23.0   23:13     W
23  -0.4   4.9   15:00  -3.1   21:08  18.7   0.0   0.0   2.6  23.0   03:43   WNW
24   2.0   6.6   15:09  -1.6   00:00  16.3   0.0   0.0   0.3  12.0   11:28   WNW
25   8.5  10.9   11:33   3.2   00:00   9.5   0.0   0.4   9.7  38.0   23:08   WNW
26   8.2   9.9   14:14   5.6   23:53  10.1   0.0   1.6  10.9  38.0   23:03   WSW
27   4.3   7.0   13:17   2.3   06:55  14.0   0.0   4.4  13.1  37.0   13:50   WNW
28   1.8   5.4   14:05  -1.1   20:32  16.5   0.0   0.0   6.0  37.0   13:45   WNW
29   2.2   3.8   13:21   0.7   01:19  16.1   0.0   1.2   5.6  22.0   11:12    SW
30   0.4   4.8   12:55  -3.5   23:59  17.9   0.0   0.0   4.0  21.0   13:44   WNW
31  -3.5  -1.3   21:49  -6.5   07:41  21.8   0.0   0.0   1.5  15.0   13:24   ENE
----------------------------------------------------------------------------------
     4.6  11.7    13    -6.5    31   424.3   0.0  18.2   6.4  46.0    12       W

Max >=  27.0:  0
Max <=   0.0:  1
Min <=   0.0: 10
Min <= -18.0:  0
Max Rain: 4.4 on day 27
Days of Rain: 11 (>= 0.2 mm)  4 (>= 2.0 mm)  0 (>= 20.0 mm)
Heat Base: 18.3  Cool Base: 18.3  Method: Integration

Data updates at regular intervals.