Back to Top

NOAA Climate Reports...


Report for 2019
                   Annual Climatological Summary for 2019

Name: www.delerius-weather.com   City: Worsbrough   State: South Yorkshire
Elevation: 42 m  Lat: N 53° 39' 10"   Lon: W 000° 36' 49"

                  Temperature (°C), Heat Base: 18.3  Cool Base: 18.3
                          Dep.  Heat  Cool                       Max  Max  Min  Min
        Mean  Mean        From  Deg   Deg                        >=   <=   <=   <=
 YR MO  Max   Min   Mean  Norm  Days  Days  Hi  Date  Low  Date 27.0  0.0  0.0 -18.0
------------------------------------------------------------------------------------
 19  1   7.0   2.1   4.6   0.0   424     0  11.7  13  -6.5   31    0    1   10    0
 19  2  11.9   3.1   7.3   0.0   300     0  18.9  26  -2.6    3    0    0    5    0
 19  3  12.0   4.0   8.0   0.0   317     0  20.5  20  -0.2    8    0    0    1    0
 19  4  14.3   3.5   8.8   0.0   288     4  23.6  21  -2.9   14    0    0    5    0
 19  5  16.7   7.1  11.9   0.0   201     4  22.0  25   1.6   12    0    0    0    0
 19  6  18.6   9.8  14.2   0.0   126    11  30.2  29   5.4    7    1    0    0    0
 19  7  23.4  13.2  18.2   0.0    54    51  35.8  25   7.5    3    4    0    0    0
 19  8  22.2  12.9  17.5   0.0    61    36  30.7  25   9.2   29    4    0    0    0
 19  9  18.5   9.7  14.0   0.0   134     4  23.1  12   2.8    8    0    0    0    0
 19 10  12.9   6.1   9.4   0.0   277     0  16.9   8   0.1   28    0    0    0    0
 19 11   8.2   3.3   6.1   0.0   274     0  12.9   2  -1.7   19    0    0    5    0
 19 12   8.0   2.6   5.3   0.0   195     0  12.7   6  -0.4    2    0    0    2    0
------------------------------------------------------------------------------------
        14.5   6.5  10.4   0.0  2657   113  35.8 Jul  -6.5  Jan    9    1   28    0

                                Precipitation (mm)

              Dep.   Max        Days of Rain
              From   Obs.           >=
 YR MO Total  Norm   Day Date  0.2  2.0 20.0
---------------------------------------------
 19  1  18.2   0.0   4.4  27    11    4    0
 19  2  13.8   0.0   4.4   7     9    4    0
 19  3  62.0   0.0  13.0   6    18   10    0
 19  4  12.2   0.0   3.6  24     7    3    0
 19  5  28.6   0.0   7.8   8    15    5    0
 19  6  80.4   0.0  12.2  25    18   14    0
 19  7  74.4   0.0  21.4  27    17    7    1
 19  8  33.8   0.0  11.0   9    13    5    0
 19  9  86.2   0.0  22.4  29    16   11    1
 19 10  92.0   0.0  22.2  25    20   11    1
 19 11  81.8   0.0  47.2   7    16    7    1
 19 12  15.6   0.0   7.8  12     7    3    0
---------------------------------------------
       599.0   0.0  47.2  Nov  167   84    4

                                Wind Speed (mph)
                          Dom
 YR MO   Avg.  Hi   Date  Dir
------------------------------
 19  1   6.4  46.0   12   WNW
 19  2   6.1  55.0    9    SW
 19  3   9.1  52.0   15     W
 19  4   4.6  38.0   27     E
 19  5   3.3  34.0   30    NW
 19  6   4.8  34.0    6   WSW
 19  7   5.2  36.0   20     W
 19  8   6.3  39.0   15   WSW
 19  9   5.4  40.0   11     W
 19 10   4.7  34.0   10   WSW
 19 11   4.9  26.0    7    NE
 19 12  12.9  51.0   10    SW
------------------------------
         6.1  55.0  Feb   WSW

Data updates at regular intervals.