Back to Top

NOAA Climate Reports...


Report for 2018 Dec
                   Monthly Climatological Summary for Dec 2018

Name: www.delerius-weather.com   City: Worsbrough   State: South Yorkshire
Elevation: 93 m  Lat: N 53° 53' 14"   Lon: W 001° 47' 53"

                  Temperature (°C), Rain (mm), Wind Speed (mph)

                                      Heat  Cool        Avg
    Mean                              Deg   Deg         Wind                 Dom
Day Temp  High   Time   Low    Time   Days  Days  Rain  Speed High   Time    Dir
----------------------------------------------------------------------------------
 1   8.2  10.9   19:30   5.7   04:43  10.1   0.0   1.0   5.8  19.0   19:23   SSW
 2  10.7  13.7   12:35   7.1   08:19   7.6   0.0   3.0   6.9  31.0   12:52   WSW
 3   7.2  11.0   00:11   0.8   23:10  11.2   0.0   4.0   5.1  31.0   00:44     W
 4   3.2   6.7   11:38  -0.4   06:54  15.1   0.0   0.0   0.4   8.0   02:27   WNW
 5   6.0  10.0   21:16   3.5   01:16  12.3   0.0   8.8   3.3  16.0   23:00    SE
 6  11.4  13.0   16:01   8.8   03:49   6.9   0.0   0.2   7.4  31.0   11:40   WSW
 7   8.9  13.0   03:52   5.6   16:20   9.4   0.0   2.6  14.5  38.0   13:23   WSW
 8   8.5  10.3   12:41   7.1   00:20   9.8   0.0   7.2  18.3  45.0   08:43     W
 9   6.8   9.6   12:15   4.3   21:26  11.5   0.0   2.0   8.4  33.0   00:04   WNW
10   6.0   9.7   12:02   3.9   03:34  12.3   0.0   0.0   2.5  15.0   10:33   WNW
11   4.6   9.0   12:49   1.9   04:10  13.7   0.0   0.0   1.9  13.0   21:50    SE
12   3.9   6.0   14:08   1.3   22:17  14.4   0.0   0.0   6.4  20.0   14:22    SE
13   3.6   5.4   12:23   1.9   20:45  14.7   0.0   0.0   5.9  24.0   03:04   ESE
14   0.8   4.1   12:10  -2.1   08:48  17.3   0.0   0.0   2.1  12.0   19:22    SE
15   1.5   6.9   23:30   0.4   00:16  16.8   0.0   6.4  12.3  32.0   14:04    SE
16   5.8   8.3   12:46   3.4   08:38  12.5   0.0   2.2   4.3  36.0   00:53    SW
17   6.2   8.6   13:00   3.9   03:47  12.1   0.0   0.0   4.7  20.0   21:45   SSW
18   8.5  10.3   09:12   5.7   23:57   9.8   0.0   3.4   9.6  38.0   08:16   SSE
19   6.4   9.4   13:15   5.4   02:06  11.9   0.0   0.0   4.9  23.0   21:26   SSW
20   7.0  10.0   13:23   5.7   03:05  11.3   0.0   0.0   6.3  24.0   10:31    SW
21   6.8   8.2   23:37   5.8   08:24  11.5   0.0   3.6   3.9  22.0   23:32   WSW
22   7.9   9.3   12:41   6.0   23:58  10.4   0.0   1.4   7.4  31.0   01:23     W
23   5.7   6.6   01:34   3.0   23:56  12.6   0.0  11.0   1.5   9.0   01:24   NNW
24   2.4   7.5   14:15  -0.2   23:22  15.9   0.0   0.0   0.5   6.0   00:04     N
25   4.8  10.2   13:24  -0.7   04:15  13.5   0.0   0.0   0.3  10.0   23:08     W
26   7.7  10.4   12:25   6.3   17:03  10.6   0.0   0.0   0.4   7.0   03:33   WSW
27   7.0  10.6   14:19   3.5   08:51  11.3   0.0   0.0   0.6   9.0   12:31     W
28   8.2  10.0   11:59   5.9   22:53  10.1   0.0   0.0   2.4  18.0   10:21     W
29   9.9  12.4   10:27   5.5   23:20   8.4   0.0   0.2  10.8  46.0   09:40     W
30   9.8  13.3   12:58   5.7   00:00   8.5   0.0   0.2   8.8  28.0   18:30   WNW
31   9.4  10.1   12:51   8.5   04:42   8.9   0.0   0.0   9.1  32.0   19:34     W
----------------------------------------------------------------------------------
     6.6  13.7     2    -2.1    14   362.4   0.0  57.2   5.7  46.0    29     WSW

Max >=  27.0:  0
Max <=   0.0:  0
Min <=   0.0:  4
Min <= -18.0:  0
Max Rain: 11.0 on day 23
Days of Rain: 16 (>= 0.2 mm)  11 (>= 2.0 mm)  0 (>= 20.0 mm)
Heat Base: 18.3  Cool Base: 18.3  Method: Integration

Data updates at regular intervals.