Back to Top

Language: 

NOAA Climate Reports...


Report for 2018 Nov
                   Monthly Climatological Summary for Nov 2018

Name: www.delerius-weather.com   City: Worsbrough   State: South Yorkshire
Elevation: 93 m  Lat: N 53° 53' 14"   Lon: W 001° 47' 53"

                  Temperature (°C), Rain (mm), Wind Speed (mph)

                                      Heat  Cool        Avg
    Mean                              Deg   Deg         Wind                 Dom
Day Temp  High   Time   Low    Time   Days  Days  Rain  Speed High   Time    Dir
----------------------------------------------------------------------------------
 1   7.1  11.0   13:32   2.8   22:55  11.2   0.0   0.2   3.6  21.0   14:32   WNW
 2   7.0  12.1   12:41   2.7   00:41  11.3   0.0   0.2   5.1  21.0   09:46     W
 3  10.6  12.9   11:41   7.4   00:21   7.7   0.0   0.2  10.4  38.0   20:06     S
 4  10.6  13.4   13:15   8.4   23:25   7.7   0.0   0.2   6.4  22.0   00:30     S
 5   8.9  10.7   15:15   7.4   06:21   9.2   0.0   0.0   1.5  14.0   00:06    SE
 6  11.6  14.7   14:25   9.1   01:10   6.7   0.0   0.0   6.5  29.0   21:36    SE
 7  10.6  13.4   12:30   7.5   21:16   7.7   0.0   7.6   7.8  27.0   09:14   SSE
 8   8.7  11.5   12:51   5.4   07:18   9.6   0.0   0.0   6.4  21.0   10:55   SSE
 9   8.7  10.4   15:43   7.3   02:00   9.5   0.0   5.4   9.7  31.0   18:06    SE
10  10.0  12.0   13:52   7.8   06:49   8.3   0.0   0.2   5.9  24.0   23:24     S
11   8.7  11.9   13:30   6.3   23:32   9.6   0.0   0.4   5.0  27.0   13:50   SSW
12   9.0  13.4   13:32   6.2   00:32   9.3   0.0   1.6   7.4  31.0   15:05   SSW
13  10.2  13.2   13:51   8.2   00:00   8.1   0.0   0.0  10.3  32.0   14:23   WSW
14  11.3  14.0   14:09   8.6   23:59   7.0   0.0   0.4   9.1  29.0   13:58   SSW
15  10.2  13.3   14:14   7.1   06:47   8.1   0.0   0.0   3.6  19.0   12:35   SSE
16  11.2  12.3   12:21   8.2   23:39   7.1   0.0   0.4   4.2  13.0   10:11    SE
17   7.4  10.5   14:36   3.1   23:40  10.9   0.0   0.2   2.5  12.0   07:14     E
18   6.1  10.7   14:19   1.8   22:21  12.2   0.0   0.0   1.8  16.0   14:54   ENE
19   6.5   8.9   11:54   5.2   23:20  11.8   0.0   1.0   5.2  22.0   16:08   ENE
20   4.5   5.3   00:00   3.6   23:55  13.8   0.0  15.6   5.8  28.0   12:03   ENE
21   3.0   4.9   16:15  -1.4   23:49  15.3   0.0   5.0   4.5  21.0   12:30   ESE
22   1.8   4.8   18:53  -2.4   03:33  16.5   0.0   2.6   0.6   8.0   20:55     E
23   4.6   6.5   23:34   3.4   09:10  13.7   0.0   0.2   1.2   8.0   04:22     E
24   6.2   8.1   13:26   5.2   23:14  12.1   0.0   0.6   3.2  14.0   10:55   NNE
25   5.2   6.4   13:44   4.1   06:06  13.1   0.0   2.6   4.3  16.0   21:51   NNE
26   4.3   6.0   12:31   0.9   23:43  14.0   0.0   1.8   3.0  12.0   00:56     N
27   3.8   6.5   22:38  -0.2   01:56  14.5   0.0   6.2   5.7  27.0   10:28    SE
28  10.4  13.7   15:43   6.2   01:09   7.9   0.0   2.2  10.1  38.0   17:22     S
29  10.1  13.5   10:27   8.2   22:48   8.2   0.0   3.0  12.7  44.0   11:53   SSW
30   7.9   9.9   12:15   5.2   22:50  10.4   0.0   0.6   9.7  31.0   11:18   WSW
----------------------------------------------------------------------------------
     7.9  14.7     6    -2.4    22   312.5   0.0  58.4   5.8  44.0    29       S

Max >=  27.0:  0
Max <=   0.0:  0
Min <=   0.0:  3
Min <= -18.0:  0
Max Rain: 15.6 on day 20
Days of Rain: 24 (>= 0.2 mm)  9 (>= 2.0 mm)  0 (>= 20.0 mm)
Heat Base: 18.3  Cool Base: 18.3  Method: Integration

Data updates at regular intervals.