Back to Top

NOAA Climate Reports...


Report for 2018 Aug
                   Monthly Climatological Summary for Aug 2018

Name: www.delerius-weather.com   City: Worsbrough   State: South Yorkshire
Elevation: 93 m  Lat: N 53° 53' 14"   Lon: W 001° 47' 53"

                  Temperature (°C), Rain (mm), Wind Speed (mph)

                                      Heat  Cool        Avg
    Mean                              Deg   Deg         Wind                 Dom
Day Temp  High   Time   Low    Time   Days  Days  Rain  Speed High   Time    Dir
----------------------------------------------------------------------------------
 1  18.6  23.2   13:59  12.2   03:04   1.6   1.9   0.0   5.4  22.0   12:28    SW
 2  22.2  28.4   17:01  16.5   06:09   0.2   4.1   0.0   5.4  20.0   11:36   WSW
 3  21.7  25.3   16:39  17.8   23:53   0.0   3.4   0.0   4.0  19.0   22:40   WNW
 4  19.7  25.8   14:46  14.8   05:33   1.0   2.4   0.0   5.9  20.0   18:08   WNW
 5  20.5  28.7   16:27  10.8   05:24   1.9   4.2   0.0   3.5  21.0   17:06    SW
 6  20.8  27.9   16:22  14.7   05:02   0.6   3.1   0.0   3.4  14.0   14:38   WNW
 7  20.7  28.0   14:15  15.6   23:58   0.6   3.0   0.0   4.5  23.0   17:39   WNW
 8  16.2  20.6   12:03  11.1   23:58   2.4   0.3   0.4   4.7  21.0   12:42   WSW
 9  14.8  20.4   13:29   9.9   05:41   3.7   0.3   0.0   2.2  20.0   13:38   WNW
10  13.7  18.1   16:02   9.7   01:54   4.6   0.0   0.0   5.6  27.0   13:01     W
11  16.3  22.3   14:55   9.2   04:45   2.9   0.9   0.8   6.3  22.0   19:51    SW
12  17.9  19.9   15:45  16.1   05:52   0.8   0.4   2.4   5.5  21.0   00:01   SSW
13  18.4  25.4   14:37  15.6   02:42   1.1   1.2   1.6   6.6  24.0   14:53   WNW
14  18.0  22.0   15:03  14.7   02:41   1.1   0.8   0.0   8.0  26.0   14:01     W
15  20.1  24.9   14:12  16.9   04:58   0.3   2.1   0.0  10.2  30.0   13:32    SW
16  16.4  19.7   16:42  12.4   22:49   2.0   0.1   1.4   7.1  26.0   07:09   WSW
17  15.0  18.6   13:16  10.8   03:57   3.3   0.0   0.0   7.7  26.0   13:23   WSW
18  20.0  24.9   15:49  16.2   06:01   0.6   2.3   0.0   9.4  28.0   10:51   WSW
19  19.3  21.8   10:10  16.6   23:40   0.2   1.1   0.0   9.9  30.0   10:19   WSW
20  19.5  22.9   13:27  16.0   01:59   0.5   1.7   0.0   3.2  16.0   00:34   WNW
21  20.5  24.5   15:17  17.2   06:21   0.2   2.4   0.0   2.9  14.0   16:38     W
22  19.0  24.7   13:00  14.7   23:59   1.1   1.8   0.6   5.9  23.0   09:31     W
23  14.0  19.2   14:04  10.7   07:00   4.3   0.0   1.4   5.7  26.0   14:00     W
24  12.2  16.3   13:52  10.1   23:56   6.1   0.0   2.0   9.4  30.0   13:10     W
25  13.9  19.9   14:16   9.4   23:23   4.5   0.1   0.0   6.9  21.0   09:01   WNW
26  12.1  15.6   20:00   9.2   00:30   6.2   0.0   5.8   5.6  29.0   14:06     S
27  15.0  17.9   13:15  12.2   06:02   3.3   0.0   0.8   8.6  35.0   14:43     W
28  16.0  18.2   12:26  14.1   04:53   2.3   0.0   0.0   4.3  20.0   12:43    SW
29  15.6  20.3   16:04  11.9   23:34   3.0   0.3   0.0   5.6  23.0   13:44   WNW
30  14.1  20.1   17:16   6.4   06:43   4.4   0.3   0.0   2.6  15.0   12:24    NW
31  13.2  20.9   16:17   4.9   06:32   4.5   0.4   0.0   2.2  13.0   11:59   SSE
----------------------------------------------------------------------------------
    17.3  28.7     5     4.9    31    69.3  38.6  17.2   5.8  35.0    27       W

Max >=  27.0:  4
Max <=   0.0:  0
Min <=   0.0:  0
Min <= -18.0:  0
Max Rain: 5.8 on day 26
Days of Rain: 10 (>= 0.2 mm)  3 (>= 2.0 mm)  0 (>= 20.0 mm)
Heat Base: 18.3  Cool Base: 18.3  Method: Integration

Data updates at regular intervals.