Back to Top

NOAA Climate Reports...


Report for 2018 Jul
                   Monthly Climatological Summary for Jul 2018

Name: www.delerius-weather.com   City: Worsbrough   State: South Yorkshire
Elevation: 93 m  Lat: N 53° 53' 14"   Lon: W 001° 47' 53"

                  Temperature (°C), Rain (mm), Wind Speed (mph)

                                      Heat  Cool        Avg
    Mean                              Deg   Deg         Wind                 Dom
Day Temp  High   Time   Low    Time   Days  Days  Rain  Speed High   Time    Dir
----------------------------------------------------------------------------------
 1  19.3  27.6   15:20   9.9   03:37   2.2   3.2   0.0   3.5  24.0   13:38   ENE
 2  19.4  26.1   15:32  11.9   04:47   1.7   2.8   0.0   4.7  25.0   13:31   ENE
 3  17.1  23.4   15:59  10.3   05:03   2.7   1.5   0.0   3.8  18.0   12:52   ENE
 4  18.2  25.4   16:40   9.4   02:19   2.4   2.4   0.0   2.5  14.0   14:05     E
 5  21.2  28.6   12:49  13.1   04:37   1.1   4.0   0.0   2.4  18.0   09:19   NNW
 6  20.9  27.8   14:57  11.0   04:55   1.6   4.2   0.0   3.2  15.0   14:11   WNW
 7  21.8  28.2   16:27  14.2   05:22   0.6   4.1   0.0   3.3  15.0   19:19   NNW
 8  22.5  28.6   18:57  14.4   05:33   0.7   4.9   0.0   3.8  15.0   10:05    NW
 9  18.9  22.1   13:55  15.7   23:50   0.5   1.1   0.0   4.2  15.0   15:09    NE
10  17.8  23.4   16:58  13.7   03:21   1.7   1.2   0.0   4.3  18.0   19:09   NNE
11  17.8  25.0   15:21  10.4   04:56   2.4   1.9   0.0   3.0  14.0   20:45     E
12  17.3  22.1   17:32  14.5   05:38   1.8   0.8   0.0   2.0  11.0   20:34     E
13  17.2  22.8   18:32  13.2   03:05   2.0   0.9   0.8   2.1  11.0   08:56   SSE
14  20.9  27.8   16:45  12.2   05:34   1.2   3.8   0.0   3.3  18.0   13:25   WSW
15  21.3  27.8   15:39  12.3   05:22   1.2   4.2   0.0   3.2  18.0   14:15   WSW
16  20.5  26.1   14:58  13.3   04:56   1.0   3.2   0.4   3.3  18.0   19:33   WSW
17  17.1  21.2   16:12  11.7   23:58   1.9   0.7   0.0   5.9  23.0   12:11   WNW
18  17.8  22.8   15:00  10.8   01:42   2.2   1.7   0.0   1.6  13.0   10:32     S
19  19.9  25.4   18:40  12.8   05:59   1.3   2.8   0.0   2.6  14.0   14:08    NW
20  17.5  25.7   13:09  10.4   05:33   2.3   1.5   0.0   3.6  21.0   14:50     W
21  18.6  23.1   13:39  15.6   04:57   1.1   1.3   0.0   4.3  20.0   14:18   WNW
22  20.6  26.9   16:10  15.8   00:00   0.7   3.0   0.0   7.0  21.0   13:05   WNW
23  23.5  30.2   17:43  16.7   05:58   0.3   5.2   0.0   2.6  18.0   18:38     W
24  20.8  26.9   15:12  15.0   23:57   0.2   2.7   0.0   4.0  20.0   16:27   WNW
25  19.3  26.4   16:55  10.5   05:09   1.9   3.0   0.0   2.3  13.0   20:26   ENE
26  21.8  31.3   16:25  13.9   05:58   1.0   4.5   2.0   2.5  19.0   15:56    SE
27  21.6  28.6   15:00  14.9   05:58   0.5   3.9   1.2   3.5  26.0   19:52   SSE
28  17.5  21.2   00:22  13.6   23:35   1.3   0.5   3.8  11.4  40.0   12:05   SSW
29  16.7  21.8   18:15  13.4   00:45   2.2   0.7   7.8  10.1  28.0   11:18     S
30  18.2  24.4   14:53  13.1   04:29   1.7   1.5   0.0   6.0  26.0   16:53   SSW
31  18.0  22.7   13:23  12.8   05:15   1.7   1.4   0.0   5.0  25.0   15:09    SW
----------------------------------------------------------------------------------
    19.4  31.3    26     9.4     4    45.1  78.6  16.0   4.0  40.0    28     WSW

Max >=  27.0: 10
Max <=   0.0:  0
Min <=   0.0:  0
Min <= -18.0:  0
Max Rain: 7.8 on day 29
Days of Rain: 6 (>= 0.2 mm)  3 (>= 2.0 mm)  0 (>= 20.0 mm)
Heat Base: 18.3  Cool Base: 18.3  Method: Integration

Data updates at regular intervals.