Back to Top

NOAA Climate Reports...


Report for 2018 Jun
                   Monthly Climatological Summary for Jun 2018

Name: www.delerius-weather.com   City: Worsbrough   State: South Yorkshire
Elevation: 93 m  Lat: N 53° 32' 12"   Lon: W 001° 28' 36"

                  Temperature (°C), Rain (mm), Wind Speed (mph)

                                      Heat  Cool        Avg
    Mean                              Deg   Deg         Wind                 Dom
Day Temp  High   Time   Low    Time   Days  Days  Rain  Speed High   Time    Dir
----------------------------------------------------------------------------------
 1  18.4  24.0   17:37  12.9   04:27   1.7   1.7   0.0   1.6  12.0   15:29   ESE
 2  17.8  21.7   16:43  14.3   03:58   1.1   0.6   0.0   3.6  18.0   17:19   WNW
 3  19.5  24.0   14:36  15.2   04:55   0.9   2.1   0.0   3.9  15.0   18:52     N
 4  14.5  16.0   14:10  12.3   23:56   3.8   0.0   0.0   4.2  15.0   16:42   NNE
 5  13.6  19.3   16:38  10.1   06:38   4.7   0.1   0.2   3.6  14.0   16:15   NNE
 6  13.2  16.3   12:55   9.1   01:34   5.1   0.0   0.0   3.0  13.0   10:54   NNE
 7  14.5  21.3   16:43   7.3   03:06   4.2   0.4   0.0   3.1  14.0   13:19   NNE
 8  13.4  15.6   16:12  10.7   04:17   4.9   0.0   0.8   2.6  13.0   00:56   NNE
 9  15.7  20.6   16:21  12.0   05:16   3.0   0.4   0.0   1.7  10.0   12:32     E
10  16.1  22.5   17:02   9.9   03:33   3.2   1.0   0.0   2.0  12.0   15:59   ESE
11  18.3  25.6   16:35  11.8   05:27   1.9   1.9   0.0   3.1  20.0   17:31    NW
12  15.3  19.6   17:10  12.5   06:09   3.1   0.1   0.0   3.5  14.0   12:40   NNE
13  16.7  21.9   17:16   9.3   05:17   2.5   0.9   0.2   5.1  26.0   17:09   WSW
14  16.6  19.7   17:03  12.7   23:58   1.8   0.2   0.2  13.7  44.0   11:37   WSW
15  14.6  18.8   13:08   9.8   04:03   3.7   0.0   0.0   4.7  19.0   09:16     W
16  14.1  19.4   16:00  11.0   01:45   4.0   0.0   5.6   7.3  31.0   16:55    SW
17  15.1  17.9   13:56  12.4   02:57   3.2   0.0   0.0   7.1  21.0   16:23    SW
18  18.5  20.9   13:39  15.6   10:13   0.3   0.5   0.0  10.7  31.0   10:55   WSW
19  17.9  22.3   17:40  12.2   05:59   1.5   1.1   0.0   8.8  30.0   22:50   WSW
20  17.7  21.6   12:15  11.4   23:55   1.2   0.5   0.0  12.4  33.0   10:58     W
21  14.2  19.8   14:35   9.2   04:51   4.2   0.1   0.0   9.4  28.0   02:25   WNW
22  16.1  23.5   16:12   8.5   05:23   3.4   1.2   0.0   5.5  20.0   19:24   WNW
23  15.8  21.3   15:43   9.7   04:10   3.2   0.7   0.0   5.7  23.0   08:44   WNW
24  18.2  26.7   17:08   7.6   04:53   3.1   2.9   0.0   2.3  12.0   11:05     W
25  20.7  29.2   15:34   9.4   03:57   2.2   4.6   0.0   2.3  29.0   16:25   ENE
26  20.4  28.4   16:21  10.4   05:04   1.8   3.9   0.0   2.3  13.0   12:41     E
27  17.1  25.8   16:31  10.3   06:09   3.1   1.9   0.0   2.6  14.0   13:00     E
28  18.7  27.3   16:30  11.6   02:01   2.3   2.7   0.0   2.7  14.0   17:26   ENE
29  19.0  27.4   15:41  11.7   05:24   2.2   2.9   0.0   3.7  19.0   15:49   ENE
30  18.1  24.8   14:46  11.8   03:16   2.2   2.1   0.0   4.6  21.0   13:37   ENE
----------------------------------------------------------------------------------
    16.7  29.2    25     7.3     7    83.5  34.5   7.0   4.8  44.0    14     WNW

Max >=  27.0:  4
Max <=   0.0:  0
Min <=   0.0:  0
Min <= -18.0:  0
Max Rain: 5.6 on day 16
Days of Rain: 5 (>= 0.2 mm)  1 (>= 2.0 mm)  0 (>= 20.0 mm)
Heat Base: 18.3  Cool Base: 18.3  Method: Integration

Data updates at regular intervals.