Back to Top

Language: 

NOAA Climate Reports...


Report for 2018 Mar
                   Monthly Climatological Summary for Mar 2018

Name: www.delerius-weather.com   City: Worsbrough   State: South Yorkshire
Elevation: 93 m  Lat: N 53° 32' 12"   Lon: W 001° 28' 36"

                  Temperature (°C), Rain (mm), Wind Speed (mph)

                                      Heat  Cool        Avg
    Mean                              Deg   Deg         Wind                 Dom
Day Temp  High   Time   Low    Time   Days  Days  Rain  Speed High   Time    Dir
----------------------------------------------------------------------------------
 1  -2.6  -0.7   20:50  -5.3   00:50  20.8   0.0   0.0   9.4  32.0   13:10     E
 2  -0.6   0.3   12:44  -1.4   02:27  18.9   0.0   0.4  10.9  34.0   09:59     E
 3  -0.8   0.2   15:15  -2.1   03:51  18.9   0.0   0.4   5.2  19.0   00:40   ENE
 4   1.8   3.7   20:24  -0.1   00:00  16.2   0.0   2.4   0.4  13.0   00:30   ENE
 5   5.3   9.1   15:47   1.9   06:40  13.0   0.0   3.2   2.8  16.0   11:13    SE
 6   5.5   7.8   13:24   1.6   23:58  12.8   0.0   4.6   3.6  16.0   08:38   WSW
 7   4.0   9.4   15:28  -0.1   02:17  14.3   0.0   0.0   2.5  20.0   15:36   WSW
 8   3.3   7.8   15:11   0.4   02:54  15.0   0.0   6.8   4.6  27.0   12:06   WNW
 9   5.5  10.6   13:57  -0.3   05:37  12.8   0.0   3.8   3.8  15.0   13:45    SE
10   8.4  12.7   14:28   5.4   00:00   9.9   0.0   6.0   2.7  16.0   17:07   SSW
11   6.8  10.9   14:39   1.9   07:15  11.5   0.0   0.0   2.2  16.0   18:48     E
12   5.6   6.6   00:00   4.5   23:40  12.7   0.0  19.6   5.1  16.0   08:46   NNE
13   6.1  10.9   15:34   0.7   23:56  12.2   0.0   0.0   2.2  16.0   12:54   WNW
14   6.1  11.5   12:48  -0.4   03:36  12.2   0.0   0.0   8.2  32.0   14:22    SE
15   6.5   7.6   15:37   5.3   07:49  11.8   0.0   4.4   7.4  26.0   02:49   ESE
16   5.1   8.4   14:51   1.1   23:35  13.2   0.0   2.0   6.2  21.0   09:21     E
17  -0.7   1.3   00:00  -2.5   20:50  19.0   0.0   1.4   9.2  30.0   13:11   ENE
18  -0.8   0.4   13:10  -2.1   00:24  19.1   0.0   0.0   9.1  28.0   03:38   ENE
19   2.4   5.6   14:11  -0.1   00:00  15.9   0.0   0.8   7.4  30.0   09:29   ENE
20   4.1   7.9   15:09   1.2   02:13  14.2   0.0   0.0   4.7  22.0   12:06   NNW
21   4.6   8.7   12:36  -1.4   06:44  13.7   0.0   0.0   9.7  36.0   22:50     W
22   7.9  10.3   10:19   6.4   23:32  10.4   0.0   0.0  10.1  31.0   00:06     W
23   8.3  11.0   11:58   6.1   23:56  10.0   0.0   1.2   9.3  32.0   10:11    SW
24   7.2  10.2   14:05   5.0   04:54  11.1   0.0   2.2   1.2  11.0   18:51     N
25   7.9  13.7   13:45   0.9   07:45   9.8   0.0   0.0   6.0  21.0   18:00   WNW
26   7.4  12.8   14:44   1.6   06:41  10.9   0.0   0.0   3.9  20.0   12:53   WNW
27   7.6  11.6   14:25   5.3   06:39  10.7   0.0   2.6   8.2  27.0   14:19   WSW
28   5.8   9.2   16:45   1.3   23:47  12.5   0.0   0.0   5.8  24.0   15:40   WNW
29   4.2   8.2   12:18  -1.2   06:29  14.1   0.0   9.2   4.3  24.0   20:03   ESE
30   5.7   9.8   15:28   3.7   05:50  12.6   0.0   5.8   4.3  20.0   22:35     E
31   3.9   4.6   00:00   3.3   21:11  14.4   0.0   6.8   7.2  24.0   01:02   NNE
----------------------------------------------------------------------------------
     4.6  13.7    25    -5.3     1   424.6   0.0  83.6   5.8  36.0    21     ENE

Max >=  27.0:  0
Max <=   0.0:  1
Min <=   0.0: 12
Min <= -18.0:  0
Max Rain: 19.6 on day 12
Days of Rain: 19 (>= 0.2 mm)  14 (>= 2.0 mm)  0 (>= 20.0 mm)
Heat Base: 18.3  Cool Base: 18.3  Method: Integration

Data updates at regular intervals.