Back to Top

Language: 

NOAA Climate Reports...


Report for 2018 Feb
                   Monthly Climatological Summary for Feb 2018

Name: www.delerius-weather.com   City: Worsbrough   State: South Yorkshire
Elevation: 93 m  Lat: N 53° 32' 12"   Lon: W 001° 28' 36"

                  Temperature (°C), Rain (mm), Wind Speed (mph)

                                      Heat  Cool        Avg
    Mean                              Deg   Deg         Wind                 Dom
Day Temp  High   Time   Low    Time   Days  Days  Rain  Speed High   Time    Dir
----------------------------------------------------------------------------------
 1   4.2   7.1   12:44   1.9   03:13  14.1   0.0   0.0  11.4  31.0   11:59   WNW
 2   4.2   7.7   13:54  -0.5   21:57  14.1   0.0   0.0   6.0  29.0   01:06    NW
 3   2.6   3.7   13:14   0.1   00:00  15.6   0.0   3.8   1.4  13.0   21:46   NNE
 4   2.7   5.2   14:51   1.6   05:34  15.6   0.0   0.0   3.4  14.0   14:02   NNE
 5   1.3   3.4   13:01  -0.4   23:28  17.0   0.0   0.2   1.1   9.0   00:59   NNE
 6   0.5   1.8   11:43  -1.3   04:45  17.8   0.0   0.0   3.3  16.0   18:38   WNW
 7   1.0   5.0   13:24  -2.4   07:30  17.3   0.0   0.0   3.7  13.0   14:08   WNW
 8   5.2   7.8   12:32   0.8   00:00  13.0   0.0   3.8   7.9  30.0   17:00   SSW
 9   4.2   7.1   00:00   0.4   23:35  14.1   0.0   0.4   8.3  31.0   12:04   WNW
10   4.8   9.2   22:10  -0.7   02:59  13.5   0.0   1.4   8.7  45.0   23:37   SSW
11   3.2   5.9   13:33   0.3   22:16  15.1   0.0   0.0  15.8  48.0   02:53   WNW
12   2.6   5.8   15:27   0.8   22:56  15.7   0.0   0.0  10.9  32.0   06:28     W
13   2.2   4.7   12:16  -2.2   23:14  16.1   0.0   2.0   6.8  29.0   10:12     S
14   2.0   5.9   22:44  -3.2   02:15  16.3   0.0   2.4   8.6  39.0   14:47     S
15   5.5   7.7   15:00   3.0   23:05  12.8   0.0   0.2  10.8  42.0   12:01   WSW
16   4.7   7.9   11:50   1.6   07:53  13.6   0.0   0.0   5.6  22.0   01:50    SW
17   5.1   8.4   16:24   0.6   23:58  13.2   0.0   0.2   3.8  20.0   11:37    SW
18   4.7   7.9   15:06  -0.4   05:35  13.6   0.0   0.6   2.4  16.0   10:44   SSW
19   9.0  10.5   16:10   6.7   01:11   9.3   0.0   1.8   4.7  18.0   08:25   WNW
20   7.8  10.1   12:38   5.3   07:09  10.5   0.0   0.6   7.6  26.0   12:08   NNW
21   5.7   7.9   13:29   4.3   06:18  12.6   0.0   0.2   2.6  12.0   02:09     N
22   2.2   4.7   14:45  -2.1   21:25  16.1   0.0   0.0   3.1  18.0   10:48    SE
23   0.3   3.5   12:20  -4.1   05:08  18.0   0.0   0.0   3.7  20.0   13:40   ESE
24   2.6   7.1   14:42   0.3   07:14  15.7   0.0   0.0   6.7  25.0   14:25   ESE
25   1.8   5.3   13:49  -1.7   22:32  16.5   0.0   0.0   5.2  19.0   00:12   ESE
26   0.0   2.1   10:27  -1.1   00:00  18.3   0.0   0.2   4.3  20.0   11:08   ENE
27  -1.2   1.1   13:47  -3.7   23:44  19.5   0.0   0.6   3.3  22.0   13:08    NE
28  -4.3  -1.9   13:58  -5.5   06:00  22.6   0.0   1.0   5.8  25.0   14:21     E
----------------------------------------------------------------------------------
     3.0  10.5    19    -5.5    28   427.6   0.0  19.4   6.0  48.0    11       W

Max >=  27.0:  0
Max <=   0.0:  1
Min <=   0.0: 14
Min <= -18.0:  0
Max Rain: 3.8 on day 3
Days of Rain: 16 (>= 0.2 mm)  4 (>= 2.0 mm)  0 (>= 20.0 mm)
Heat Base: 18.3  Cool Base: 18.3  Method: Integration

Data updates at regular intervals.