Back to Top

Language: 

NOAA Climate Reports...


Report for 2018
                   Annual Climatological Summary for 2018

Name: www.delerius-weather.com   City: Worsbrough   State: South Yorkshire
Elevation: 93 m  Lat: N 53° 53' 14"   Lon: W 001° 47' 53"

                  Temperature (°C), Heat Base: 18.3  Cool Base: 18.3
                          Dep.  Heat  Cool                       Max  Max  Min  Min
        Mean  Mean        From  Deg   Deg                        >=   <=   <=   <=
 YR MO  Max   Min   Mean  Norm  Days  Days  Hi  Date  Low  Date 27.0  0.0  0.0 -18.0
------------------------------------------------------------------------------------
 18  1   7.8   2.7   5.0   0.0   411     0  14.5  28  -5.8    8    0    0    4    0
 18  2   5.8  -0.1   3.0   0.0   427     0  10.5  19  -5.5   28    0    1   14    0
 18  3   7.8   1.3   4.6   0.0   424     0  13.7  25  -5.3    1    0    1   12    0
 18  4  13.2   5.9   9.4   0.0   270     5  27.3  19   0.6    2    1    0    0    0
 18  5  19.8   7.9  14.0   0.0   153    20  26.9   7   1.7   18    0    0    0    0
 18  6  22.1  11.1  16.7   0.0    83    34  29.2  25   7.3    7    4    0    0    0
 18  7  25.5  12.9  19.4   0.0    45    78  31.3  26   9.4    4   10    0    0    0
 18  8  22.1  12.9  17.3   0.0    69    38  28.7   5   4.9   31    4    0    0    0
 18  9  18.5   9.2  13.9   0.0   141     7  25.0   2   2.5   25    0    0    0    0
 18 10  15.0   6.8  10.7   0.0   238     2  22.5  10  -1.2   29    0    0    1    0
 18 11  10.5   5.1   7.9   0.0   312     0  14.7   6  -2.4   22    0    0    3    0
 18 12   9.3   3.3   6.1   0.0   183     0  13.7   2  -2.1   14    0    0    2    0
------------------------------------------------------------------------------------
        14.8   6.6  10.7   0.0  2760   187  31.3 Jul  -5.8  Jan   19    2   36    0

                                Precipitation (mm)

              Dep.   Max        Days of Rain
              From   Obs.           >=
 YR MO Total  Norm   Day Date  0.2  2.0 20.0
---------------------------------------------
 18  1  51.6   0.0   7.6  17    23   10    0
 18  2  19.4   0.0   3.8   3    16    4    0
 18  3  83.6   0.0  19.6  12    19   14    0
 18  4  75.6   0.0  23.2   2    17    7    1
 18  5  23.6   0.0  11.4  25     8    3    0
 18  6   7.0   0.0   5.6  16     5    1    0
 18  7  16.0   0.0   7.8  29     6    3    0
 18  8  17.2   0.0   5.8  26    10    3    0
 18  9  49.2   0.0  33.8  20    13    5    1
 18 10  34.8   0.0  11.6  14    14    4    0
 18 11  58.4   0.0  15.6  20    24    9    0
 18 12  35.2   0.0   8.8   5     9    7    0
---------------------------------------------
       471.6   0.0  33.8  Sep  164   70    2

                                Wind Speed (mph)
                          Dom
 YR MO   Avg.  Hi   Date  Dir
------------------------------
 18  1   8.0  53.0    4   WSW
 18  2   6.0  48.0   11     W
 18  3   5.8  36.0   21   ENE
 18  4   5.6  34.0   23   WSW
 18  5   4.6  34.0    2    NW
 18  6   4.8  44.0   14   WNW
 18  7   4.0  40.0   28   WSW
 18  8   5.8  35.0   27     W
 18  9   6.2  49.0   21   WSW
 18 10   6.3  46.0   12     W
 18 11   5.8  44.0   29     S
 18 12   6.8  45.0    8    SW
------------------------------
         5.8  53.0  Jan   WSW

Data updates at regular intervals.