Back to Top

Language: 

NOAA Climate Reports...


Report for 2017 Dec
                   Monthly Climatological Summary for Dec 2017

Name: www.delerius-weather.com   City: Worsbrough   State: South Yorkshire
Elevation: 93 m  Lat: N 53° 32' 12"   Lon: W 001° 28' 36"

                  Temperature (°C), Rain (mm), Wind Speed (mph)

                                      Heat  Cool        Avg
    Mean                              Deg   Deg         Wind                 Dom
Day Temp  High   Time   Low    Time   Days  Days  Rain  Speed High   Time    Dir
----------------------------------------------------------------------------------
 1   3.3   5.6   14:02   1.4   00:29  15.0   0.0   0.8   6.0  19.0   14:16    NW
 2   6.9   8.3   12:34   3.4   00:16   6.6   0.0   0.0   5.4  15.0   14:33   WNW
 3   7.5  11.1   13:57   3.6   20:05  10.8   0.0   0.0   4.7  18.0   02:52   WNW
 4   7.1  10.4   13:20   2.9   03:23  11.1   0.0   0.0   6.5  20.0   08:51   WNW
 5   7.8   8.6   00:35   7.0   16:26  10.5   0.0   0.0   9.6  29.0   08:46     W
 6   9.9  11.1   23:49   8.1   00:00   8.4   0.0   0.0  11.3  41.0   20:10    SW
 7   7.8  12.5   05:39   2.6   23:59  10.5   0.0   2.6  14.2  37.0   03:41     W
 8   1.9   4.3   12:47   0.2   23:24  11.4   0.0   1.0  10.5  31.0   05:20   WNW
 9   0.8   2.6   12:59  -1.3   08:04  17.5   0.0   0.0   5.9  23.0   01:06   WNW
10   0.1   1.0   00:00  -1.2   06:20  18.2   0.0   0.2   2.5  12.0   10:53     N
11  -0.8   2.9   13:17  -3.2   08:23  19.1   0.0   0.4   4.3  14.0   12:16    NW
12   1.4   5.1   12:41  -4.0   07:07  16.9   0.0   1.0   5.3  30.0   21:47    SW
13   4.3   6.8   11:05   1.8   22:25  14.0   0.0   4.2   9.1  36.0   23:27     W
14   3.2   4.9   13:38   1.0   23:25  15.1   0.0   7.2   7.7  30.0   00:40     W
15   2.5   5.5   12:06   1.2   02:30  14.3   0.0   0.6   6.2  23.0   12:37    NW
16   1.6   5.9   11:45  -2.3   23:53  16.7   0.0   0.0   4.1  18.0   11:52   WNW
17   3.6   9.4   17:33  -3.1   00:59  14.7   0.0   1.2   4.2  26.0   17:44     W
18   4.4   9.3   12:46   0.4   08:56  13.9   0.0   0.0   2.2  13.0   01:56   WNW
19   5.9  11.1   13:53   1.3   08:03  12.4   0.0   0.0   1.4  15.0   19:31     W
20  10.2  13.1   12:34   8.1   03:31   8.1   0.0   0.0   4.6  20.0   12:55     W
21   9.0  10.5   16:48   7.6   05:44   9.3   0.0   0.2   1.9  14.0   16:29     W
22   9.1  12.8   13:01   7.1   08:42   9.2   0.0   0.0   3.1  21.0   20:58     W
23   9.1  10.8   12:06   7.8   08:44   9.1   0.0   0.0   8.3  24.0   12:58     W
24  11.0  13.2   11:37  10.0   00:45   7.3   0.0   0.0  12.7  41.0   12:04   WSW
25   9.7  11.4   03:50   4.7   23:44   8.6   0.0   1.8  12.4  39.0   18:20    SW
26   3.7   6.1   13:33   2.1   21:10  14.6   0.0   3.0   8.2  33.0   04:08     W
27   1.9   3.1   11:56   0.2   21:46  16.4   0.0   1.0   8.5  25.0   11:11    NW
28   2.3   5.4   12:30  -0.4   01:48  16.0   0.0   0.0   8.4  26.0   12:31   WNW
29   2.1   5.4   18:03  -1.3   03:13  16.2   0.0   3.4   6.6  33.0   18:03   WSW
30   6.5  10.1   13:02   1.3   07:28  11.8   0.0   5.2   9.4  40.0   09:10   WSW
31   8.2  11.8   04:44   4.7   21:36  10.1   0.0   3.6  12.9  39.0   04:41   WSW
----------------------------------------------------------------------------------
     5.2  13.2    24    -4.0    12   393.8   0.0  37.4   7.0  41.0     6       W

Max >=  27.0:  0
Max <=   0.0:  0
Min <=   0.0:  8
Min <= -18.0:  0
Max Rain: 7.2 on day 14
Days of Rain: 17 (>= 0.2 mm)  7 (>= 2.0 mm)  0 (>= 20.0 mm)
Heat Base: 18.3  Cool Base: 18.3  Method: Integration

Data updates at regular intervals.