Back to Top

Language: 

NOAA Climate Reports...


Report for 2017 Nov
                   Monthly Climatological Summary for Nov 2017

Name: www.delerius-weather.com   City: Worsbrough   State: South Yorkshire
Elevation: 93 m  Lat: N 53° 32' 12"   Lon: W 001° 28' 36"

                  Temperature (°C), Rain (mm), Wind Speed (mph)

                                      Heat  Cool        Avg
    Mean                              Deg   Deg         Wind                 Dom
Day Temp  High   Time   Low    Time   Days  Days  Rain  Speed High   Time    Dir
----------------------------------------------------------------------------------
 1  10.7  12.7   11:44   8.6   20:46   7.6   0.0   0.0   3.3  15.0   12:12     W
 2   9.5  10.9   11:27   8.3   22:06   8.8   0.0   0.4   1.6  12.0   11:29   NNW
 3  10.2  12.0   14:43   8.2   07:06   8.1   0.0   0.2   3.7  18.0   20:09    SW
 4   9.0  11.8   14:05   5.1   23:56   9.3   0.0   1.8   4.9  23.0   14:17     W
 5   5.8  10.1   12:38   0.3   23:58  12.5   0.0   0.0   5.5  22.0   11:28   WNW
 6   5.4  10.9   12:01  -0.7   02:56  12.9   0.0   0.0   4.1  23.0   21:20   SSW
 7   8.6  11.4   10:24   5.7   22:48   9.7   0.0   3.0   6.4  27.0   07:53   SSW
 8   5.9  10.8   12:40   1.8   07:11  12.4   0.0   0.0   2.9  14.0   12:59   WNW
 9  10.4  13.6   13:07   6.9   00:00   7.8   0.0   0.0   7.3  25.0   09:48     W
10   8.2  10.4   04:59   6.3   17:02  10.1   0.0   0.8   9.7  31.0   06:28   WNW
11   6.7  10.1   12:12   3.9   22:34  11.6   0.0   0.0   2.9  18.0   12:14   WNW
12   5.5   8.3   13:28   3.1   23:55  12.8   0.0   0.0   8.0  26.0   14:04    NW
13   4.8   7.6   22:34   1.3   05:07  13.5   0.0   0.0   5.0  22.0   00:28     W
14  10.5  12.8   10:37   7.5   00:00   7.8   0.0   0.0   7.3  33.0   06:17     W
15   9.9  11.2   00:00   8.4   07:56   8.4   0.0   0.0   1.5  12.0   00:03     W
16   8.0  11.0   10:22   3.0   21:34  10.3   0.0   0.0   5.8  25.0   08:32     W
17   5.0   8.2   11:06   1.4   05:26  13.3   0.0   0.0   5.0  29.0   23:23     W
18   6.9   9.3   14:06   3.3   23:54  11.4   0.0   0.0   8.3  32.0   02:02   WNW
19   4.4   7.8   11:14   0.1   05:52  13.8   0.0   0.0   3.0  14.0   01:24   WNW
20  10.8  14.1   13:22   5.9   00:00   7.5   0.0   0.4   7.4  32.0   13:40     W
21  13.0  14.4   21:04  11.1   02:12   5.3   0.0   0.8  10.1  30.0   20:07   WSW
22  13.9  15.5   14:39  13.0   04:33   4.4   0.0   1.6  15.3  47.0   15:17   SSW
23   7.3  13.4   00:03   3.7   23:41  11.0   0.0   0.4  10.8  45.0   00:02   WSW
24   4.1   8.0   12:44   1.1   08:20  14.2   0.0   0.2   4.4  24.0   13:56     W
25   3.0   6.4   13:02   0.5   03:44  15.3   0.0   0.4   9.0  26.0   14:59     W
26   4.7   8.3   23:58   3.2   02:12  13.6   0.0   0.0   7.9  31.0   01:00     W
27   6.6   9.5   02:20   3.8   20:53  11.7   0.0   2.0  11.2  34.0   11:45     W
28   4.2   6.2   13:33   2.6   06:35  11.9   0.0   0.0   7.2  22.0   11:41    NW
29   3.2   5.8   12:13  -0.1   23:33  15.1   0.0   0.0   7.3  25.0   10:54    NW
30   1.6   3.8   12:13  -0.3   06:17  16.7   0.0   1.2   8.7  25.0   10:34    NW
----------------------------------------------------------------------------------
     7.3  15.5    22    -0.7     6   328.8   0.0  13.2   6.5  47.0    22       W

Max >=  27.0:  0
Max <=   0.0:  0
Min <=   0.0:  3
Min <= -18.0:  0
Max Rain: 3.0 on day 7
Days of Rain: 13 (>= 0.2 mm)  2 (>= 2.0 mm)  0 (>= 20.0 mm)
Heat Base: 18.3  Cool Base: 18.3  Method: Integration

Data updates at regular intervals.