Back to Top

Language: 

NOAA Climate Reports...


Report for 2017 Oct
                   Monthly Climatological Summary for Oct 2017

Name: www.delerius-weather.com   City: Worsbrough   State: South Yorkshire
Elevation: 93 ft  Lat: N 53° 31' 48"   Lon: W 001° 28' 12"

                  Temperature (°C), Rain (mm), Wind Speed (mph)

                                      Heat  Cool        Avg
    Mean                              Deg   Deg         Wind                 Dom
Day Temp  High   Time   Low    Time   Days  Days  Rain  Speed High   Time    Dir
----------------------------------------------------------------------------------
 1  15.1  17.3   12:45  12.7   00:00   3.2   0.0   1.0   7.8  30.0   12:33   SSW
 2  13.5  15.3   00:00  10.7   23:44   4.8   0.0   0.6  14.6  43.0   14:49     W
 3  11.5  13.7   11:15  10.2   07:00   6.8   0.0   0.0  10.7  30.0   08:14   WNW
 4  11.6  13.3   23:48  10.5   05:55   6.7   0.0   0.2  10.5  30.0   02:40   WSW
 5  12.7  15.9   14:24   9.1   07:46   5.6   0.0   0.6  12.4  43.0   04:10   WNW
 6  10.6  14.9   14:20   6.2   07:20   7.7   0.0   0.0   5.0  18.0   14:43   WNW
 7  13.0  14.4   14:24  11.0   23:42   5.3   0.0   0.2  12.5  37.0   10:41     W
 8  12.5  17.8   15:38   9.2   22:55   5.8   0.0   0.0   5.2  18.0   02:29   WNW
 9  12.9  16.6   12:01  10.1   00:00   5.4   0.0   0.0   2.9  18.0   13:21     W
10  14.6  17.1   14:36  12.7   00:00   3.7   0.0   0.6   8.6  26.0   23:02   WSW
11  14.2  15.7   04:04  10.9   23:52   4.1   0.0   0.8  13.9  39.0   09:41    SW
12  12.4  15.8   14:00   9.7   02:28   5.9   0.0   0.0   7.9  26.0   14:09   WSW
13  17.6  21.1   14:23  13.9   00:00   1.2   0.5   0.0  11.0  35.0   06:14    SW
14  18.2  21.8   14:56  14.8   23:54   0.8   0.7   0.0   8.2  32.0   03:10   WSW
15  15.6  20.0   14:32  13.1   06:58   2.8   0.2   0.0   5.2  22.0   11:18    SW
16  15.6  19.9   15:23  13.3   04:48   2.9   0.1   0.0  10.6  49.0   22:39   SSW
17  12.7  15.7   15:56   9.3   23:49   5.6   0.0   0.0  11.0  51.0   00:24   WSW
18  10.6  12.9   13:57   7.2   07:31   7.7   0.0   0.6   1.5  12.0   19:09   ESE
19  12.3  14.6   18:19  10.8   00:00   6.0   0.0   7.8   3.5  18.0   18:12    SE
20  12.2  15.6   11:52   9.3   07:49   6.1   0.0   1.0   5.4  26.0   11:54    SW
21  12.1  13.7   12:05  10.5   00:00   6.2   0.0   5.6  12.4  39.0   19:22   SSW
22  10.2  12.2   15:08   8.9   23:36   8.1   0.0   0.0  15.2  40.0   01:49     W
23  12.4  16.9   15:20   8.4   00:50   5.9   0.0   0.2   3.4  16.0   12:41    SW
24  14.9  18.8   13:32  11.5   03:33   3.4   0.0   2.6   8.1  33.0   13:22    SW
25  12.9  16.2   00:00   9.9   23:07   5.2   0.0   0.2   6.8  30.0   01:56     W
26  11.6  13.6   13:54   9.1   23:22   6.7   0.0   0.0   2.1  13.0   17:45   WNW
27   9.8  14.5   14:34   5.6   08:20   8.5   0.0   0.0   4.6  27.0   23:58   WNW
28  12.3  14.6   13:26   9.2   00:00   6.0   0.0   0.0  15.0  41.0   19:38   WNW
29   9.3  14.5   01:43   4.1   22:56   6.8   0.0   0.0   6.0  40.0   01:02    NW
30   6.5  11.0   14:50   0.8   06:37  11.8   0.0   0.0   1.3  12.0   14:13   WSW
31  11.1  14.4   14:14   7.6   06:05   7.2   0.0   0.0   2.5  18.0   12:54     W
----------------------------------------------------------------------------------
    12.7  21.8    14     0.8    30   173.9   1.5  22.0   7.9  51.0    17     WSW

Max >=  27.0:  0
Max <=   0.0:  0
Min <=   0.0:  0
Min <= -18.0:  0
Max Rain: 7.8 on day 19
Days of Rain: 14 (>= 0.2 mm)  3 (>= 2.0 mm)  0 (>= 20.0 mm)
Heat Base: 18.3  Cool Base: 18.3  Method: Integration

Data updates at regular intervals.