Back to Top

Language: 

NOAA Climate Reports...


Report for 2017 Sep
                   Monthly Climatological Summary for Sep 2017

Name: www.delerius-weather.com   City: Worsbrough   State: South Yorkshire
Elevation: 93 m  Lat: N 53° 31' 51"   Lon: W 001° 28' 29"

                  Temperature (°C), Rain (mm), Wind Speed (mph)

                                      Heat  Cool        Avg
    Mean                              Deg   Deg         Wind                 Dom
Day Temp  High   Time   Low    Time   Days  Days  Rain  Speed High   Time    Dir
----------------------------------------------------------------------------------
 1  13.6  20.4   14:42   6.4   06:31   4.9   0.2   1.0   2.4  21.0   17:20    NW
 2  13.9  19.7   14:39   7.0   06:42   4.6   0.2   0.2   1.5  13.0   16:17   SSW
 3  12.6  16.7   14:30   7.6   03:13   5.7   0.0   0.8   5.7  23.0   13:32    SE
 4  16.8  21.5   14:17  12.5   00:00   2.3   0.9   0.4   5.1  21.0   18:40     S
 5  16.5  19.4   14:27  10.9   23:42   1.9   0.1   4.8   5.2  25.0   14:17   WSW
 6  13.8  17.3   16:13  11.1   00:00   4.5   0.0   0.4   7.3  27.0   17:45     W
 7  14.5  17.4   11:53  11.2   07:17   3.8   0.0   0.0   5.5  24.0   11:52    SW
 8  14.2  18.4   15:06  11.6   08:26   4.1   0.0   4.2   7.1  25.0   14:20     W
 9  12.4  16.8   15:50   8.9   23:53   5.9   0.0   4.4   3.9  21.0   16:04   WNW
10  12.0  15.5   16:33   8.4   00:34   6.3   0.0   1.6   7.2  32.0   15:05    SW
11  13.2  17.2   15:07  10.6   02:47   5.1   0.0   3.4  12.4  35.0   15:42     W
12  13.0  16.1   15:44  10.8   22:23   5.3   0.0   2.8   9.7  30.0   03:47     W
13  12.1  15.2   14:44   8.4   23:56   6.2   0.0   0.4  12.1  45.0   03:57     W
14  12.4  17.5   14:55   8.3   00:07   5.9   0.0   0.0   8.1  28.0   15:03   WNW
15  11.2  16.3   17:15   7.1   04:14   7.1   0.0   3.2   4.3  19.0   17:27    NW
16  11.6  16.1   14:58   8.8   23:23   6.7   0.0   0.4   4.9  18.0   18:04   NNW
17  12.4  17.4   14:35   8.7   00:00   5.9   0.0   0.6   4.4  24.0   15:08   NNW
18  11.5  15.6   12:35   8.3   23:59   6.8   0.0   3.0   3.8  14.0   08:05    NW
19  10.8  17.3   14:18   4.2   07:03   7.5   0.0   0.0   2.1  15.0   16:18     W
20  13.5  18.7   14:00   6.3   03:22   4.7   0.0   0.2   2.8  25.0   14:15   SSW
21  13.7  16.2   10:40   8.0   23:58   4.6   0.0   1.2   6.9  24.0   08:56    SW
22  11.1  16.6   14:30   4.3   06:41   7.2   0.0   1.0   4.7  23.0   12:38     S
23  14.2  16.6   17:23  11.1   06:03   4.1   0.0   0.0   4.4  16.0   00:22   SSE
24  15.0  20.1   16:07   9.6   07:44   3.5   0.2   0.4   5.1  21.0   13:08    SE
25  14.6  17.2   17:41  13.1   04:26   3.7   0.0   1.8   0.9   8.0   14:30    NE
26  14.7  17.9   16:18  12.8   06:02   3.6   0.0   0.0   1.6  14.0   22:09     E
27  14.7  17.7   15:44  13.2   05:32   3.6   0.0   8.2   6.8  22.0   13:04    SE
28  15.5  19.8   15:23  12.6   08:08   2.9   0.1   1.4   2.8  15.0   00:35     S
29  13.8  17.6   15:50   9.9   23:59   4.5   0.0   2.8   4.5  22.0   17:24    SW
30  12.0  15.7   14:22   8.2   05:01   6.3   0.0   1.0   4.4  23.0   11:22   SSW
----------------------------------------------------------------------------------
    13.4  21.5     4     4.2    19   149.2   1.7  49.6   5.3  45.0    13     WSW

Max >=  27.0:  0
Max <=   0.0:  0
Min <=   0.0:  0
Min <= -18.0:  0
Max Rain: 8.2 on day 27
Days of Rain: 25 (>= 0.2 mm)  9 (>= 2.0 mm)  0 (>= 20.0 mm)
Heat Base: 18.3  Cool Base: 18.3  Method: Integration

Data updates at regular intervals.