Back to Top

Language: 

NOAA Climate Reports...


Report for 2017 Aug
                   Monthly Climatological Summary for Aug 2017

Name: www.delerius-weather.com   City: Worsbrough   State: South Yorkshire
Elevation: 93 m  Lat: N 53° 31' 51"   Lon: W 001° 28' 29"

                  Temperature (°C), Rain (mm), Wind Speed (mph)

                                      Heat  Cool        Avg
    Mean                              Deg   Deg         Wind                 Dom
Day Temp  High   Time   Low    Time   Days  Days  Rain  Speed High   Time    Dir
----------------------------------------------------------------------------------
 1  15.3  18.7   11:35  11.4   04:38   3.0   0.0   1.0   5.5  24.0   10:43    SW
 2  16.0  19.6   17:41  12.6   00:38   2.4   0.1   1.4   6.7  25.0   14:54     S
 3  17.1  21.4   14:05  14.3   02:43   1.6   0.4   0.0  10.2  31.0   08:25    SW
 4  16.6  20.2   14:15  12.3   23:57   2.0   0.3   0.0  10.2  29.0   12:12     W
 5  15.4  20.4   15:24   9.9   06:11   3.2   0.3   0.0   7.7  26.0   12:17   WNW
 6  15.1  19.9   13:12  10.9   00:23   3.3   0.1   3.2   7.3  30.0   18:13    SW
 7  16.0  20.9   15:59  12.2   05:07   2.7   0.3   2.0   5.0  22.0   11:38     W
 8  12.9  15.0   00:00  11.9   22:56   5.4   0.0  13.2   3.8  20.0   21:43   NNW
 9  14.4  18.4   16:11   9.5   23:58   3.9   0.0   1.8   6.5  24.0   13:10     N
10  15.2  22.8   15:16   7.6   03:38   4.1   1.0   0.0   3.1  16.0   14:59     W
11  14.8  18.8   13:47   8.4   04:15   3.5   0.0   0.2   4.8  22.0   16:25    SW
12  16.4  21.0   17:00  12.5   23:54   2.3   0.4   0.0   8.7  27.0   16:24   WNW
13  15.8  21.0   13:49   9.8   02:15   3.1   0.6   0.0   3.3  18.0   08:51   WNW
14  15.9  19.7   15:17  12.1   04:16   2.6   0.2   0.4   5.0  26.0   15:35     S
15  17.1  22.2   13:46  11.2   23:47   2.1   0.9   0.0   7.2  26.0   08:48     W
16  15.4  21.1   15:32   8.1   05:27   3.5   0.6   0.0   6.3  29.0   22:07   SSW
17  17.9  24.1   14:47  13.9   03:55   1.7   1.4   7.4   6.8  24.0   16:35    SW
18  14.9  18.7   13:16  10.8   23:04   3.4   0.0   0.2   8.6  27.0   10:11   WSW
19  14.1  17.1   17:09  10.3   01:15   4.2   0.0   0.6  10.4  32.0   05:32     W
20  15.4  19.8   14:55  10.6   06:22   3.0   0.1   0.0   5.8  22.0   00:50     W
21  14.7  18.1   15:57   8.7   05:08   3.6   0.0   0.2   2.2  13.0   12:28     S
22  18.6  21.7   15:00  15.6   03:19   0.9   1.2   0.2   3.3  15.0   15:26    SE
23  17.4  21.8   15:47  13.4   23:44   1.5   0.6   7.6   4.5  18.0   13:38   WSW
24  15.7  19.7   16:25  11.3   06:46   2.7   0.2   0.0   4.6  24.0   11:29     W
25  16.6  21.8   16:13  10.7   06:45   2.5   0.8   0.0   2.2  15.0   14:02   WSW
26  17.6  22.9   15:35  12.1   23:56   1.9   1.2   0.0   4.7  19.0   13:41     W
27  17.0  24.1   17:20   8.9   06:31   3.0   1.8   0.0   2.3  12.0   11:35     W
28  19.2  24.0   14:46  14.4   06:25   1.0   1.9   0.0   5.4  25.0   12:18   WSW
29  15.9  19.2   14:38  12.4   23:41   2.5   0.1   0.0   4.4  21.0   13:56   WNW
30  13.9  18.4   16:28   9.4   23:45   4.4   0.0   0.0   2.8  19.0   17:53   WNW
31  12.9  19.6   17:34   7.1   05:38   5.5   0.1   0.6   2.1  18.0   17:27     W
----------------------------------------------------------------------------------
    15.8  24.1    17     7.1    31    90.5  14.6  40.0   5.5  32.0    19     WSW

Max >=  27.0:  0
Max <=   0.0:  0
Min <=   0.0:  0
Min <= -18.0:  0
Max Rain: 13.2 on day 8
Days of Rain: 15 (>= 0.2 mm)  5 (>= 2.0 mm)  0 (>= 20.0 mm)
Heat Base: 18.3  Cool Base: 18.3  Method: Integration

Data updates at regular intervals.