Back to Top

Language: 

NOAA Climate Reports...


Report for 2017 Jul
                   Monthly Climatological Summary for Jul 2017

Name: www.delerius-weather.com   City: Worsbrough   State: South Yorkshire
Elevation: 93 m  Lat: N 53° 31' 51"   Lon: W 001° 28' 29"

                  Temperature (°C), Rain (mm), Wind Speed (mph)

                                      Heat  Cool        Avg
    Mean                              Deg   Deg         Wind                 Dom
Day Temp  High   Time   Low    Time   Days  Days  Rain  Speed High   Time    Dir
----------------------------------------------------------------------------------
 1  16.2  21.9   16:15  12.9   03:34   2.5   0.5   0.0   7.3  25.0   20:54     W
 2  16.3  21.8   16:50  10.1   05:14   2.7   0.7   0.0   6.7  24.0   16:04   WNW
 3  16.3  21.0   14:32  12.5   03:34   2.4   0.4   0.0   7.3  28.0   16:12     W
 4  16.1  20.9   13:59  12.3   01:46   2.5   0.4   0.0   4.0  21.0   15:00   WSW
 5  16.0  21.2   15:44  12.3   02:21   2.7   0.4   0.0   2.5  13.0   20:54    NE
 6  19.7  27.7   14:37  13.6   04:38   1.5   2.9   2.4   4.3  15.0   14:29   SSE
 7  18.2  22.1   09:56  14.7   04:59   0.9   0.8   0.0   6.1  16.0   11:31     W
 8  17.3  23.1   16:44  10.1   05:25   2.2   1.2   0.0   5.4  20.0   15:08   WNW
 9  19.2  25.8   15:57  10.7   04:06   2.1   2.9   0.0   4.2  18.0   10:28     W
10  16.2  19.5   14:08  12.9   05:19   2.2   0.1   0.8   4.2  23.0   16:17   WNW
11  12.8  16.5   13:41  11.4   02:13   5.5   0.0   4.8   2.4  15.0   13:52   NNE
12  15.7  20.8   16:14  11.2   04:25   3.0   0.4   0.0   4.1  18.0   10:46   NNE
13  17.8  23.8   16:15  13.3   02:00   1.8   1.3   0.0   5.5  24.0   14:38   WSW
14  15.6  19.3   16:57  13.2   07:41   2.7   0.1   0.0   8.5  29.0   16:13   WNW
15  17.2  22.2   15:53  13.2   00:00   2.1   1.0   2.6   5.5  24.0   17:00    SW
16  19.1  23.3   15:18  13.3   23:57   0.6   1.3   0.0   8.6  24.0   00:12   WNW
17  19.4  26.7   16:07  10.8   05:09   2.1   3.2   0.0   5.4  21.0   08:04   WNW
18  18.2  24.9   13:42  11.1   05:37   2.1   2.0   0.0   4.2  23.0   13:39     E
19  18.9  24.1   14:29  15.2   00:43   0.9   1.6   0.0   4.8  16.0   15:44    SE
20  15.9  19.2   00:00  12.9   23:27   2.4   0.1   5.6   6.5  25.0   13:45     W
21  16.8  20.9   16:43  12.4   02:48   2.0   0.5   0.2   9.8  33.0   09:59   SSE
22  15.7  20.6   17:30  12.5   23:59   2.9   0.4   9.6   4.4  23.0   18:06   SSE
23  15.2  20.6   15:32  10.5   05:33   3.4   0.3   2.6   4.4  22.0   18:47    NW
24  15.5  19.9   15:53  13.0   23:59   2.8   0.1   0.2   6.9  24.0   13:17   NNW
25  16.5  22.1   16:41  11.3   01:37   2.7   0.8   0.0   2.3  13.0   02:45   NNE
26  16.1  22.0   15:08  12.1   04:57   2.7   0.5   2.8   6.1  31.0   16:38    SW
27  14.1  18.8   15:21  11.3   05:46   4.2   0.0   2.4   7.2  27.0   14:42   WSW
28  15.5  20.8   13:16  12.3   05:28   2.9   0.2   5.4   8.5  31.0   12:19    SW
29  16.7  20.1   16:08  12.9   06:03   1.9   0.3   0.0   7.8  23.0   12:03   WSW
30  15.5  19.7   16:29  11.8   06:17   2.9   0.1   4.4   5.7  25.0   16:38    SW
31  16.0  20.7   16:36  12.8   05:43   2.5   0.2   2.4   8.0  25.0   11:26    SW
----------------------------------------------------------------------------------
    16.6  27.7     6    10.1     2    75.8  24.7  46.2   5.8  33.0    21       W

Max >=  27.0:  1
Max <=   0.0:  0
Min <=   0.0:  0
Min <= -18.0:  0
Max Rain: 9.6 on day 22
Days of Rain: 14 (>= 0.2 mm)  11 (>= 2.0 mm)  0 (>= 20.0 mm)
Heat Base: 18.3  Cool Base: 18.3  Method: Integration

Data updates at regular intervals.