Back to Top

Language: 

NOAA Climate Reports...


Report for 2017 Jun
                   Monthly Climatological Summary for Jun 2017

Name: www.delerius-weather.com   City: Worsbrough   State: South Yorkshire
Elevation: 93 m  Lat: N 53° 31' 51"   Lon: W 001° 28' 29"

                  Temperature (°C), Rain (mm), Wind Speed (mph)

                                      Heat  Cool        Avg
    Mean                              Deg   Deg         Wind                 Dom
Day Temp  High   Time   Low    Time   Days  Days  Rain  Speed High   Time    Dir
----------------------------------------------------------------------------------
 1  18.7  23.2   15:20  12.6   04:46   1.3   1.7   0.0   5.0  24.0   12:26    SW
 2  16.2  19.6   15:16  13.4   23:52   2.1   0.1   3.2   2.8  14.0   08:59   WNW
 3  15.9  20.8   16:00  11.2   05:41   2.8   0.4   0.4   5.2  26.0   17:38     W
 4  13.8  19.0   13:43   9.6   23:29   4.5   0.0   0.4   5.6  28.0   11:55   WSW
 5  12.1  15.1   14:19   8.9   02:43   6.2   0.0   8.2   8.0  33.0   16:02     S
 6  11.8  12.6   06:02  10.7   07:49   6.4   0.0   5.2  14.6  44.0   16:00     W
 7  13.8  17.7   15:48  10.9   02:27   4.5   0.0   0.0  15.1  43.0   09:18     W
 8  15.3  19.8   18:13  12.2   00:00   3.2   0.1   1.2   9.1  33.0   16:18    SW
 9  15.5  21.1   16:09  10.3   04:19   3.2   0.4   0.0   6.0  23.0   12:12     W
10  15.4  19.4   14:29  12.1   06:22   3.1   0.2   4.0   7.3  31.0   13:49   SSW
11  15.7  19.3   14:52  12.9   05:01   2.6   0.0   0.2  12.2  38.0   14:56    SW
12  14.4  16.6   13:46  12.8   07:21   3.9   0.0   0.0  10.9  28.0   13:04     W
13  16.6  21.8   14:31  12.8   03:41   2.2   0.5   0.0   4.8  16.0   14:09     W
14  19.2  25.1   16:24  10.7   05:06   2.0   2.8   0.0   4.6  19.0   16:04     S
15  17.6  21.2   12:38  13.9   05:03   1.2   0.6   0.0   7.5  29.0   12:11     W
16  16.9  20.7   16:52  13.2   04:40   1.9   0.4   0.0   8.6  26.0   13:40     W
17  22.8  29.1   16:43  16.7   04:34   0.2   4.7   0.0   6.0  19.0   13:47   WNW
18  23.2  31.1   15:46  13.0   05:11   1.0   5.9   0.0   2.3  15.0   17:31   WNW
19  24.1  31.7   15:09  14.7   04:52   0.6   6.4   0.0   2.8  15.0   14:04   WNW
20  17.6  21.5   00:29  15.0   22:51   1.0   0.3   0.0   4.4  14.0   00:28    NE
21  20.4  28.0   15:43  13.6   04:46   1.4   3.5   0.4   4.5  19.0   13:54    SE
22  18.4  21.9   01:31  14.8   22:28   0.7   0.7   0.0   8.9  31.0   16:26     W
23  16.6  19.1   16:39  14.4   07:06   1.8   0.1   0.4   9.6  33.0   08:35   WSW
24  16.5  20.0   16:41  13.2   04:04   2.0   0.2   0.0   9.7  25.0   10:17     W
25  15.5  19.5   15:05  11.3   23:58   2.9   0.1   0.0   9.0  25.0   17:46     W
26  15.3  20.5   17:11   7.9   04:36   3.5   0.4   0.0   4.2  15.0   10:07   WNW
27  14.0  16.7   15:47  12.1   23:59   4.3   0.0   0.8   5.1  18.0   13:20   ESE
28  11.1  12.1   00:00   9.9   21:31   7.2   0.0  19.2   5.8  21.0   18:08   NNE
29  13.0  15.7   16:31  10.2   00:37   5.3   0.0   8.0   5.2  20.0   00:59    NW
30  15.2  17.8   09:55  12.3   05:14   3.1   0.0   0.0   3.7  16.0   17:06   NNW
----------------------------------------------------------------------------------
    16.4  31.7    19     7.9    26    86.1  29.5  51.6   6.9  44.0     6       W

Max >=  27.0:  4
Max <=   0.0:  0
Min <=   0.0:  0
Min <= -18.0:  0
Max Rain: 19.2 on day 28
Days of Rain: 13 (>= 0.2 mm)  6 (>= 2.0 mm)  0 (>= 20.0 mm)
Heat Base: 18.3  Cool Base: 18.3  Method: Integration

Data updates at regular intervals.