Back to Top

Language: 

NOAA Climate Reports...


Report for 2017 May
                   Monthly Climatological Summary for May 2017

Name: www.delerius-weather.com   City: Worsbrough   State: South Yorkshire
Elevation: 93 m  Lat: N 53° 31' 51"   Lon: W 001° 28' 29"

                  Temperature (°C), Rain (mm), Wind Speed (mph)

                                      Heat  Cool        Avg
    Mean                              Deg   Deg         Wind                 Dom
Day Temp  High   Time   Low    Time   Days  Days  Rain  Speed High   Time    Dir
----------------------------------------------------------------------------------
 1  11.4  16.2   16:09   8.1   22:46   6.9   0.0   0.0   5.0  20.0   15:33   ENE
 2  10.6  15.3   16:22   7.9   01:17   7.7   0.0   0.0   3.8  19.0   16:22    NE
 3  10.1  15.3   14:24   5.3   04:08   8.2   0.0   0.0   7.4  26.0   11:12    NE
 4  10.7  15.2   11:27   6.4   23:47   7.6   0.0   0.0   7.4  29.0   11:58   ENE
 5  10.2  16.4   14:15   5.5   03:38   8.1   0.0   0.0   6.3  29.0   16:58   ENE
 6   9.2  11.7   15:13   6.4   00:11   9.1   0.0   0.0   5.3  18.0   12:03   ENE
 7   9.3  14.3   12:58   6.0   04:24   9.0   0.0   0.0   5.5  21.0   16:35     N
 8   8.7  11.1   13:48   7.1   23:45   9.6   0.0   0.0   7.3  26.0   05:13   NNE
 9   8.6  12.9   17:48   5.6   23:56   9.7   0.0   0.0   2.2  13.0   01:04   ENE
10  11.7  19.2   14:50   0.9   05:20   6.6   0.1   0.0   1.6  12.0   15:52   ESE
11  12.2  19.6   14:23   3.4   05:47   6.2   0.1   0.0   4.1  21.0   16:49     E
12  11.5  16.1   17:56   8.3   04:24   6.7   0.0   0.2   2.6  18.0   23:43    NE
13  13.5  16.4   17:42  11.5   05:19   4.8   0.0   0.0   8.2  24.0   06:44   SSW
14  13.9  19.4   14:37   8.6   23:56   4.5   0.1   2.0   5.6  24.0   17:19   WSW
15  12.7  16.1   15:10   7.8   01:46   5.6   0.0   1.6   7.2  30.0   14:05     S
16  16.6  18.7   16:57  15.1   23:50   1.7   0.0   1.2   9.4  30.0   03:29    SW
17  12.0  15.1   00:00   9.1   23:55   6.3   0.0   6.0   1.2  11.0   18:06   WNW
18  11.8  18.1   13:56   4.2   05:29   6.5   0.0   1.2   2.4  14.0   08:27   WNW
19  10.6  13.3   14:20   8.7   23:54   7.7   0.0   2.6   1.4  11.0   08:50   NNW
20  10.7  15.6   12:16   6.2   04:41   7.6   0.0   1.0   4.6  25.0   12:05    SW
21  13.1  18.3   16:23   6.6   01:14   5.2   0.0   0.0   5.7  22.0   10:36   SSW
22  16.1  22.7   17:54   9.4   05:38   3.4   1.2   0.0   5.6  26.0   14:55     S
23  16.9  22.7   15:45  11.2   04:54   2.5   1.2   0.0   7.4  22.0   11:25   WNW
24  18.9  24.4   16:36  13.7   00:29   1.3   2.0   0.0   6.1  21.0   12:11   WNW
25  20.2  27.4   15:55  10.4   04:52   2.0   3.8   0.0   2.7  14.0   14:48    SE
26  20.6  26.8   15:41  13.1   05:39   0.9   3.2   0.0   6.0  26.0   12:45    SE
27  17.4  25.7   13:05  11.1   05:22   1.9   1.1   0.8   6.5  35.0   13:46   SSW
28  17.1  20.9   15:10  14.3   05:23   1.7   0.5   0.0   7.2  27.0   04:51     W
29  12.9  15.4   00:00  11.7   08:50   5.4   0.0   3.8   2.9  14.0   06:14   ENE
30  15.1  19.6   16:42  10.9   23:58   3.2   0.0   1.2   4.5  22.0   16:28     W
31  16.0  23.2   16:10   7.1   05:06   3.3   1.0   0.0   2.4  14.0   13:58    SW
----------------------------------------------------------------------------------
    13.2  27.4    25     0.9    10   170.9  14.3  21.6   5.0  35.0    27     SSW

Max >=  27.0:  1
Max <=   0.0:  0
Min <=   0.0:  0
Min <= -18.0:  0
Max Rain: 6.0 on day 17
Days of Rain: 11 (>= 0.2 mm)  4 (>= 2.0 mm)  0 (>= 20.0 mm)
Heat Base: 18.3  Cool Base: 18.3  Method: Integration

Data updates at regular intervals.