Back to Top

Language: 

NOAA Climate Reports...


Report for 2017 Apr
                   MONTHLY CLIMATOLOGICAL SUMMARY for APR. 2017

NAME: Delerius   CITY:    STATE:  
ELEV:   100 m  LAT:  53 37' 05" N  LONG:   1 27' 13" W

                   TEMPERATURE (C), RAIN  (mm), WIND SPEED (mph)

                                      HEAT  COOL        AVG
    MEAN                              DEG   DEG         WIND                 DOM
DAY TEMP  HIGH   TIME   LOW    TIME   DAYS  DAYS  RAIN  SPEED HIGH   TIME    DIR
------------------------------------------------------------------------------------
 1  10.6  15.3   15:15   7.4    7:00   7.7   0.0   0.2   5.3  22.0   15:30   WNW
 2  10.1  15.3   18:00   5.8    6:15   8.1   0.0   0.0   2.4  14.0    0:45   WNW
 3  10.3  16.6   16:15   2.7    4:45   7.5   0.0   0.0   5.8  28.0   14:15   SSW
 4  11.0  15.0   17:45   6.9   00:00   7.2   0.0   0.0   4.9  21.0   18:00   WNW
 5   9.4  13.7   15:45   5.8    3:45   8.9   0.0   0.0   8.1  27.0   18:15   WNW
 6   8.1  12.7   13:30   2.3    7:00  10.1   0.0   0.0   5.8  24.0   16:45   WNW
 7   9.2  14.4   15:45   3.3   00:00   9.0   0.0   0.0   3.8  20.0   14:30   WNW
 8  10.6  20.2   16:00  -0.1    6:30   8.0   0.3   0.0   2.3  18.0   16:15   SSW
 9  13.5  22.7   14:30   5.6    6:30   5.6   0.8   0.0   7.2  32.0   18:00   WNW
10   9.9  13.9   16:00   6.6    3:45   8.3   0.0   0.0  10.0  29.0    9:30   WNW
11   9.3  14.4   15:00   4.4    6:30   9.0   0.0   0.0   9.4  28.0   15:30     W
12  10.2  13.7   16:00   7.1   23:45   8.1   0.0   0.0  14.6  34.0    6:00   WNW
13   8.9  12.6   11:45   5.8    5:30   9.3   0.0   0.0   8.0  24.0    4:30   WNW
14  10.0  14.1   15:30   7.3    4:30   8.2   0.0   0.2   7.7  31.0   15:45     W
15   8.3  12.8   14:30   5.3   00:00   9.9   0.0   0.4  10.6  35.0   15:30   WNW
16   8.6  12.4   17:30   4.7    1:00   9.6   0.0   2.2   7.1  22.0   13:15   WNW
17   7.7  12.2   18:00   5.2    6:00  10.6   0.0   0.4   2.6  22.0   23:45    NE
18   7.2  12.0   15:00   0.6    6:45  11.0   0.0   0.0   3.9  18.0    0:15   ENE
19   9.1  12.9   15:15   4.3    3:30   9.2   0.0   0.0   2.9  14.0   12:00     W
20  11.6  15.3   15:45   8.0    0:45   6.7   0.0   0.4   6.2  25.0   15:15   WNW
21  10.8  14.7   17:30   5.2    4:15   7.5   0.0   0.0   7.7  29.0   19:15   WNW
22   9.8  15.6   16:15   6.4   00:00   8.4   0.0   0.0   3.0  20.0   20:00   ENE
23  10.0  15.9   16:15   4.3    3:45   8.2   0.0   0.0   4.9  21.0   19:15   WNW
24   9.4  14.1   14:45   2.1   23:30   8.8   0.0   0.0  10.1  34.0   18:00   WNW
25   4.6   9.6   14:30  -0.3    6:15  13.7   0.0   0.4   6.6  26.0   14:45    NW
26   5.7   9.9   16:45   1.1   00:00  12.4   0.0   0.2   5.0  20.0    1:00   NNW
27   6.9  11.3   15:45   0.4    1:00  11.3   0.0   4.2   4.8  23.0   12:30   WNW
28   9.3  13.8   14:45   3.7    6:30   8.9   0.0   0.0   1.9  14.0   10:45   WNW
29  10.0  12.4   17:15   7.2    6:15   8.3   0.0   0.0   3.3  19.0   15:00    NW
30  11.3  16.2   14:30   7.3    2:15   6.9   0.0   0.0   7.0  28.0   13:15   ESE
-------------------------------------------------------------------------------------
     9.4  22.7     9    -0.3    25   266.2   1.1   8.6   6.1  35.0    15     WNW

Max >=  32.0:  0
Max <=   0.0:  0
Min <=   0.0:  2
Min <= -18.0:  0
Max Rain: 4.19 ON 27/04/17
Days of Rain: 9 (> .2 mm) 2 (> 2 mm) 0 (> 20 mm)
Heat Base:  18.3  Cool Base:  18.3  Method: Integration

Data updates at regular intervals.