Back to Top

Language: 

NOAA Climate Reports...


Report for 2017 Mar
                   MONTHLY CLIMATOLOGICAL SUMMARY for MAR. 2017

NAME: Delerius   CITY:    STATE:  
ELEV:   100 m  LAT:  53 37' 05" N  LONG:   1 27' 13" W

                   TEMPERATURE (C), RAIN  (mm), WIND SPEED (mph)

                                      HEAT  COOL        AVG
    MEAN                              DEG   DEG         WIND                 DOM
DAY TEMP  HIGH   TIME   LOW    TIME   DAYS  DAYS  RAIN  SPEED HIGH   TIME    DIR
------------------------------------------------------------------------------------
 1   4.7   8.9   13:30   1.4    3:15  13.7   0.0   0.0   4.6  27.0   14:00     W
 2   5.5   9.2   14:45   2.2    2:00  12.8   0.0   2.4   9.7  33.0   13:45     W
 3   5.6   7.4   00:00   4.6    8:15  12.7   0.0   7.6   3.6  24.0    0:15   ESE
 4   8.1  11.8   14:00   5.9   23:15  10.3   0.0   0.0   4.8  28.0   17:45     S
 5   5.3   6.6    2:30   4.2    7:15  13.0   0.0   5.4   4.8  21.0    6:15    NW
 6   6.8  11.1   13:30   3.9    7:15  11.5   0.0   0.2   7.2  26.0   13:45   WNW
 7   7.1  11.1   14:00   3.4    6:45  11.2   0.0   0.2   6.3  28.0   22:00   WNW
 8   9.3  12.8   14:00   6.6   23:00   9.0   0.0   1.2   9.5  31.0    7:00     W
 9   9.2  13.5   14:15   4.6   00:00   9.1   0.0   0.0   9.1  42.0   10:15   WNW
10   8.7  13.3   13:45   4.3    0:45   9.6   0.0   0.0   3.3  15.0    9:45   SSW
11  11.2  13.4   15:30   9.2    7:00   7.1   0.0   0.2   4.2  16.0    3:00   SSW
12  11.3  15.8   13:45   6.7   00:00   7.0   0.0   0.0   5.3  20.0   15:00   WNW
13   9.0  14.1   15:45   3.4    7:00   9.3   0.0   0.0   6.5  29.0   11:30     W
14  11.4  15.3   14:45   8.9    1:45   6.8   0.0   0.0  10.1  34.0   14:15     W
15  11.4  16.6   14:15   7.6    4:30   6.8   0.0   0.0   4.4  20.0    1:00   WSW
16   9.2  13.0   11:15   4.3   23:15   9.0   0.0   0.0   6.5  29.0   18:45     W
17   7.4  11.3   23:30   3.7    1:30  10.8   0.0   0.2  12.6  36.0   23:45   WSW
18  11.8  13.1   14:15  11.0    1:15   6.5   0.0   0.4  11.0  34.0    0:30   WNW
19  12.3  14.9   12:45   9.8   21:45   5.9   0.0   0.2  12.5  41.0   13:00   WSW
20   9.1  11.0    3:00   4.3   00:00   9.1   0.0   1.4  10.0  32.0   15:45     W
21   5.7   9.8   13:15   2.3    6:30  12.6   0.0   1.0  12.6  35.0   11:30   WSW
22   5.2   6.8   13:30   1.9   23:45  13.0   0.0   4.8   5.9  23.0   13:30   ESE
23   6.4  11.6   13:00   1.6    1:00  11.7   0.0   0.6   5.5  24.0   17:15   ENE
24   6.7  13.3   15:15   0.6   00:00  11.5   0.0   0.0   3.3  16.0   10:15   ENE
25   6.7  15.8   15:15  -2.2    6:15  11.5   0.0   0.0   1.0  15.0   13:30   ENE
26   7.1  14.4   15:45  -0.8    6:45  10.6   0.0   0.0   2.9  16.0   14:15   ENE
27   7.8  12.1   17:00   6.0    5:45  10.3   0.0   0.0   3.0  14.0   13:45   ENE
28   9.3  14.3   14:45   5.8    8:15   9.0   0.0   0.0   5.1  20.0   17:15    SE
29  12.2  14.4   13:00   9.6    4:15   6.1   0.0   0.6   6.9  27.0   17:30   SSW
30  15.1  18.4   17:30  12.8    1:15   3.3   0.0   0.2  10.2  30.0   14:45    SW
31  14.4  17.7   15:00  11.3   00:00   3.9   0.0   0.0   8.8  32.0    9:30    SW
-------------------------------------------------------------------------------------
     8.7  18.4    30    -2.2    25   294.6   0.0  26.6   6.8  42.0     9       W

Max >=  32.0:  0
Max <=   0.0:  0
Min <=   0.0:  2
Min <= -18.0:  0
Max Rain: 7.59 ON 03/03/17
Days of Rain: 16 (> .2 mm) 4 (> 2 mm) 0 (> 20 mm)
Heat Base:  18.3  Cool Base:  18.3  Method: Integration

Data updates at regular intervals.