Back to Top

Language: 

NOAA Climate Reports...


Report for 2017 Feb
                   MONTHLY CLIMATOLOGICAL SUMMARY for FEB. 2017

NAME: Delerius   CITY:    STATE:  
ELEV:   100 m  LAT:  53 37' 05" N  LONG:   1 27' 13" W

                   TEMPERATURE (C), RAIN  (mm), WIND SPEED (mph)

                                      HEAT  COOL        AVG
    MEAN                              DEG   DEG         WIND                 DOM
DAY TEMP  HIGH   TIME   LOW    TIME   DAYS  DAYS  RAIN  SPEED HIGH   TIME    DIR
------------------------------------------------------------------------------------
 1   8.2  10.2   14:15   6.6    8:30  10.1   0.0   2.2   3.9  21.0   21:45     S
 2  10.3  11.1   20:00   8.8    0:15   8.0   0.0   0.4  12.0  38.0   21:00   SSE
 3   8.2  10.4    0:15   5.1   00:00  10.2   0.0   1.6  10.3  35.0    2:30    SE
 4   4.4   8.8   15:00   1.6   00:00  13.9   0.0   0.4   5.2  24.0    0:30    SW
 5   3.6   6.7   14:30   0.3   22:45  14.7   0.0   0.0   0.9   9.0    2:30    SE
 6   2.1   6.3   13:15  -2.6    8:00  16.2   0.0   3.8   5.1  28.0   20:15    SE
 7   5.4  10.0   12:30   3.3    0:15  12.9   0.0   0.4   2.6  18.0    0:15    SE
 8   3.1   4.2   14:30   1.7   23:45  15.3   0.0   0.8   1.1  10.0    7:00   ENE
 9   1.3   2.5   13:00   0.7   19:45  16.9   0.0   0.0   1.8  11.0   12:30     E
10   1.2   2.4   14:15   0.6    4:30  17.1   0.0   0.2   3.1  14.0   11:30    NE
11   2.3   3.1   21:30   1.2    5:00  16.0   0.0   3.8   4.8  21.0   23:15    NE
12   2.2   3.2   23:30   1.3    7:30  16.1   0.0   2.8   7.1  23.0    5:15    NE
13   4.1   7.2   14:00   2.9    5:00  14.2   0.0   0.0   5.6  18.0   12:00   ENE
14   4.1   7.6   15:00  -0.2    8:15  14.2   0.0   0.0   1.9  14.0   12:15   ESE
15   8.2  10.2   10:45   6.5    0:30  10.1   0.0   1.4   2.7  15.0   23:00     S
16   8.2  11.2   13:45   6.1    7:45  10.1   0.0   0.0   8.2  30.0   13:45     W
17   8.9  11.8   15:15   6.9    4:15   9.3   0.0   0.0   2.6  16.0    2:00   WNW
18   9.3  12.8   13:45   6.3    5:45   8.9   0.0   0.0   3.8  22.0   20:45     S
19   9.7  11.1   23:45   7.8    7:15   8.7   0.0   0.0   7.1  26.0    1:00     W
20  11.6  14.2   11:45   8.6   00:00   6.7   0.0   0.0  11.7  44.0   11:15     W
21   9.8  12.7   15:00   6.1    7:45   8.5   0.0   0.0   9.7  43.0   23:45   WSW
22   9.5  11.6    1:45   6.9   00:00   8.8   0.0   2.0  16.3  53.0    1:30     W
23   6.3   9.5    5:45   3.8   23:00  12.0   0.0   4.8  14.0  52.0   13:15   WNW
24   5.8   9.6   13:30   2.8    5:00  12.5   0.0   0.0   8.4  25.0    1:00   WNW
25   9.1  10.8   13:45   6.1    2:30   9.2   0.0   1.0  13.5  40.0   10:30    SW
26   9.1  11.2   14:15   6.1   00:00   9.2   0.0   1.2  11.3  45.0   18:15    SW
27   4.9   6.9   14:00   0.7   23:45  13.4   0.0   2.4   5.7  23.0   17:00   SSW
28   3.8   7.1   13:30   0.5    1:30  14.5   0.0   0.0   6.4  24.0    9:30     W
-------------------------------------------------------------------------------------
     6.2  14.2    20    -2.6     6   337.6   0.0  29.2   6.7  53.0    22       W

Max >=  32.0:  0
Max <=   0.0:  0
Min <=   0.0:  2
Min <= -18.0:  0
Max Rain: 4.80 ON 23/02/17
Days of Rain: 16 (> .2 mm) 7 (> 2 mm) 0 (> 20 mm)
Heat Base:  18.3  Cool Base:  18.3  Method: Integration

Data updates at regular intervals.