Back to Top

Language: 

NOAA Climate Reports...


Report for 2017 Jan
                   MONTHLY CLIMATOLOGICAL SUMMARY for JAN. 2017

NAME: Delerius   CITY:    STATE:  
ELEV:   100 m  LAT:  53 37' 05" N  LONG:   1 27' 13" W

                   TEMPERATURE (C), RAIN  (mm), WIND SPEED (mph)

                                      HEAT  COOL        AVG
    MEAN                              DEG   DEG         WIND                 DOM
DAY TEMP  HIGH   TIME   LOW    TIME   DAYS  DAYS  RAIN  SPEED HIGH   TIME    DIR
------------------------------------------------------------------------------------
 1   4.5   8.9    0:15   1.7   21:45  13.8   0.0   5.4   5.2  20.0   12:00   NNW
 2   2.2   5.3   14:45   0.2    9:00  16.1   0.0   0.0   5.1  19.0   12:45   WNW
 3   6.0   7.4   00:00   1.9    1:00  12.3   0.0   0.0  13.1  40.0   12:30   WNW
 4   5.5   7.6    3:30   2.0   00:00  12.8   0.0   0.0   6.5  29.0    1:30    NW
 5   1.1   6.3   14:30  -2.1    8:15  17.2   0.0   0.0   0.8  10.0   23:30    NW
 6   4.4   6.8   00:00   1.1    0:15  13.9   0.0   0.8   4.3  22.0   10:30   SSW
 7   8.4  11.1   13:15   5.3   22:00   9.8   0.0   0.0   3.1  16.0    5:00   WNW
 8   6.9   9.2   15:00   4.8    8:30  11.4   0.0   0.0   1.2  12.0    2:30   WSW
 9   7.1   9.9    6:15   4.4   20:00  11.2   0.0   1.8   9.1  34.0    7:00     W
10   7.8   9.3   18:30   5.4    0:15  10.5   0.0   0.0  10.9  32.0   23:00   WNW
11   7.5  11.2    4:15   4.2   22:00  10.8   0.0   0.0  20.3  58.0    6:00   WNW
12   3.0   5.2    0:15   0.8   21:00  15.3   0.0   0.8   9.6  39.0    0:30   WNW
13   2.2   5.6   11:45   0.1   21:30  16.1   0.0   1.2  10.8  40.0    6:15   WNW
14   3.2   6.9   13:00   0.1    0:15  15.1   0.0   0.0   5.6  23.0    3:30   WNW
15   7.1   9.6   14:45   1.5    0:15  11.3   0.0   4.2   5.4  26.0    8:15   WNW
16   6.5   8.5    0:15   5.1   22:30  11.8   0.0   3.0   0.6   8.0   23:45     E
17   6.2   7.7   14:15   4.9    3:45  12.1   0.0   0.2   0.5   9.0    0:30     S
18   7.4   8.6   13:45   6.7    0:15  10.9   0.0   0.0   1.6  11.0    0:15   WNW
19   7.2   7.8   13:15   6.4   00:00  11.1   0.0   0.0   0.5   9.0    0:45    NW
20   4.6   7.8   13:30  -0.3   21:00  13.7   0.0   0.0   1.3  11.0    8:15    NW
21   3.2   4.4   13:00   1.1    0:15  15.1   0.0   0.0   2.5  13.0   11:00   ESE
22   1.8   3.4   12:45  -0.8    7:15  16.5   0.0   0.0   1.5  12.0   14:45   SSW
23   1.0   5.8   14:45  -3.4    8:15  17.3   0.0   0.0   0.0   4.0    0:45     N
24   3.1   9.3   13:00  -2.9    4:15  15.2   0.0   0.2   0.9  11.0   12:45     N
25   4.7   8.1   14:45   2.3   23:30  13.6   0.0   0.0   4.9  24.0   11:45   SSW
26  -0.2   2.3    0:15  -1.8   23:15  18.5   0.0   0.0   8.2  21.0    9:30    SE
27   0.0   2.6   17:45  -2.6    5:45  18.3   0.0   0.8   4.0  18.0   14:15    SE
28   3.9   7.6   14:00   1.9   20:30  14.4   0.0   2.8   3.4  27.0   17:15    SE
29   3.4   6.0   12:15   0.4    8:00  14.9   0.0   0.6   2.1  12.0    5:15    SE
30   4.9   5.9   14:45   3.9    5:30  13.4   0.0   0.0   3.8  19.0   19:00    SE
31   5.3   7.2   00:00   3.9    3:00  13.0   0.0   2.4   7.0  22.0   12:45    SE
-------------------------------------------------------------------------------------
     4.5  11.2    11    -3.4    23   427.5   0.0  24.2   5.0  58.0    11     WNW

Max >=  32.0:  0
Max <=   0.0:  0
Min <=   0.0:  7
Min <= -18.0:  0
Max Rain: 5.41 ON 01/01/17
Days of Rain: 13 (> .2 mm) 5 (> 2 mm) 0 (> 20 mm)
Heat Base:  18.3  Cool Base:  18.3  Method: Integration

Data updates at regular intervals.